



--
-- Database: `conc942sd`
--

-- --------------------------------------------------------

--
-- Table structure for table `Announcements`
--

CREATE TABLE `Announcements` (
  `id` int(10) unsigned NOT NULL AUTO_INCREMENT,
  `handle` varchar(255) COLLATE utf8mb4_unicode_ci NOT NULL,
  `dateCreated` int(11) DEFAULT NULL,
  PRIMARY KEY (`id`)
) ENGINE=InnoDB  DEFAULT CHARSET=utf8mb4 COLLATE=utf8mb4_unicode_ci AUTO_INCREMENT=3 ;

--
-- Dumping data for table `Announcements`
--

INSERT INTO `Announcements` VALUES
(1, 'collect_site_information', [[timestamp]]),
(2, 'welcome', [[timestamp]]);

-- --------------------------------------------------------

--
-- Table structure for table `AnnouncementUserViews`
--

CREATE TABLE `AnnouncementUserViews` (
  `announcement_id` int(10) unsigned NOT NULL,
  `dateViewed` int(11) DEFAULT NULL,
  `uID` int(10) unsigned NOT NULL,
  PRIMARY KEY (`uID`,`announcement_id`),
  KEY `IDX_B721E7B9FD71026C` (`uID`),
  KEY `IDX_B721E7B9913AEA17` (`announcement_id`)
) ENGINE=InnoDB DEFAULT CHARSET=utf8mb4 COLLATE=utf8mb4_unicode_ci;

-- --------------------------------------------------------

--
-- Table structure for table `AreaLayoutColumns`
--

CREATE TABLE `AreaLayoutColumns` (
  `arLayoutColumnID` int(10) unsigned NOT NULL AUTO_INCREMENT,
  `arLayoutID` int(10) unsigned NOT NULL DEFAULT '0',
  `arLayoutColumnIndex` int(10) unsigned NOT NULL DEFAULT '0',
  `arID` int(10) unsigned NOT NULL DEFAULT '0',
  `arLayoutColumnDisplayID` int(11) DEFAULT '0',
  PRIMARY KEY (`arLayoutColumnID`),
  KEY `arLayoutID` (`arLayoutID`,`arLayoutColumnIndex`),
  KEY `arID` (`arID`),
  KEY `arLayoutColumnDisplayID` (`arLayoutColumnDisplayID`)
) ENGINE=InnoDB  DEFAULT CHARSET=utf8mb4 COLLATE=utf8mb4_unicode_ci AUTO_INCREMENT=20 ;

--
-- Dumping data for table `AreaLayoutColumns`
--

INSERT INTO `AreaLayoutColumns` VALUES
(1, 1, 0, 2, 1),
(2, 1, 1, 3, 2),
(3, 1, 2, 4, 3),
(4, 2, 0, 5, 4),
(5, 2, 1, 6, 5),
(6, 3, 0, 7, 6),
(7, 3, 1, 8, 7),
(8, 3, 2, 9, 8),
(9, 4, 0, 11, 9),
(10, 5, 0, 12, 10),
(11, 6, 0, 14, 11),
(12, 7, 0, 15, 12),
(13, 8, 0, 37, 13),
(14, 8, 1, 38, 14),
(15, 8, 2, 39, 15),
(16, 9, 0, 71, 16),
(17, 9, 1, 72, 17),
(18, 10, 0, 87, 18),
(19, 10, 1, 88, 19);

-- --------------------------------------------------------

--
-- Table structure for table `AreaLayoutCustomColumns`
--

CREATE TABLE `AreaLayoutCustomColumns` (
  `arLayoutColumnID` int(10) unsigned NOT NULL AUTO_INCREMENT,
  `arLayoutColumnWidth` varchar(64) COLLATE utf8mb4_unicode_ci NOT NULL,
  PRIMARY KEY (`arLayoutColumnID`)
) ENGINE=InnoDB DEFAULT CHARSET=utf8mb4 COLLATE=utf8mb4_unicode_ci AUTO_INCREMENT=1 ;

-- --------------------------------------------------------

--
-- Table structure for table `AreaLayoutPresets`
--

CREATE TABLE `AreaLayoutPresets` (
  `arLayoutPresetID` int(10) unsigned NOT NULL AUTO_INCREMENT,
  `arLayoutID` int(10) unsigned NOT NULL DEFAULT '0',
  `arLayoutPresetName` varchar(255) COLLATE utf8mb4_unicode_ci DEFAULT NULL,
  PRIMARY KEY (`arLayoutPresetID`),
  KEY `arLayoutID` (`arLayoutID`),
  KEY `arLayoutPresetName` (`arLayoutPresetName`)
) ENGINE=InnoDB DEFAULT CHARSET=utf8mb4 COLLATE=utf8mb4_unicode_ci AUTO_INCREMENT=1 ;

-- --------------------------------------------------------

--
-- Table structure for table `AreaLayouts`
--

CREATE TABLE `AreaLayouts` (
  `arLayoutID` int(10) unsigned NOT NULL AUTO_INCREMENT,
  `arLayoutSpacing` int(10) unsigned NOT NULL DEFAULT '0',
  `arLayoutIsCustom` tinyint(1) NOT NULL DEFAULT '0',
  `arLayoutIsPreset` tinyint(1) NOT NULL DEFAULT '0',
  `arLayoutMaxColumns` int(10) unsigned NOT NULL DEFAULT '0',
  `arLayoutUsesThemeGridFramework` tinyint(1) NOT NULL DEFAULT '0',
  PRIMARY KEY (`arLayoutID`)
) ENGINE=InnoDB  DEFAULT CHARSET=utf8mb4 COLLATE=utf8mb4_unicode_ci AUTO_INCREMENT=11 ;

--
-- Dumping data for table `AreaLayouts`
--

INSERT INTO `AreaLayouts` VALUES
(1, 0, 0, 0, 12, 1),
(2, 0, 0, 0, 12, 1),
(3, 0, 0, 0, 12, 1),
(4, 0, 0, 0, 12, 1),
(5, 0, 0, 0, 12, 1),
(6, 0, 0, 0, 12, 1),
(7, 0, 0, 0, 12, 1),
(8, 0, 0, 0, 12, 1),
(9, 0, 0, 0, 12, 1),
(10, 0, 0, 0, 12, 1);

-- --------------------------------------------------------

--
-- Table structure for table `AreaLayoutsUsingPresets`
--

CREATE TABLE `AreaLayoutsUsingPresets` (
  `arLayoutID` int(10) unsigned NOT NULL,
  `preset` varchar(255) COLLATE utf8mb4_unicode_ci NOT NULL DEFAULT '',
  PRIMARY KEY (`arLayoutID`)
) ENGINE=InnoDB DEFAULT CHARSET=utf8mb4 COLLATE=utf8mb4_unicode_ci;

-- --------------------------------------------------------

--
-- Table structure for table `AreaLayoutThemeGridColumns`
--

CREATE TABLE `AreaLayoutThemeGridColumns` (
  `arLayoutColumnID` int(10) unsigned NOT NULL AUTO_INCREMENT,
  `arLayoutColumnSpan` int(10) unsigned DEFAULT '0',
  `arLayoutColumnOffset` int(10) unsigned DEFAULT '0',
  PRIMARY KEY (`arLayoutColumnID`)
) ENGINE=InnoDB  DEFAULT CHARSET=utf8mb4 COLLATE=utf8mb4_unicode_ci AUTO_INCREMENT=20 ;

--
-- Dumping data for table `AreaLayoutThemeGridColumns`
--

INSERT INTO `AreaLayoutThemeGridColumns` VALUES
(1, 4, 0),
(2, 4, 0),
(3, 4, 0),
(4, 4, 0),
(5, 8, 0),
(6, 4, 0),
(7, 4, 0),
(8, 4, 0),
(9, 12, 0),
(10, 12, 0),
(11, 12, 0),
(12, 12, 0),
(13, 4, 0),
(14, 4, 0),
(15, 4, 0),
(16, 6, 0),
(17, 6, 0),
(18, 7, 0),
(19, 4, 1);

-- --------------------------------------------------------

--
-- Table structure for table `AreaPermissionAssignments`
--

CREATE TABLE `AreaPermissionAssignments` (
  `cID` int(10) unsigned NOT NULL DEFAULT '0',
  `arHandle` varchar(255) COLLATE utf8mb4_unicode_ci NOT NULL,
  `pkID` int(10) unsigned NOT NULL DEFAULT '0',
  `paID` int(10) unsigned NOT NULL DEFAULT '0',
  PRIMARY KEY (`cID`,`arHandle`,`pkID`,`paID`),
  KEY `paID` (`paID`),
  KEY `pkID` (`pkID`)
) ENGINE=InnoDB DEFAULT CHARSET=utf8mb4 COLLATE=utf8mb4_unicode_ci;

-- --------------------------------------------------------

--
-- Table structure for table `AreaPermissionBlockTypeAccessList`
--

CREATE TABLE `AreaPermissionBlockTypeAccessList` (
  `paID` int(10) unsigned NOT NULL DEFAULT '0',
  `peID` int(10) unsigned NOT NULL DEFAULT '0',
  `permission` varchar(1) COLLATE utf8mb4_unicode_ci NOT NULL DEFAULT '1',
  PRIMARY KEY (`paID`,`peID`),
  KEY `peID` (`peID`)
) ENGINE=InnoDB DEFAULT CHARSET=utf8mb4 COLLATE=utf8mb4_unicode_ci;

-- --------------------------------------------------------

--
-- Table structure for table `AreaPermissionBlockTypeAccessListCustom`
--

CREATE TABLE `AreaPermissionBlockTypeAccessListCustom` (
  `paID` int(10) unsigned NOT NULL DEFAULT '0',
  `peID` int(10) unsigned NOT NULL DEFAULT '0',
  `btID` int(10) unsigned NOT NULL DEFAULT '0',
  PRIMARY KEY (`paID`,`peID`,`btID`),
  KEY `peID` (`peID`),
  KEY `btID` (`btID`)
) ENGINE=InnoDB DEFAULT CHARSET=utf8mb4 COLLATE=utf8mb4_unicode_ci;

-- --------------------------------------------------------

--
-- Table structure for table `Areas`
--

CREATE TABLE `Areas` (
  `arID` int(10) unsigned NOT NULL AUTO_INCREMENT,
  `cID` int(10) unsigned NOT NULL DEFAULT '0',
  `arHandle` varchar(255) COLLATE utf8mb4_unicode_ci NOT NULL,
  `arOverrideCollectionPermissions` tinyint(1) NOT NULL DEFAULT '0',
  `arInheritPermissionsFromAreaOnCID` int(10) unsigned NOT NULL DEFAULT '0',
  `arIsGlobal` tinyint(1) NOT NULL DEFAULT '0',
  `arParentID` int(10) unsigned NOT NULL DEFAULT '0',
  PRIMARY KEY (`arID`),
  KEY `arIsGlobal` (`arIsGlobal`),
  KEY `cID` (`cID`),
  KEY `arHandle` (`arHandle`),
  KEY `arParentID` (`arParentID`)
) ENGINE=InnoDB  DEFAULT CHARSET=utf8mb4 COLLATE=utf8mb4_unicode_ci AUTO_INCREMENT=162 ;

--
-- Dumping data for table `Areas`
--

INSERT INTO `Areas` VALUES
(1, 214, 'Main', 0, 0, 0, 0),
(2, 214, 'Main : 1', 0, 0, 0, 1),
(3, 214, 'Main : 2', 0, 0, 0, 1),
(4, 214, 'Main : 3', 0, 0, 0, 1),
(5, 214, 'Main : 4', 0, 0, 0, 1),
(6, 214, 'Main : 5', 0, 0, 0, 1),
(7, 214, 'Main : 6', 0, 0, 0, 1),
(8, 214, 'Main : 7', 0, 0, 0, 1),
(9, 214, 'Main : 8', 0, 0, 0, 1),
(10, 216, 'Main', 0, 0, 0, 0),
(11, 216, 'Main : 9', 0, 0, 0, 10),
(12, 216, 'Main : 10', 0, 0, 0, 10),
(13, 230, 'Main', 0, 0, 0, 0),
(14, 230, 'Main : 11', 0, 0, 0, 13),
(15, 230, 'Main : 12', 0, 0, 0, 13),
(16, 231, 'Main', 0, 0, 0, 0),
(17, 232, 'Main', 0, 0, 0, 0),
(18, 233, 'Main', 0, 0, 0, 0),
(19, 234, 'Main', 0, 0, 0, 0),
(20, 235, 'Main', 0, 0, 0, 0),
(21, 237, 'Main', 0, 0, 0, 0),
(22, 238, 'Main', 0, 0, 0, 0),
(23, 259, 'Page Header', 0, 0, 0, 0),
(24, 259, 'Main', 0, 0, 0, 0),
(25, 259, 'Sidebar', 0, 0, 0, 0),
(26, 259, 'Page Footer', 0, 0, 0, 0),
(27, 259, 'Page Footer : 1 : Title', 0, 0, 0, 26),
(28, 259, 'Page Footer : 1 : Body', 0, 0, 0, 26),
(29, 252, 'Page Header', 0, 0, 0, 0),
(30, 252, 'Resource Thumbnail', 0, 0, 0, 0),
(31, 252, 'Resource Title', 0, 0, 0, 0),
(32, 252, 'Resource Content', 0, 0, 0, 0),
(33, 1, 'Page Header', 0, 0, 0, 0),
(34, 1, 'Main', 0, 0, 0, 0),
(35, 1, 'Main : 2 : Column 1', 0, 0, 0, 34),
(36, 1, 'Main : 2 : Column 2', 0, 0, 0, 34),
(37, 1, 'Main : 13', 0, 0, 0, 34),
(38, 1, 'Main : 14', 0, 0, 0, 34),
(39, 1, 'Main : 15', 0, 0, 0, 34),
(40, 1, 'Main : 3 : Column 1', 0, 0, 0, 34),
(41, 1, 'Main : 3 : Column 2', 0, 0, 0, 34),
(42, 1, 'Main : 4 : Title', 0, 0, 0, 34),
(43, 1, 'Main : 4 : Body', 0, 0, 0, 34),
(44, 239, 'Main', 0, 0, 0, 0),
(45, 239, 'Main : 5 : Column 1', 0, 0, 0, 44),
(46, 239, 'Main : 5 : Column 2', 0, 0, 0, 44),
(47, 239, 'Main : 6 : Item 1', 0, 0, 0, 44),
(48, 239, 'Main : 6 : Item 2', 0, 0, 0, 44),
(49, 239, 'Main : 6 : Item 3', 0, 0, 0, 44),
(50, 239, 'Main : 6 : Item 4', 0, 0, 0, 44),
(51, 239, 'Main : 6 : Item 5', 0, 0, 0, 44),
(52, 239, 'Main : 6 : Item 6', 0, 0, 0, 44),
(53, 239, 'Main : 7 : Column 1', 0, 0, 0, 44),
(54, 239, 'Main : 7 : Column 2', 0, 0, 0, 44),
(55, 239, 'Main : 8 : Column 1', 0, 0, 0, 44),
(56, 239, 'Main : 8 : Column 2', 0, 0, 0, 44),
(57, 239, 'Main : 9 : Item 1', 0, 0, 0, 44),
(58, 239, 'Main : 9 : Item 2', 0, 0, 0, 44),
(59, 239, 'Main : 9 : Item 3', 0, 0, 0, 44),
(60, 239, 'Main : 9 : Item 4', 0, 0, 0, 44),
(61, 239, 'Main : 9 : Item 5', 0, 0, 0, 44),
(62, 239, 'Main : 9 : Item 6', 0, 0, 0, 44),
(63, 247, 'Page Header', 0, 0, 0, 0),
(64, 247, 'Main', 0, 0, 0, 0),
(65, 247, 'Main : 10 : Title', 0, 0, 0, 64),
(66, 247, 'Main : 10 : Body', 0, 0, 0, 64),
(67, 247, 'Main : 10 : Body : 11 : Item 1', 0, 0, 0, 66),
(68, 247, 'Main : 10 : Body : 11 : Item 2', 0, 0, 0, 66),
(69, 247, 'Main : 10 : Body : 11 : Item 3', 0, 0, 0, 66),
(70, 247, 'Main : 10 : Body : 11 : Item 4', 0, 0, 0, 66),
(71, 247, 'Main : 16', 0, 0, 0, 64),
(72, 247, 'Main : 17', 0, 0, 0, 64),
(73, 247, 'Main : 12 : Item 1', 0, 0, 0, 64),
(74, 247, 'Main : 12 : Item 2', 0, 0, 0, 64),
(75, 247, 'Main : 12 : Item 3', 0, 0, 0, 64),
(76, 247, 'Main : 12 : Item 4', 0, 0, 0, 64),
(77, 247, 'Main : 12 : Item 5', 0, 0, 0, 64),
(78, 247, 'Main : 12 : Item 6', 0, 0, 0, 64),
(79, 249, 'Main', 0, 0, 0, 0),
(80, 249, 'Page Header', 0, 0, 0, 0),
(81, 249, 'Page Footer', 0, 0, 0, 0),
(82, 249, 'Page Footer : 13 : Title', 0, 0, 0, 81),
(83, 249, 'Page Footer : 13 : Body', 0, 0, 0, 81),
(84, 250, 'Main', 0, 0, 0, 0),
(85, 251, 'Page Header', 0, 0, 0, 0),
(86, 251, 'Main', 0, 0, 0, 0),
(87, 251, 'Main : 18', 0, 0, 0, 86),
(88, 251, 'Main : 19', 0, 0, 0, 86),
(89, 240, 'Main', 0, 0, 0, 0),
(90, 240, 'Page Header', 0, 0, 0, 0),
(91, 260, 'Main', 0, 0, 0, 0),
(92, 260, 'Page Header', 0, 0, 0, 0),
(93, 260, 'Sidebar', 0, 0, 0, 0),
(94, 260, 'Page Footer', 0, 0, 0, 0),
(95, 260, 'Page Footer : 1 : Title', 0, 0, 0, 0),
(96, 260, 'Page Footer : 1 : Body', 0, 0, 0, 0),
(97, 261, 'Main', 0, 0, 0, 0),
(98, 261, 'Page Header', 0, 0, 0, 0),
(99, 261, 'Sidebar', 0, 0, 0, 0),
(100, 261, 'Page Footer', 0, 0, 0, 0),
(101, 261, 'Page Footer : 1 : Title', 0, 0, 0, 0),
(102, 261, 'Page Footer : 1 : Body', 0, 0, 0, 0),
(103, 262, 'Main', 0, 0, 0, 0),
(104, 262, 'Page Header', 0, 0, 0, 0),
(105, 262, 'Sidebar', 0, 0, 0, 0),
(106, 262, 'Page Footer', 0, 0, 0, 0),
(107, 262, 'Page Footer : 1 : Title', 0, 0, 0, 0),
(108, 262, 'Page Footer : 1 : Body', 0, 0, 0, 0),
(109, 263, 'Main', 0, 0, 0, 0),
(110, 263, 'Page Header', 0, 0, 0, 0),
(111, 263, 'Sidebar', 0, 0, 0, 0),
(112, 263, 'Page Footer', 0, 0, 0, 0),
(113, 263, 'Page Footer : 1 : Title', 0, 0, 0, 0),
(114, 263, 'Page Footer : 1 : Body', 0, 0, 0, 0),
(115, 264, 'Main', 0, 0, 0, 0),
(116, 264, 'Page Header', 0, 0, 0, 0),
(117, 264, 'Sidebar', 0, 0, 0, 0),
(118, 264, 'Page Footer', 0, 0, 0, 0),
(119, 264, 'Page Footer : 1 : Title', 0, 0, 0, 0),
(120, 264, 'Page Footer : 1 : Body', 0, 0, 0, 0),
(121, 265, 'Main', 0, 0, 0, 0),
(122, 265, 'Page Header', 0, 0, 0, 0),
(123, 265, 'Sidebar', 0, 0, 0, 0),
(124, 265, 'Page Footer', 0, 0, 0, 0),
(125, 265, 'Page Footer : 1 : Title', 0, 0, 0, 0),
(126, 265, 'Page Footer : 1 : Body', 0, 0, 0, 0),
(127, 241, 'Page Header', 0, 0, 0, 0),
(128, 241, 'Main', 0, 0, 0, 0),
(129, 242, 'Main', 0, 0, 0, 0),
(130, 243, 'Page Header', 0, 0, 0, 0),
(131, 243, 'Main', 0, 0, 0, 0),
(132, 244, 'Main', 0, 0, 0, 0),
(133, 244, 'Page Header', 0, 0, 0, 0),
(134, 253, 'Resource Content', 0, 0, 0, 0),
(135, 253, 'Resource Data', 0, 0, 0, 0),
(136, 253, 'Page Header', 0, 0, 0, 0),
(137, 253, 'Resource Thumbnail', 0, 0, 0, 0),
(138, 253, 'Resource Title', 0, 0, 0, 0),
(139, 254, 'Resource Content', 0, 0, 0, 0),
(140, 254, 'Page Header', 0, 0, 0, 0),
(141, 254, 'Resource Thumbnail', 0, 0, 0, 0),
(142, 254, 'Resource Title', 0, 0, 0, 0),
(143, 255, 'Resource Content', 0, 0, 0, 0),
(144, 255, 'Page Header', 0, 0, 0, 0),
(145, 255, 'Resource Thumbnail', 0, 0, 0, 0),
(146, 255, 'Resource Title', 0, 0, 0, 0),
(147, 256, 'Resource Content', 0, 0, 0, 0),
(148, 256, 'Page Header', 0, 0, 0, 0),
(149, 256, 'Resource Thumbnail', 0, 0, 0, 0),
(150, 256, 'Resource Title', 0, 0, 0, 0),
(151, 257, 'Resource Content', 0, 0, 0, 0),
(152, 257, 'Page Header', 0, 0, 0, 0),
(153, 257, 'Resource Thumbnail', 0, 0, 0, 0),
(154, 257, 'Resource Title', 0, 0, 0, 0),
(155, 258, 'Resource Content', 0, 0, 0, 0),
(156, 258, 'Page Header', 0, 0, 0, 0),
(157, 258, 'Resource Thumbnail', 0, 0, 0, 0),
(158, 258, 'Resource Title', 0, 0, 0, 0),
(159, 246, 'Page Header', 0, 0, 0, 0),
(160, 246, 'Main', 0, 0, 0, 0),
(161, 246, 'Sidebar', 0, 0, 0, 0);

-- --------------------------------------------------------

--
-- Table structure for table `atAddress`
--

CREATE TABLE `atAddress` (
  `address1` varchar(255) COLLATE utf8mb4_unicode_ci DEFAULT NULL,
  `address2` varchar(255) COLLATE utf8mb4_unicode_ci DEFAULT NULL,
  `address3` varchar(255) COLLATE utf8mb4_unicode_ci DEFAULT NULL,
  `city` varchar(255) COLLATE utf8mb4_unicode_ci DEFAULT NULL,
  `state_province` varchar(255) COLLATE utf8mb4_unicode_ci DEFAULT NULL,
  `country` varchar(255) COLLATE utf8mb4_unicode_ci DEFAULT NULL,
  `postal_code` varchar(255) COLLATE utf8mb4_unicode_ci DEFAULT NULL,
  `avID` int(10) unsigned NOT NULL,
  PRIMARY KEY (`avID`),
  KEY `postal_code` (`postal_code`)
) ENGINE=InnoDB DEFAULT CHARSET=utf8mb4 COLLATE=utf8mb4_unicode_ci;

-- --------------------------------------------------------

--
-- Table structure for table `atAddressSettings`
--

CREATE TABLE `atAddressSettings` (
  `akDefaultCountry` varchar(255) COLLATE utf8mb4_unicode_ci DEFAULT NULL,
  `akHasCustomCountries` tinyint(1) NOT NULL,
  `customCountries` json NOT NULL COMMENT '(DC2Type:json_array)',
  `akGeolocateCountry` tinyint(1) NOT NULL,
  `akID` int(10) unsigned NOT NULL,
  PRIMARY KEY (`akID`)
) ENGINE=InnoDB DEFAULT CHARSET=utf8mb4 COLLATE=utf8mb4_unicode_ci;

-- --------------------------------------------------------

--
-- Table structure for table `atBoolean`
--

CREATE TABLE `atBoolean` (
  `value` tinyint(1) NOT NULL,
  `avID` int(10) unsigned NOT NULL,
  PRIMARY KEY (`avID`)
) ENGINE=InnoDB DEFAULT CHARSET=utf8mb4 COLLATE=utf8mb4_unicode_ci;

--
-- Dumping data for table `atBoolean`
--

INSERT INTO `atBoolean` VALUES
(1, 7),
(1, 10),
(1, 19),
(1, 21),
(1, 23),
(1, 24),
(1, 25),
(1, 26),
(1, 27),
(1, 28),
(1, 29),
(1, 30),
(1, 31),
(1, 32),
(1, 33),
(1, 34),
(1, 35),
(1, 36),
(1, 37),
(1, 38),
(1, 39),
(1, 40),
(1, 41),
(1, 42),
(1, 43),
(1, 44),
(1, 47),
(1, 48),
(1, 51),
(1, 57),
(1, 58),
(1, 59),
(1, 60),
(1, 61),
(1, 62),
(1, 63),
(1, 64),
(1, 65),
(1, 69),
(1, 70),
(1, 71),
(1, 72),
(1, 75),
(1, 76),
(1, 89),
(1, 94),
(1, 97),
(1, 98),
(1, 102),
(1, 103),
(1, 104),
(1, 105),
(1, 106),
(1, 107),
(1, 108),
(1, 109),
(1, 110),
(1, 111),
(1, 123),
(1, 143),
(1, 144),
(1, 171),
(1, 183),
(0, 184),
(1, 188),
(1, 192),
(1, 193),
(1, 264),
(1, 265),
(1, 278),
(1, 279),
(1, 280),
(1, 281),
(1, 282),
(1, 283),
(1, 284),
(1, 285),
(1, 286),
(1, 299);

-- --------------------------------------------------------

--
-- Table structure for table `atBooleanSettings`
--

CREATE TABLE `atBooleanSettings` (
  `akCheckedByDefault` tinyint(1) NOT NULL,
  `checkboxLabel` varchar(255) COLLATE utf8mb4_unicode_ci DEFAULT NULL,
  `akID` int(10) unsigned NOT NULL,
  PRIMARY KEY (`akID`)
) ENGINE=InnoDB DEFAULT CHARSET=utf8mb4 COLLATE=utf8mb4_unicode_ci;

--
-- Dumping data for table `atBooleanSettings`
--

INSERT INTO `atBooleanSettings` VALUES
(0, NULL, 5),
(0, 'Exclude Page from Navigation', 7),
(0, 'Exclude Page from Page List Blocks', 8),
(0, 'Feature this Page', 11),
(0, NULL, 12),
(0, NULL, 13),
(0, NULL, 14),
(1, NULL, 15),
(1, NULL, 16);

-- --------------------------------------------------------

--
-- Table structure for table `atDateTime`
--

CREATE TABLE `atDateTime` (
  `value` datetime DEFAULT NULL,
  `avID` int(10) unsigned NOT NULL,
  PRIMARY KEY (`avID`)
) ENGINE=InnoDB DEFAULT CHARSET=utf8mb4 COLLATE=utf8mb4_unicode_ci;

-- --------------------------------------------------------

--
-- Table structure for table `atDateTimeSettings`
--

CREATE TABLE `atDateTimeSettings` (
  `akUseNowIfEmpty` tinyint(1) NOT NULL DEFAULT '0',
  `akDateDisplayMode` varchar(255) COLLATE utf8mb4_unicode_ci NOT NULL,
  `akTextCustomFormat` longtext COLLATE utf8mb4_unicode_ci NOT NULL COMMENT 'Custom format for text inputs',
  `akTimeResolution` int(10) unsigned NOT NULL DEFAULT '60' COMMENT 'Time resolution (in seconds)',
  `akID` int(10) unsigned NOT NULL,
  PRIMARY KEY (`akID`)
) ENGINE=InnoDB DEFAULT CHARSET=utf8mb4 COLLATE=utf8mb4_unicode_ci;

-- --------------------------------------------------------

--
-- Table structure for table `atDefault`
--

CREATE TABLE `atDefault` (
  `value` longtext COLLATE utf8mb4_unicode_ci,
  `avID` int(10) unsigned NOT NULL,
  PRIMARY KEY (`avID`)
) ENGINE=InnoDB DEFAULT CHARSET=utf8mb4 COLLATE=utf8mb4_unicode_ci;

--
-- Dumping data for table `atDefault`
--

INSERT INTO `atDefault` VALUES
('fas fa-th-large', 1),
('pages, add page, delete page, copy, move, alias', 2),
('pages, add page, delete page, copy, move, alias', 3),
('pages, add page, delete page, copy, move, alias, bulk', 4),
('find page, search page, search, find, pages, sitemap', 5),
('add file, delete file, copy, move, alias, resize, crop, rename, images, title, attribute', 6),
('file, file attributes, title, attribute, description, rename', 8),
('files, category, categories', 9),
('new file set', 11),
('users, groups, people, find, delete user, remove user, change password, password', 12),
('find, search, people, delete user, remove user, change password, password', 13),
('user, group, people, permissions, expire', 14),
('group types, group type', 15),
('user, group, people, messages', 16),
('user attributes, user data, gather data, registration data', 17),
('new user, create', 18),
('new user group, new group, group, create', 20),
('group set', 22),
('forms, log, error, email, mysql, exception, survey', 45),
('forms, questions, response, data', 46),
('health, check, site check, optimization', 49),
('page types', 50),
('questions, quiz, response', 52),
('forms, log, error, email, mysql, exception, survey, history', 53),
('changes, csv, report', 54),
('new theme, theme, active theme, change theme, template, css', 55),
('page types', 56),
('page attributes, custom', 66),
('single, page, custom, application', 67),
('atom, rss, feed, syndication', 68),
('icon-bullhorn', 73),
('stacks, global areas, reusable content, scrapbook, copy, paste, paste block, copy block, site name, logo', 74),
('edit stacks, view stacks, all stacks', 77),
('block, refresh, custom', 78),
('add-on, addon, add on, package, app, ecommerce, discussions, forums, themes, templates, blocks', 79),
('add-on, addon, ecommerce, install, discussions, forums, themes, templates, blocks', 80),
('update, upgrade', 81),
('buy theme, new theme, marketplace, template', 82),
('buy addon, buy add on, buy add-on, purchase addon, purchase add on, purchase add-on, find addon, new addon, marketplace', 83),
('dashboard, configuration', 84),
('website name, title', 85),
('concretecms.com, my account, purchase, extensions, marketplace', 86),
('production, staging, site copy, development copy, local', 87),
('accessibility, appearance, dark mode, tooltips', 88),
('logo, favicon, iphone, icon, bookmark', 90),
('tinymce, content block, fonts, editor, content, overlay', 91),
('translate, translation, internationalization, multilingual', 92),
('languages, update, gettext, translation, translate', 93),
('timezone, profile, locale', 95),
('site attributes', 96),
('checkin, check-in, check, force', 99),
('sharing, facebook, twitter', 100),
('sharing, opengraph, schema', 101),
('multilingual, localization, internationalization, i18n', 112),
('vanity, pretty url, redirection, hostname, canonical, seo, pageview, view', 113),
('bulk, seo, change keywords, engine, optimization, search', 114),
('traffic, statistics, google analytics, quant, pageviews, hits', 115),
('pretty, slug', 116),
('configure search, site search, search option', 117),
('url, slug', 118),
('security, files, media, extension, manager, upload', 119),
('file, chooser', 120),
('file options, file manager, upload, modify', 121),
('images, picture, responsive, retina', 122),
('thumbnail, format, png, jpg, jpeg, quality, compression, gd, imagick, imagemagick, transparency', 124),
('uploading, upload, images, image, resizing, manager, exif, rotation, rotate, quality, compression, png, jpg, jpeg', 125),
('image, editor, active, default, edit, png, jpg, jpeg', 126),
('security, alternate storage, hide files', 127),
('external, file, providers', 128),
('files, export, csv, bom, encoding', 129),
('files, upload, parallel, upload_max_filesize, post_max_size, limit, resize, chunk', 130),
('automated jobs, commands, tasks, console, cli', 131),
('processes, queues, jobs, running', 132),
('failed messages, retry', 133),
('cron, scheduling, jobs', 134),
('websocket, socket, socket.io, push, push notifications, mercure', 135),
('waiting for me, inbox, notifications', 136),
('cache option, change cache, override, turn on cache, turn off cache, no cache, page cache, caching', 137),
('cache option, turn off cache, no cache, page cache, caching', 138),
('index search, reindex search, build sitemap, sitemap.xml, clear old versions, page versions, remove old', 139),
('editors, hide site, offline, private, public, access', 140),
('security, actions, administrator, admin, package, marketplace, search', 141),
('security, lock ip, lock out, block ip, address, restrict, access', 142),
('security, registration', 145),
('antispam, block spam, security', 146),
('lock site, under construction, hide, hidden', 147),
('trusted, proxy, proxies, ip, header, cloudflare', 148),
('signup, new user, community, public registration, public, registration', 149),
('profile, login, redirect, specific, dashboard, administrators', 150),
('member profile, member page, community, forums, social, avatar', 151),
('auth, authentication, types, oauth, facebook, login, registration', 152),
('global, password, reset, change password, force, sign out', 153),
('login, logout, user, agent, ip, change, security, session, invalidation, invalid', 154),
('password, requirements, code, key, login, registration, security, nist', 155),
('session, options', 156),
('smtp, mail settings', 157),
('email server, mail settings, mail configuration, external, internal', 158),
('test smtp, test mail', 159),
('email server, mail settings, mail configuration, private message, message system, import, email, message', 160),
('mail settings, mail configuration, email, sender', 161),
('email logging, mail logging, log mails, log emails', 162),
('conversations', 163),
('conversations', 164),
('conversations ratings, ratings, community, community points', 165),
('conversations bad words, banned words, banned, bad words, bad, words, list', 166),
('attribute configuration', 167),
('attributes, types', 168),
('attributes, sets', 169),
('topics, tags, taxonomy', 170),
('overrides, system info, debug, support, help', 172),
('error, exception, debug', 173),
('email, logging, logs, smtp, pop, errors, mysql, log', 174),
('network, proxy server', 175),
('database, entities, doctrine, orm', 176),
('database, character set, charset, collation, utf8', 177),
('geolocation, ip, address, country, nation, place, locate', 178),
('security, content security policy, csp, strict transport security, hsts, x-frame-options', 179),
('upgrade, new version, update', 180),
('API, programming, public, app', 181),
('fas fa-palette', 185),
('fas fa-th', 186),
('fas fa-trash', 187),
('fas fa-briefcase', 189),
('fas fa-edit', 190);

-- --------------------------------------------------------

--
-- Table structure for table `atDuration`
--

CREATE TABLE `atDuration` (
  `value` int(11) DEFAULT NULL,
  `avID` int(10) unsigned NOT NULL,
  PRIMARY KEY (`avID`)
) ENGINE=InnoDB DEFAULT CHARSET=utf8mb4 COLLATE=utf8mb4_unicode_ci;

-- --------------------------------------------------------

--
-- Table structure for table `atDurationSettings`
--

CREATE TABLE `atDurationSettings` (
  `akUnitType` varchar(255) COLLATE utf8mb4_unicode_ci DEFAULT NULL,
  `akID` int(10) unsigned NOT NULL,
  PRIMARY KEY (`akID`)
) ENGINE=InnoDB DEFAULT CHARSET=utf8mb4 COLLATE=utf8mb4_unicode_ci;

-- --------------------------------------------------------

--
-- Table structure for table `atEmptySettings`
--

CREATE TABLE `atEmptySettings` (
  `akID` int(10) unsigned NOT NULL,
  PRIMARY KEY (`akID`)
) ENGINE=InnoDB DEFAULT CHARSET=utf8mb4 COLLATE=utf8mb4_unicode_ci;

--
-- Dumping data for table `atEmptySettings`
--

INSERT INTO `atEmptySettings` VALUES
(4),
(17),
(18),
(19),
(20);

-- --------------------------------------------------------

--
-- Table structure for table `atExpress`
--

CREATE TABLE `atExpress` (
  `avID` int(10) unsigned NOT NULL,
  PRIMARY KEY (`avID`)
) ENGINE=InnoDB DEFAULT CHARSET=utf8mb4 COLLATE=utf8mb4_unicode_ci;

-- --------------------------------------------------------

--
-- Table structure for table `atExpressSelectedEntries`
--

CREATE TABLE `atExpressSelectedEntries` (
  `avID` int(10) unsigned NOT NULL,
  `exEntryID` int(11) NOT NULL,
  PRIMARY KEY (`avID`,`exEntryID`),
  KEY `IDX_C9D404BBA2A82A5D` (`avID`),
  KEY `IDX_C9D404BB6DCB6296` (`exEntryID`)
) ENGINE=InnoDB DEFAULT CHARSET=utf8mb4 COLLATE=utf8mb4_unicode_ci;

-- --------------------------------------------------------

--
-- Table structure for table `atExpressSettings`
--

CREATE TABLE `atExpressSettings` (
  `exEntityID` char(36) COLLATE utf8mb4_unicode_ci DEFAULT NULL COMMENT '(DC2Type:guid)',
  `akID` int(10) unsigned NOT NULL,
  PRIMARY KEY (`akID`),
  KEY `IDX_E8F67F0FCE2D7284` (`exEntityID`)
) ENGINE=InnoDB DEFAULT CHARSET=utf8mb4 COLLATE=utf8mb4_unicode_ci;

-- --------------------------------------------------------

--
-- Table structure for table `atFile`
--

CREATE TABLE `atFile` (
  `fID` int(10) unsigned DEFAULT NULL,
  `avID` int(10) unsigned NOT NULL,
  PRIMARY KEY (`avID`),
  KEY `IDX_73D17D61E3111F45` (`fID`)
) ENGINE=InnoDB DEFAULT CHARSET=utf8mb4 COLLATE=utf8mb4_unicode_ci;

--
-- Dumping data for table `atFile`
--

INSERT INTO `atFile` VALUES
(1, 276),
(1, 298),
(7, 288),
(9, 274),
(9, 296),
(12, 290),
(16, 270),
(20, 272),
(23, 266),
(30, 268),
(31, 294),
(32, 292);

-- --------------------------------------------------------

--
-- Table structure for table `atFileSettings`
--

CREATE TABLE `atFileSettings` (
  `akFileManagerMode` int(11) NOT NULL,
  `akID` int(10) unsigned NOT NULL,
  PRIMARY KEY (`akID`)
) ENGINE=InnoDB DEFAULT CHARSET=utf8mb4 COLLATE=utf8mb4_unicode_ci;

--
-- Dumping data for table `atFileSettings`
--

INSERT INTO `atFileSettings` VALUES
(0, 21);

-- --------------------------------------------------------

--
-- Table structure for table `atNumber`
--

CREATE TABLE `atNumber` (
  `value` decimal(14,4) DEFAULT NULL,
  `avID` int(10) unsigned NOT NULL,
  PRIMARY KEY (`avID`)
) ENGINE=InnoDB DEFAULT CHARSET=utf8mb4 COLLATE=utf8mb4_unicode_ci;

--
-- Dumping data for table `atNumber`
--

INSERT INTO `atNumber` VALUES
('2.0000', 182),
('1.0000', 191),
('660.0000', 194),
('432.0000', 195),
('252.0000', 196),
('84.0000', 197),
('84.0000', 198),
('76.0000', 199),
('2600.0000', 200),
('1367.0000', 201),
('230.0000', 202),
('228.0000', 203),
('164.0000', 204),
('84.0000', 205),
('1080.0000', 206),
('832.0000', 207),
('2220.0000', 208),
('1004.0000', 209),
('660.0000', 210),
('432.0000', 211),
('662.0000', 212),
('842.0000', 213),
('2600.0000', 214),
('1367.0000', 215),
('892.0000', 216),
('590.0000', 217),
('660.0000', 218),
('842.0000', 219),
('2598.0000', 220),
('960.0000', 221),
('660.0000', 222),
('840.0000', 223),
('662.0000', 224),
('432.0000', 225),
('84.0000', 226),
('76.0000', 227),
('866.0000', 228),
('618.0000', 229),
('866.0000', 230),
('618.0000', 231),
('662.0000', 232),
('432.0000', 233),
('868.0000', 234),
('618.0000', 235),
('2600.0000', 236),
('1367.0000', 237),
('660.0000', 238),
('432.0000', 239),
('2600.0000', 240),
('1214.0000', 241),
('864.0000', 242),
('616.0000', 243),
('660.0000', 244),
('842.0000', 245),
('866.0000', 246),
('616.0000', 247),
('662.0000', 248),
('840.0000', 249),
('332.0000', 250),
('56.0000', 251),
('660.0000', 252),
('432.0000', 253),
('660.0000', 254),
('840.0000', 255),
('892.0000', 256),
('590.0000', 257),
('866.0000', 258),
('616.0000', 259),
('272.0000', 260),
('40.0000', 261),
('2600.0000', 262),
('1214.0000', 263);

-- --------------------------------------------------------

--
-- Table structure for table `atSelect`
--

CREATE TABLE `atSelect` (
  `avID` int(10) unsigned NOT NULL,
  PRIMARY KEY (`avID`)
) ENGINE=InnoDB DEFAULT CHARSET=utf8mb4 COLLATE=utf8mb4_unicode_ci;

--
-- Dumping data for table `atSelect`
--

INSERT INTO `atSelect` VALUES
(287),
(289),
(291),
(293),
(295),
(297);

-- --------------------------------------------------------

--
-- Table structure for table `atSelectedSocialLinks`
--

CREATE TABLE `atSelectedSocialLinks` (
  `avsID` int(10) unsigned NOT NULL AUTO_INCREMENT,
  `service` varchar(255) COLLATE utf8mb4_unicode_ci NOT NULL,
  `serviceInfo` varchar(255) COLLATE utf8mb4_unicode_ci DEFAULT NULL,
  `avID` int(10) unsigned DEFAULT NULL,
  PRIMARY KEY (`avsID`),
  KEY `IDX_10743709A2A82A5D` (`avID`)
) ENGINE=InnoDB DEFAULT CHARSET=utf8mb4 COLLATE=utf8mb4_unicode_ci AUTO_INCREMENT=1 ;

-- --------------------------------------------------------

--
-- Table structure for table `atSelectedTopics`
--

CREATE TABLE `atSelectedTopics` (
  `avTreeTopicNodeID` int(10) unsigned NOT NULL AUTO_INCREMENT,
  `treeNodeID` int(10) unsigned NOT NULL,
  `avID` int(10) unsigned DEFAULT NULL,
  PRIMARY KEY (`avTreeTopicNodeID`),
  KEY `IDX_E42A7D5BA2A82A5D` (`avID`)
) ENGINE=InnoDB  DEFAULT CHARSET=utf8mb4 COLLATE=utf8mb4_unicode_ci AUTO_INCREMENT=7 ;

--
-- Dumping data for table `atSelectedTopics`
--

INSERT INTO `atSelectedTopics` VALUES
(1, 54, 267),
(2, 57, 269),
(3, 55, 271),
(4, 56, 273),
(5, 54, 275),
(6, 58, 277);

-- --------------------------------------------------------

--
-- Table structure for table `atSelectOptionLists`
--

CREATE TABLE `atSelectOptionLists` (
  `avSelectOptionListID` int(10) unsigned NOT NULL AUTO_INCREMENT,
  PRIMARY KEY (`avSelectOptionListID`)
) ENGINE=InnoDB  DEFAULT CHARSET=utf8mb4 COLLATE=utf8mb4_unicode_ci AUTO_INCREMENT=3 ;

--
-- Dumping data for table `atSelectOptionLists`
--

INSERT INTO `atSelectOptionLists` VALUES
(1),
(2);

-- --------------------------------------------------------

--
-- Table structure for table `atSelectOptions`
--

CREATE TABLE `atSelectOptions` (
  `avSelectOptionID` int(10) unsigned NOT NULL AUTO_INCREMENT,
  `isEndUserAdded` tinyint(1) NOT NULL,
  `isDeleted` tinyint(1) NOT NULL DEFAULT '0',
  `displayOrder` int(11) NOT NULL,
  `value` varchar(255) COLLATE utf8mb4_unicode_ci NOT NULL,
  `avSelectOptionListID` int(10) unsigned DEFAULT NULL,
  PRIMARY KEY (`avSelectOptionID`),
  KEY `IDX_797414B0CB59257C` (`avSelectOptionListID`)
) ENGINE=InnoDB  DEFAULT CHARSET=utf8mb4 COLLATE=utf8mb4_unicode_ci AUTO_INCREMENT=11 ;

--
-- Dumping data for table `atSelectOptions`
--

INSERT INTO `atSelectOptions` VALUES
(1, 1, 0, 0, 'I love your work', 2),
(2, 1, 0, 1, 'Great website', 2),
(3, 1, 0, 2, 'Check out this cool thing I found', 2),
(4, 1, 0, 3, 'Other', 2),
(5, 1, 0, 0, 'resource', NULL),
(6, 1, 0, 0, 'resource', NULL),
(7, 1, 0, 0, 'resource', NULL),
(8, 1, 0, 0, 'resource', NULL),
(9, 1, 0, 0, 'resource', NULL),
(10, 1, 0, 0, 'resource', NULL);

-- --------------------------------------------------------

--
-- Table structure for table `atSelectOptionsSelected`
--

CREATE TABLE `atSelectOptionsSelected` (
  `avID` int(10) unsigned NOT NULL,
  `avSelectOptionID` int(10) unsigned NOT NULL,
  PRIMARY KEY (`avID`,`avSelectOptionID`),
  KEY `IDX_40C97EC3A2A82A5D` (`avID`),
  KEY `IDX_40C97EC3E584C274` (`avSelectOptionID`)
) ENGINE=InnoDB DEFAULT CHARSET=utf8mb4 COLLATE=utf8mb4_unicode_ci;

--
-- Dumping data for table `atSelectOptionsSelected`
--

INSERT INTO `atSelectOptionsSelected` VALUES
(287, 5),
(289, 6),
(291, 7),
(293, 8),
(295, 9),
(297, 10);

-- --------------------------------------------------------

--
-- Table structure for table `atSelectSettings`
--

CREATE TABLE `atSelectSettings` (
  `akSelectAllowMultipleValues` tinyint(1) NOT NULL,
  `akSelectAllowOtherValues` tinyint(1) NOT NULL,
  `akHideNoneOption` tinyint(1) NOT NULL,
  `akSelectOptionDisplayOrder` varchar(255) COLLATE utf8mb4_unicode_ci NOT NULL,
  `akDisplayMultipleValuesOnSelect` tinyint(1) NOT NULL,
  `avSelectOptionListID` int(10) unsigned DEFAULT NULL,
  `akID` int(10) unsigned NOT NULL,
  PRIMARY KEY (`akID`),
  UNIQUE KEY `UNIQ_5D514424CB59257C` (`avSelectOptionListID`)
) ENGINE=InnoDB DEFAULT CHARSET=utf8mb4 COLLATE=utf8mb4_unicode_ci;

--
-- Dumping data for table `atSelectSettings`
--

INSERT INTO `atSelectSettings` VALUES
(1, 1, 0, 'display_asc', 0, 1, 10),
(0, 0, 0, 'display_asc', 1, 2, 26);

-- --------------------------------------------------------

--
-- Table structure for table `atSite`
--

CREATE TABLE `atSite` (
  `siteID` int(10) unsigned DEFAULT NULL,
  `avID` int(10) unsigned NOT NULL,
  PRIMARY KEY (`avID`),
  KEY `IDX_960D4295521D8435` (`siteID`)
) ENGINE=InnoDB DEFAULT CHARSET=utf8mb4 COLLATE=utf8mb4_unicode_ci;

-- --------------------------------------------------------

--
-- Table structure for table `atSocialLinks`
--

CREATE TABLE `atSocialLinks` (
  `avID` int(10) unsigned NOT NULL,
  PRIMARY KEY (`avID`)
) ENGINE=InnoDB DEFAULT CHARSET=utf8mb4 COLLATE=utf8mb4_unicode_ci;

-- --------------------------------------------------------

--
-- Table structure for table `atTextareaSettings`
--

CREATE TABLE `atTextareaSettings` (
  `akTextareaDisplayMode` varchar(255) COLLATE utf8mb4_unicode_ci DEFAULT NULL,
  `akID` int(10) unsigned NOT NULL,
  PRIMARY KEY (`akID`)
) ENGINE=InnoDB DEFAULT CHARSET=utf8mb4 COLLATE=utf8mb4_unicode_ci;

--
-- Dumping data for table `atTextareaSettings`
--

INSERT INTO `atTextareaSettings` VALUES
('', 2),
('', 3),
('', 6),
('', 9),
('text', 27);

-- --------------------------------------------------------

--
-- Table structure for table `atTextSettings`
--

CREATE TABLE `atTextSettings` (
  `akTextPlaceholder` varchar(255) COLLATE utf8mb4_unicode_ci DEFAULT NULL,
  `akID` int(10) unsigned NOT NULL,
  PRIMARY KEY (`akID`)
) ENGINE=InnoDB DEFAULT CHARSET=utf8mb4 COLLATE=utf8mb4_unicode_ci;

--
-- Dumping data for table `atTextSettings`
--

INSERT INTO `atTextSettings` VALUES
('', 1),
('', 22),
('', 23),
('', 24),
('', 25);

-- --------------------------------------------------------

--
-- Table structure for table `atTopic`
--

CREATE TABLE `atTopic` (
  `avID` int(10) unsigned NOT NULL,
  PRIMARY KEY (`avID`)
) ENGINE=InnoDB DEFAULT CHARSET=utf8mb4 COLLATE=utf8mb4_unicode_ci;

--
-- Dumping data for table `atTopic`
--

INSERT INTO `atTopic` VALUES
(267),
(269),
(271),
(273),
(275),
(277);

-- --------------------------------------------------------

--
-- Table structure for table `atTopicSettings`
--

CREATE TABLE `atTopicSettings` (
  `akTopicParentNodeID` int(11) NOT NULL,
  `akTopicTreeID` int(11) NOT NULL,
  `akTopicAllowMultipleValues` tinyint(1) NOT NULL DEFAULT '1',
  `akID` int(10) unsigned NOT NULL,
  PRIMARY KEY (`akID`)
) ENGINE=InnoDB DEFAULT CHARSET=utf8mb4 COLLATE=utf8mb4_unicode_ci;

--
-- Dumping data for table `atTopicSettings`
--

INSERT INTO `atTopicSettings` VALUES
(53, 4, 0, 28);

-- --------------------------------------------------------

--
-- Table structure for table `AttributeKeyCategories`
--

CREATE TABLE `AttributeKeyCategories` (
  `akCategoryID` int(10) unsigned NOT NULL AUTO_INCREMENT,
  `akCategoryHandle` varchar(255) COLLATE utf8mb4_unicode_ci NOT NULL,
  `akCategoryAllowSets` int(11) NOT NULL,
  `pkgID` int(10) unsigned DEFAULT NULL,
  PRIMARY KEY (`akCategoryID`),
  UNIQUE KEY `UNIQ_A2A0CC67FA0337B` (`akCategoryHandle`),
  KEY `IDX_A2A0CC67CE45CBB0` (`pkgID`),
  KEY `pkgID` (`pkgID`,`akCategoryID`),
  KEY `akCategoryHandle` (`akCategoryHandle`)
) ENGINE=InnoDB  DEFAULT CHARSET=utf8mb4 COLLATE=utf8mb4_unicode_ci AUTO_INCREMENT=8 ;

--
-- Dumping data for table `AttributeKeyCategories`
--

INSERT INTO `AttributeKeyCategories` VALUES
(1, 'collection', 1, NULL),
(2, 'user', 1, NULL),
(3, 'file', 1, NULL),
(4, 'site', 1, NULL),
(5, 'event', 1, NULL),
(6, 'site_type', 1, NULL),
(7, 'express', 1, NULL);

-- --------------------------------------------------------

--
-- Table structure for table `AttributeKeys`
--

CREATE TABLE `AttributeKeys` (
  `akID` int(10) unsigned NOT NULL AUTO_INCREMENT,
  `akHandle` varchar(255) COLLATE utf8mb4_unicode_ci NOT NULL,
  `akName` varchar(255) COLLATE utf8mb4_unicode_ci NOT NULL,
  `akIsSearchable` tinyint(1) NOT NULL,
  `akIsInternal` tinyint(1) NOT NULL,
  `akIsSearchableIndexed` tinyint(1) NOT NULL,
  `atID` int(10) unsigned DEFAULT NULL,
  `akCategoryID` int(10) unsigned DEFAULT NULL,
  `pkgID` int(10) unsigned DEFAULT NULL,
  `akCategory` varchar(255) COLLATE utf8mb4_unicode_ci NOT NULL,
  PRIMARY KEY (`akID`),
  KEY `IDX_DCA32C62A12CFE33` (`atID`),
  KEY `IDX_DCA32C62B059B76B` (`akCategoryID`),
  KEY `pkgID` (`pkgID`),
  KEY `akHandle` (`akHandle`),
  KEY `akIsSearchable` (`akIsSearchable`),
  KEY `akIsInternal` (`akIsInternal`)
) ENGINE=InnoDB  DEFAULT CHARSET=utf8mb4 COLLATE=utf8mb4_unicode_ci AUTO_INCREMENT=29 ;

--
-- Dumping data for table `AttributeKeys`
--

INSERT INTO `AttributeKeys` VALUES
(1, 'meta_title', 'Meta Title', 1, 0, 0, 1, 1, NULL, 'pagekey'),
(2, 'meta_description', 'Meta Description', 1, 0, 0, 3, 1, NULL, 'pagekey'),
(3, 'meta_keywords', 'Meta Keywords', 1, 0, 0, 3, 1, NULL, 'pagekey'),
(4, 'desktop_priority', 'Desktop Priority', 1, 1, 0, 7, 1, NULL, 'pagekey'),
(5, 'is_desktop', 'Is Desktop', 1, 1, 0, 4, 1, NULL, 'pagekey'),
(6, 'icon_dashboard', 'Dashboard Icon', 1, 1, 0, 3, 1, NULL, 'pagekey'),
(7, 'exclude_nav', 'Exclude From Nav', 1, 0, 0, 4, 1, NULL, 'pagekey'),
(8, 'exclude_page_list', 'Exclude From Page List', 1, 0, 0, 4, 1, NULL, 'pagekey'),
(9, 'header_extra_content', 'Header Extra Content', 1, 0, 0, 3, 1, NULL, 'pagekey'),
(10, 'tags', 'Tags', 1, 0, 1, 8, 1, NULL, 'pagekey'),
(11, 'is_featured', 'Is Featured', 1, 0, 0, 4, 1, NULL, 'pagekey'),
(12, 'exclude_search_index', 'Exclude From Search Index', 1, 0, 0, 4, 1, NULL, 'pagekey'),
(13, 'exclude_sitemapxml', 'Exclude From sitemap.xml', 1, 0, 0, 4, 1, NULL, 'pagekey'),
(14, 'exclude_subpages_from_nav', 'Exclude Sub-Pages From Nav', 1, 0, 1, 4, 1, NULL, 'pagekey'),
(15, 'profile_private_messages_enabled', 'I would like to receive private messages.', 1, 0, 0, 4, 2, NULL, 'userkey'),
(16, 'profile_private_messages_notification_enabled', 'Send me email notifications when I receive a private message.', 1, 0, 0, 4, 2, NULL, 'userkey'),
(17, 'width', 'Width', 1, 0, 0, 7, 3, NULL, 'filekey'),
(18, 'height', 'Height', 1, 0, 0, 7, 3, NULL, 'filekey'),
(19, 'account_profile_links', 'Personal Links', 0, 0, 0, 15, 2, NULL, 'userkey'),
(20, 'duration', 'Duration', 1, 0, 0, 7, 3, NULL, 'filekey'),
(21, 'thumbnail', 'Thumbnail', 1, 0, 1, 6, 1, NULL, 'pagekey'),
(22, 'email_address', 'Email Address', 1, 0, 1, 12, 7, NULL, 'expresskey'),
(23, 'contact_question_first_name', 'First Name', 1, 0, 1, 1, 7, NULL, 'expresskey'),
(24, 'contact_question_last_name', 'Last Name', 1, 0, 1, 1, 7, NULL, 'expresskey'),
(25, 'contact_question_email_address', 'Email Address', 1, 0, 1, 12, 7, NULL, 'expresskey'),
(26, 'contact_question_subject', 'Subject', 1, 0, 1, 8, 7, NULL, 'expresskey'),
(27, 'contact_question_message', 'Message', 1, 0, 1, 3, 7, NULL, 'expresskey'),
(28, 'blog_entry_topics', 'Blog Entry Topics', 1, 0, 1, 14, 1, NULL, 'pagekey');

-- --------------------------------------------------------

--
-- Table structure for table `AttributeSetKeys`
--

CREATE TABLE `AttributeSetKeys` (
  `asDisplayOrder` int(10) unsigned NOT NULL,
  `akID` int(10) unsigned NOT NULL,
  `asID` int(10) unsigned NOT NULL,
  PRIMARY KEY (`akID`,`asID`),
  KEY `IDX_222F72D8B6561A7E` (`akID`),
  KEY `IDX_222F72D8A463E8B6` (`asID`)
) ENGINE=InnoDB DEFAULT CHARSET=utf8mb4 COLLATE=utf8mb4_unicode_ci;

--
-- Dumping data for table `AttributeSetKeys`
--

INSERT INTO `AttributeSetKeys` VALUES
(0, 1, 1),
(1, 2, 1),
(1, 7, 2),
(2, 8, 2),
(2, 9, 1),
(4, 10, 2),
(0, 11, 2),
(3, 12, 2),
(3, 13, 1),
(0, 28, 3);

-- --------------------------------------------------------

--
-- Table structure for table `AttributeSets`
--

CREATE TABLE `AttributeSets` (
  `asID` int(10) unsigned NOT NULL AUTO_INCREMENT,
  `asHandle` varchar(255) COLLATE utf8mb4_unicode_ci NOT NULL,
  `asName` varchar(255) COLLATE utf8mb4_unicode_ci NOT NULL,
  `asDisplayOrder` int(10) unsigned NOT NULL,
  `asIsLocked` tinyint(1) NOT NULL,
  `akCategoryID` int(10) unsigned DEFAULT NULL,
  `pkgID` int(10) unsigned DEFAULT NULL,
  PRIMARY KEY (`asID`),
  KEY `IDX_FCA02D5FB059B76B` (`akCategoryID`),
  KEY `asHandle` (`asHandle`),
  KEY `pkgID` (`pkgID`)
) ENGINE=InnoDB  DEFAULT CHARSET=utf8mb4 COLLATE=utf8mb4_unicode_ci AUTO_INCREMENT=4 ;

--
-- Dumping data for table `AttributeSets`
--

INSERT INTO `AttributeSets` VALUES
(1, 'seo', 'SEO', 0, 0, 1, NULL),
(2, 'navigation', 'Navigation and Indexing', 0, 0, 1, NULL),
(3, 'blog', 'Blog', 0, 0, 1, NULL);

-- --------------------------------------------------------

--
-- Table structure for table `AttributeTypeCategories`
--

CREATE TABLE `AttributeTypeCategories` (
  `akCategoryID` int(10) unsigned NOT NULL,
  `atID` int(10) unsigned NOT NULL,
  PRIMARY KEY (`akCategoryID`,`atID`),
  KEY `IDX_49A9CABEB059B76B` (`akCategoryID`),
  KEY `IDX_49A9CABEA12CFE33` (`atID`)
) ENGINE=InnoDB DEFAULT CHARSET=utf8mb4 COLLATE=utf8mb4_unicode_ci;

--
-- Dumping data for table `AttributeTypeCategories`
--

INSERT INTO `AttributeTypeCategories` VALUES
(1, 1),
(1, 2),
(1, 3),
(1, 4),
(1, 5),
(1, 6),
(1, 7),
(1, 8),
(1, 10),
(1, 11),
(1, 12),
(1, 13),
(1, 14),
(1, 16),
(1, 17),
(1, 18),
(1, 19),
(1, 20),
(1, 21),
(2, 1),
(2, 2),
(2, 3),
(2, 4),
(2, 5),
(2, 7),
(2, 8),
(2, 9),
(2, 10),
(2, 11),
(2, 12),
(2, 14),
(2, 15),
(2, 18),
(2, 20),
(2, 21),
(3, 1),
(3, 2),
(3, 3),
(3, 4),
(3, 5),
(3, 7),
(3, 8),
(3, 10),
(3, 11),
(3, 12),
(3, 13),
(3, 14),
(3, 18),
(3, 20),
(3, 21),
(4, 1),
(4, 2),
(4, 3),
(4, 4),
(4, 5),
(4, 6),
(4, 7),
(4, 8),
(4, 9),
(4, 10),
(4, 11),
(4, 12),
(4, 14),
(4, 16),
(4, 18),
(4, 19),
(4, 20),
(4, 22),
(5, 1),
(5, 2),
(5, 3),
(5, 4),
(5, 5),
(5, 6),
(5, 7),
(5, 8),
(5, 9),
(5, 10),
(5, 11),
(5, 12),
(5, 14),
(5, 20),
(6, 1),
(6, 2),
(6, 3),
(6, 4),
(6, 5),
(6, 6),
(6, 7),
(6, 8),
(6, 9),
(6, 10),
(6, 11),
(6, 12),
(6, 14),
(6, 16),
(6, 18),
(6, 19),
(6, 20),
(6, 22),
(7, 1),
(7, 2),
(7, 3),
(7, 4),
(7, 5),
(7, 6),
(7, 7),
(7, 8),
(7, 9),
(7, 10),
(7, 11),
(7, 12),
(7, 13),
(7, 14),
(7, 16),
(7, 17),
(7, 19),
(7, 20),
(7, 21),
(7, 22);

-- --------------------------------------------------------

--
-- Table structure for table `AttributeTypes`
--

CREATE TABLE `AttributeTypes` (
  `atID` int(10) unsigned NOT NULL AUTO_INCREMENT,
  `atHandle` varchar(255) COLLATE utf8mb4_unicode_ci NOT NULL,
  `atName` varchar(255) COLLATE utf8mb4_unicode_ci NOT NULL,
  `pkgID` int(10) unsigned DEFAULT NULL,
  PRIMARY KEY (`atID`),
  UNIQUE KEY `UNIQ_53580A7F46AA0F38` (`atHandle`),
  KEY `IDX_53580A7FCE45CBB0` (`pkgID`),
  KEY `pkgID` (`pkgID`,`atID`)
) ENGINE=InnoDB  DEFAULT CHARSET=utf8mb4 COLLATE=utf8mb4_unicode_ci AUTO_INCREMENT=23 ;

--
-- Dumping data for table `AttributeTypes`
--

INSERT INTO `AttributeTypes` VALUES
(1, 'text', 'Text', NULL),
(2, 'duration', 'Duration', NULL),
(3, 'textarea', 'Text Area', NULL),
(4, 'boolean', 'Checkbox', NULL),
(5, 'date_time', 'Date/Time', NULL),
(6, 'image_file', 'Image/File', NULL),
(7, 'number', 'Number', NULL),
(8, 'select', 'Option List', NULL),
(9, 'address', 'Address', NULL),
(10, 'telephone', 'Phone Number', NULL),
(11, 'url', 'URL', NULL),
(12, 'email', 'Email', NULL),
(13, 'rating', 'Rating', NULL),
(14, 'topics', 'Topics', NULL),
(15, 'social_links', 'Social Links', NULL),
(16, 'calendar', 'Calendar', NULL),
(17, 'calendar_event', 'Calendar Event', NULL),
(18, 'express', 'Express Entity', NULL),
(19, 'page_selector', 'Page Selector', NULL),
(20, 'user_selector', 'User Selector', NULL),
(21, 'site', 'Site', NULL),
(22, 'user_group', 'User Group', NULL);

-- --------------------------------------------------------

--
-- Table structure for table `AttributeValues`
--

CREATE TABLE `AttributeValues` (
  `avID` int(10) unsigned NOT NULL AUTO_INCREMENT,
  `akID` int(10) unsigned DEFAULT NULL,
  PRIMARY KEY (`avID`),
  KEY `IDX_DCCE7864B6561A7E` (`akID`)
) ENGINE=InnoDB  DEFAULT CHARSET=utf8mb4 COLLATE=utf8mb4_unicode_ci AUTO_INCREMENT=300 ;

--
-- Dumping data for table `AttributeValues`
--

INSERT INTO `AttributeValues` VALUES
(2, 3),
(3, 3),
(4, 3),
(5, 3),
(6, 3),
(8, 3),
(9, 3),
(11, 3),
(12, 3),
(13, 3),
(14, 3),
(15, 3),
(16, 3),
(17, 3),
(18, 3),
(20, 3),
(22, 3),
(45, 3),
(46, 3),
(49, 3),
(50, 3),
(52, 3),
(53, 3),
(54, 3),
(55, 3),
(56, 3),
(66, 3),
(67, 3),
(68, 3),
(74, 3),
(77, 3),
(78, 3),
(79, 3),
(80, 3),
(81, 3),
(82, 3),
(83, 3),
(84, 3),
(85, 3),
(86, 3),
(87, 3),
(88, 3),
(90, 3),
(91, 3),
(92, 3),
(93, 3),
(95, 3),
(96, 3),
(99, 3),
(100, 3),
(101, 3),
(112, 3),
(113, 3),
(114, 3),
(115, 3),
(116, 3),
(117, 3),
(118, 3),
(119, 3),
(120, 3),
(121, 3),
(122, 3),
(124, 3),
(125, 3),
(126, 3),
(127, 3),
(128, 3),
(129, 3),
(130, 3),
(131, 3),
(132, 3),
(133, 3),
(134, 3),
(135, 3),
(136, 3),
(137, 3),
(138, 3),
(139, 3),
(140, 3),
(141, 3),
(142, 3),
(145, 3),
(146, 3),
(147, 3),
(148, 3),
(149, 3),
(150, 3),
(151, 3),
(152, 3),
(153, 3),
(154, 3),
(155, 3),
(156, 3),
(157, 3),
(158, 3),
(159, 3),
(160, 3),
(161, 3),
(162, 3),
(163, 3),
(164, 3),
(165, 3),
(166, 3),
(167, 3),
(168, 3),
(169, 3),
(170, 3),
(172, 3),
(173, 3),
(174, 3),
(175, 3),
(176, 3),
(177, 3),
(178, 3),
(179, 3),
(180, 3),
(181, 3),
(182, 4),
(191, 4),
(183, 5),
(192, 5),
(1, 6),
(73, 6),
(185, 6),
(186, 6),
(187, 6),
(189, 6),
(190, 6),
(7, 7),
(10, 7),
(19, 7),
(21, 7),
(23, 7),
(25, 7),
(27, 7),
(29, 7),
(31, 7),
(33, 7),
(35, 7),
(37, 7),
(39, 7),
(41, 7),
(43, 7),
(47, 7),
(51, 7),
(57, 7),
(58, 7),
(59, 7),
(60, 7),
(61, 7),
(62, 7),
(63, 7),
(64, 7),
(65, 7),
(69, 7),
(71, 7),
(75, 7),
(94, 7),
(97, 7),
(102, 7),
(104, 7),
(106, 7),
(108, 7),
(110, 7),
(123, 7),
(143, 7),
(144, 7),
(184, 7),
(193, 7),
(278, 7),
(281, 7),
(284, 7),
(299, 7),
(279, 8),
(282, 8),
(285, 8),
(287, 10),
(289, 10),
(291, 10),
(293, 10),
(295, 10),
(297, 10),
(24, 12),
(26, 12),
(28, 12),
(30, 12),
(32, 12),
(34, 12),
(36, 12),
(38, 12),
(40, 12),
(42, 12),
(44, 12),
(48, 12),
(70, 12),
(72, 12),
(76, 12),
(89, 12),
(98, 12),
(103, 12),
(105, 12),
(107, 12),
(109, 12),
(111, 12),
(171, 12),
(188, 12),
(280, 12),
(283, 12),
(286, 12),
(264, 14),
(265, 14),
(194, 17),
(196, 17),
(198, 17),
(200, 17),
(202, 17),
(204, 17),
(206, 17),
(208, 17),
(210, 17),
(212, 17),
(214, 17),
(216, 17),
(218, 17),
(220, 17),
(222, 17),
(224, 17),
(226, 17),
(228, 17),
(230, 17),
(232, 17),
(234, 17),
(236, 17),
(238, 17),
(240, 17),
(242, 17),
(244, 17),
(246, 17),
(248, 17),
(250, 17),
(252, 17),
(254, 17),
(256, 17),
(258, 17),
(260, 17),
(262, 17),
(195, 18),
(197, 18),
(199, 18),
(201, 18),
(203, 18),
(205, 18),
(207, 18),
(209, 18),
(211, 18),
(213, 18),
(215, 18),
(217, 18),
(219, 18),
(221, 18),
(223, 18),
(225, 18),
(227, 18),
(229, 18),
(231, 18),
(233, 18),
(235, 18),
(237, 18),
(239, 18),
(241, 18),
(243, 18),
(245, 18),
(247, 18),
(249, 18),
(251, 18),
(253, 18),
(255, 18),
(257, 18),
(259, 18),
(261, 18),
(263, 18),
(266, 21),
(268, 21),
(270, 21),
(272, 21),
(274, 21),
(276, 21),
(288, 21),
(290, 21),
(292, 21),
(294, 21),
(296, 21),
(298, 21),
(267, 28),
(269, 28),
(271, 28),
(273, 28),
(275, 28),
(277, 28);

-- --------------------------------------------------------

--
-- Table structure for table `atUserGroupSettings`
--

CREATE TABLE `atUserGroupSettings` (
  `akDisplayGroupsBeneathSpecificParent` tinyint(1) NOT NULL,
  `akDisplayGroupsBeneathParentID` int(11) NOT NULL,
  `akGroupSelectionMethod` varchar(255) COLLATE utf8mb4_unicode_ci NOT NULL,
  `akID` int(10) unsigned NOT NULL,
  PRIMARY KEY (`akID`)
) ENGINE=InnoDB DEFAULT CHARSET=utf8mb4 COLLATE=utf8mb4_unicode_ci;

-- --------------------------------------------------------

--
-- Table structure for table `AuthenticationTypes`
--

CREATE TABLE `AuthenticationTypes` (
  `authTypeID` int(10) unsigned NOT NULL AUTO_INCREMENT,
  `authTypeHandle` varchar(255) COLLATE utf8mb4_unicode_ci NOT NULL,
  `authTypeName` varchar(255) COLLATE utf8mb4_unicode_ci NOT NULL,
  `authTypeIsEnabled` tinyint(1) NOT NULL,
  `authTypeDisplayOrder` int(10) unsigned DEFAULT NULL,
  `pkgID` int(10) unsigned DEFAULT NULL,
  PRIMARY KEY (`authTypeID`),
  UNIQUE KEY `authTypeHandle` (`authTypeHandle`),
  KEY `pkgID` (`pkgID`)
) ENGINE=InnoDB  DEFAULT CHARSET=utf8mb4 COLLATE=utf8mb4_unicode_ci AUTO_INCREMENT=6 ;

--
-- Dumping data for table `AuthenticationTypes`
--

INSERT INTO `AuthenticationTypes` VALUES
(1, 'concrete', 'Standard', 1, 0, 0),
(2, 'community', 'community.concretecms.com', 0, 0, 0),
(3, 'facebook', 'Facebook', 0, 0, 0),
(4, 'google', 'Google', 0, 0, 0),
(5, 'external_concrete', 'External Concrete Site', 0, 0, 0);

-- --------------------------------------------------------

--
-- Table structure for table `authTypeConcreteCookieMap`
--

CREATE TABLE `authTypeConcreteCookieMap` (
  `ID` int(10) unsigned NOT NULL AUTO_INCREMENT,
  `token` varchar(64) COLLATE utf8mb4_unicode_ci DEFAULT NULL,
  `uID` int(11) DEFAULT NULL,
  `validThrough` int(11) DEFAULT NULL,
  PRIMARY KEY (`ID`),
  UNIQUE KEY `token` (`token`),
  KEY `uID` (`uID`)
) ENGINE=InnoDB DEFAULT CHARSET=utf8mb4 COLLATE=utf8mb4_unicode_ci AUTO_INCREMENT=1 ;

-- --------------------------------------------------------

--
-- Table structure for table `BannedWords`
--

CREATE TABLE `BannedWords` (
  `bwID` int(10) unsigned NOT NULL AUTO_INCREMENT,
  `bannedWord` varchar(255) COLLATE utf8mb4_unicode_ci NOT NULL,
  PRIMARY KEY (`bwID`)
) ENGINE=InnoDB  DEFAULT CHARSET=utf8mb4 COLLATE=utf8mb4_unicode_ci AUTO_INCREMENT=5 ;

--
-- Dumping data for table `BannedWords`
--

INSERT INTO `BannedWords` VALUES
(1, 'fuck'),
(2, 'shit'),
(3, 'bitch'),
(4, 'ass');

-- --------------------------------------------------------

--
-- Table structure for table `BasicWorkflowPermissionAssignments`
--

CREATE TABLE `BasicWorkflowPermissionAssignments` (
  `wfID` int(10) unsigned NOT NULL DEFAULT '0',
  `pkID` int(10) unsigned NOT NULL DEFAULT '0',
  `paID` int(10) unsigned NOT NULL DEFAULT '0',
  PRIMARY KEY (`wfID`,`pkID`,`paID`),
  KEY `pkID` (`pkID`),
  KEY `paID` (`paID`)
) ENGINE=InnoDB DEFAULT CHARSET=utf8mb4 COLLATE=utf8mb4_unicode_ci;

-- --------------------------------------------------------

--
-- Table structure for table `BasicWorkflowProgressData`
--

CREATE TABLE `BasicWorkflowProgressData` (
  `wpID` int(10) unsigned NOT NULL DEFAULT '0',
  `uIDStarted` int(10) unsigned NOT NULL DEFAULT '0',
  `uIDCompleted` int(10) unsigned NOT NULL DEFAULT '0',
  `wpDateCompleted` datetime DEFAULT NULL,
  PRIMARY KEY (`wpID`),
  KEY `uIDStarted` (`uIDStarted`),
  KEY `uIDCompleted` (`uIDCompleted`)
) ENGINE=InnoDB DEFAULT CHARSET=utf8mb4 COLLATE=utf8mb4_unicode_ci;

-- --------------------------------------------------------

--
-- Table structure for table `BlockPermissionAssignments`
--

CREATE TABLE `BlockPermissionAssignments` (
  `cID` int(10) unsigned NOT NULL DEFAULT '0',
  `cvID` int(10) unsigned NOT NULL DEFAULT '0',
  `bID` int(10) unsigned NOT NULL DEFAULT '0',
  `pkID` int(10) unsigned NOT NULL DEFAULT '0',
  `paID` int(10) unsigned NOT NULL DEFAULT '0',
  PRIMARY KEY (`cID`,`cvID`,`bID`,`pkID`,`paID`),
  KEY `bID` (`bID`),
  KEY `pkID` (`pkID`),
  KEY `paID` (`paID`)
) ENGINE=InnoDB DEFAULT CHARSET=utf8mb4 COLLATE=utf8mb4_unicode_ci;

-- --------------------------------------------------------

--
-- Table structure for table `Blocks`
--

CREATE TABLE `Blocks` (
  `bID` int(10) unsigned NOT NULL AUTO_INCREMENT,
  `bName` varchar(60) COLLATE utf8mb4_unicode_ci DEFAULT NULL,
  `bDateAdded` datetime NOT NULL DEFAULT '1000-01-01 00:00:00',
  `bDateModified` datetime NOT NULL DEFAULT '1000-01-01 00:00:00',
  `bFilename` varchar(255) COLLATE utf8mb4_unicode_ci DEFAULT NULL,
  `bIsActive` varchar(1) COLLATE utf8mb4_unicode_ci NOT NULL DEFAULT '1',
  `btID` int(10) unsigned NOT NULL DEFAULT '0',
  `uID` int(10) unsigned DEFAULT NULL,
  `btCachedBlockRecord` longtext COLLATE utf8mb4_unicode_ci,
  PRIMARY KEY (`bID`),
  KEY `btID` (`btID`),
  KEY `uID` (`uID`)
) ENGINE=InnoDB  DEFAULT CHARSET=utf8mb4 COLLATE=utf8mb4_unicode_ci AUTO_INCREMENT=153 ;

--
-- Dumping data for table `Blocks`
--

INSERT INTO `Blocks` VALUES
(1, '', '[[date_gmt]]', '[[date_gmt]]', NULL, '0', 43, 1, NULL),
(2, '', '[[date_gmt]]', '[[date_gmt]]', NULL, '0', 52, 1, NULL),
(3, '', '[[date_gmt]]', '[[date_gmt]]', NULL, '0', 47, 1, NULL),
(4, '', '[[date_gmt]]', '[[date_gmt]]', NULL, '0', 44, 1, NULL),
(5, '', '[[date_gmt]]', '[[date_gmt]]', NULL, '0', 51, 1, NULL),
(6, '', '[[date_gmt]]', '[[date_gmt]]', NULL, '0', 52, 1, NULL),
(7, '', '[[date_gmt]]', '[[date_gmt]]', NULL, '0', 19, 1, NULL),
(8, '', '[[date_gmt]]', '[[date_gmt]]', NULL, '0', 19, 1, NULL),
(9, '', '[[date_gmt]]', '[[date_gmt]]', NULL, '0', 52, 1, NULL),
(10, '', '[[date_gmt]]', '[[date_gmt]]', NULL, '0', 50, 1, NULL),
(11, '', '[[date_gmt]]', '[[date_gmt]]', NULL, '0', 50, 1, NULL),
(12, '', '[[date_gmt]]', '[[date_gmt]]', NULL, '0', 50, 1, NULL),
(13, '', '[[date_gmt]]', '[[date_gmt]]', NULL, '0', 52, 1, NULL),
(14, '', '[[date_gmt]]', '[[date_gmt]]', NULL, '0', 48, 1, NULL),
(15, '', '[[date_gmt]]', '[[date_gmt]]', NULL, '0', 52, 1, NULL),
(16, '', '[[date_gmt]]', '[[date_gmt]]', NULL, '0', 49, 1, NULL),
(17, '', '[[date_gmt]]', '[[date_gmt]]', NULL, '0', 52, 1, NULL),
(18, '', '[[date_gmt]]', '[[date_gmt]]', NULL, '0', 48, 1, NULL),
(19, '', '[[date_gmt]]', '[[date_gmt]]', NULL, '0', 52, 1, NULL),
(20, '', '[[date_gmt]]', '[[date_gmt]]', NULL, '0', 49, 1, NULL),
(21, '', '[[date_gmt]]', '[[date_gmt]]', NULL, '0', 55, 1, NULL),
(22, '', '[[date_gmt]]', '[[date_gmt]]', NULL, '0', 21, 1, NULL),
(23, '', '[[date_gmt]]', '[[date_gmt]]', 'byline.php', '0', 10, 1, NULL),
(24, '', '[[date_gmt]]', '[[date_gmt]]', NULL, '0', 55, 1, NULL),
(25, '', '[[date_gmt]]', '[[date_gmt]]', NULL, '0', 31, 1, NULL),
(26, '', '[[date_gmt]]', '[[date_gmt]]', NULL, '0', 15, 1, NULL),
(27, '', '[[date_gmt]]', '[[date_gmt]]', NULL, '0', 18, 1, NULL),
(28, '', '[[date_gmt]]', '[[date_gmt]]', NULL, '0', 54, 1, NULL),
(29, '', '[[date_gmt]]', '[[date_gmt]]', NULL, '0', 1, 1, NULL),
(30, '', '[[date_gmt]]', '[[date_gmt]]', 'blog_entry_grid.php', '0', 14, 1, NULL),
(31, '', '[[date_gmt]]', '[[date_gmt]]', NULL, '0', 21, 1, NULL),
(32, '', '[[date_gmt]]', '[[date_gmt]]', NULL, '0', 35, 1, NULL),
(33, '', '[[date_gmt]]', '[[date_gmt]]', NULL, '0', 10, 1, NULL),
(34, '', '[[date_gmt]]', '[[date_gmt]]', NULL, '0', 55, 1, NULL),
(35, '', '[[date_gmt]]', '[[date_gmt]]', NULL, '0', 11, 1, NULL),
(36, '', '[[date_gmt]]', '[[date_gmt]]', NULL, '0', 1, 1, NULL),
(37, '', '[[date_gmt]]', '[[date_gmt]]', NULL, '0', 29, 1, NULL),
(38, '', '[[date_gmt]]', '[[date_gmt]]', NULL, '0', 1, 1, NULL),
(39, '', '[[date_gmt]]', '[[date_gmt]]', NULL, '0', 1, 1, NULL),
(40, '', '[[date_gmt]]', '[[date_gmt]]', NULL, '0', 1, 1, NULL),
(41, '', '[[date_gmt]]', '[[date_gmt]]', NULL, '0', 22, 1, NULL),
(42, '', '[[date_gmt]]', '[[date_gmt]]', NULL, '0', 18, 1, NULL),
(43, '', '[[date_gmt]]', '[[date_gmt]]', NULL, '0', 16, 1, NULL),
(44, '', '[[date_gmt]]', '[[date_gmt]]', NULL, '0', 3, 1, NULL),
(45, '', '[[date_gmt]]', '[[date_gmt]]', NULL, '0', 54, 1, NULL),
(46, '', '[[date_gmt]]', '[[date_gmt]]', NULL, '0', 8, 1, NULL),
(47, '', '[[date_gmt]]', '[[date_gmt]]', NULL, '0', 4, 1, NULL),
(48, '', '[[date_gmt]]', '[[date_gmt]]', NULL, '0', 1, 1, NULL),
(49, '', '[[date_gmt]]', '[[date_gmt]]', 'wide_gutters.php', '0', 52, 1, NULL),
(50, '', '[[date_gmt]]', '[[date_gmt]]', 'stacked_primary.php', '0', 7, 1, NULL),
(51, '', '[[date_gmt]]', '[[date_gmt]]', 'stacked_primary.php', '0', 7, 1, NULL),
(52, '', '[[date_gmt]]', '[[date_gmt]]', 'stacked_primary.php', '0', 7, 1, NULL),
(53, '', '[[date_gmt]]', '[[date_gmt]]', NULL, '0', 42, 1, NULL),
(54, '', '[[date_gmt]]', '[[date_gmt]]', 'offset_title.php', '0', 3, 1, NULL),
(55, '', '[[date_gmt]]', '[[date_gmt]]', NULL, '0', 54, 1, NULL),
(56, '', '[[date_gmt]]', '[[date_gmt]]', NULL, '0', 4, 1, NULL),
(57, '', '[[date_gmt]]', '[[date_gmt]]', NULL, '0', 8, 1, NULL),
(58, '', '[[date_gmt]]', '[[date_gmt]]', NULL, '0', 36, 1, NULL),
(59, '', '[[date_gmt]]', '[[date_gmt]]', NULL, '0', 54, 1, NULL),
(60, '', '[[date_gmt]]', '[[date_gmt]]', NULL, '0', 1, 1, NULL),
(61, '', '[[date_gmt]]', '[[date_gmt]]', 'blog_entry_grid.php', '0', 14, 1, NULL),
(62, '', '[[date_gmt]]', '[[date_gmt]]', 'logos.php', '0', 42, 1, NULL),
(63, '', '[[date_gmt]]', '[[date_gmt]]', 'hero_testimonial.php', '0', 30, 1, NULL),
(64, '', '[[date_gmt]]', '[[date_gmt]]', 'hero_slider.php', '0', 36, 1, NULL),
(65, '', '[[date_gmt]]', '[[date_gmt]]', NULL, '0', 54, 1, NULL),
(66, '', '[[date_gmt]]', '[[date_gmt]]', NULL, '0', 8, 1, NULL),
(67, '', '[[date_gmt]]', '[[date_gmt]]', NULL, '0', 4, 1, NULL),
(68, '', '[[date_gmt]]', '[[date_gmt]]', NULL, '0', 1, 1, NULL),
(69, '', '[[date_gmt]]', '[[date_gmt]]', NULL, '0', 54, 1, NULL),
(70, '', '[[date_gmt]]', '[[date_gmt]]', 'stacked.php', '0', 7, 1, NULL),
(71, '', '[[date_gmt]]', '[[date_gmt]]', 'stacked.php', '0', 7, 1, NULL),
(72, '', '[[date_gmt]]', '[[date_gmt]]', 'stacked.php', '0', 7, 1, NULL),
(73, '', '[[date_gmt]]', '[[date_gmt]]', 'stacked.php', '0', 7, 1, NULL),
(74, '', '[[date_gmt]]', '[[date_gmt]]', 'stacked.php', '0', 7, 1, NULL),
(75, '', '[[date_gmt]]', '[[date_gmt]]', 'stacked.php', '0', 7, 1, NULL),
(76, '', '[[date_gmt]]', '[[date_gmt]]', NULL, '0', 54, 1, NULL),
(77, '', '[[date_gmt]]', '[[date_gmt]]', NULL, '0', 4, 1, NULL),
(78, '', '[[date_gmt]]', '[[date_gmt]]', NULL, '0', 8, 1, NULL),
(79, '', '[[date_gmt]]', '[[date_gmt]]', NULL, '0', 54, 1, NULL),
(80, '', '[[date_gmt]]', '[[date_gmt]]', NULL, '0', 4, 1, NULL),
(81, '', '[[date_gmt]]', '[[date_gmt]]', NULL, '0', 8, 1, NULL),
(82, '', '[[date_gmt]]', '[[date_gmt]]', NULL, '0', 4, 1, NULL),
(83, '', '[[date_gmt]]', '[[date_gmt]]', NULL, '0', 8, 1, NULL),
(84, '', '[[date_gmt]]', '[[date_gmt]]', NULL, '0', 1, 1, NULL),
(85, '', '[[date_gmt]]', '[[date_gmt]]', NULL, '0', 54, 1, NULL),
(86, '', '[[date_gmt]]', '[[date_gmt]]', NULL, '0', 30, 1, NULL),
(87, '', '[[date_gmt]]', '[[date_gmt]]', NULL, '0', 30, 1, NULL),
(88, '', '[[date_gmt]]', '[[date_gmt]]', NULL, '0', 30, 1, NULL),
(89, '', '[[date_gmt]]', '[[date_gmt]]', NULL, '0', 30, 1, NULL),
(90, '', '[[date_gmt]]', '[[date_gmt]]', NULL, '0', 30, 1, NULL),
(91, '', '[[date_gmt]]', '[[date_gmt]]', NULL, '0', 30, 1, NULL),
(92, '', '[[date_gmt]]', '[[date_gmt]]', NULL, '0', 3, 1, NULL),
(93, '', '[[date_gmt]]', '[[date_gmt]]', NULL, '0', 54, 1, NULL),
(94, '', '[[date_gmt]]', '[[date_gmt]]', NULL, '0', 1, 1, NULL),
(95, '', '[[date_gmt]]', '[[date_gmt]]', NULL, '0', 54, 1, NULL),
(96, '', '[[date_gmt]]', '[[date_gmt]]', 'stacked.php', '0', 7, 1, NULL),
(97, '', '[[date_gmt]]', '[[date_gmt]]', 'stacked.php', '0', 7, 1, NULL),
(98, '', '[[date_gmt]]', '[[date_gmt]]', 'stacked.php', '0', 7, 1, NULL),
(99, '', '[[date_gmt]]', '[[date_gmt]]', 'stacked.php', '0', 7, 1, NULL),
(100, '', '[[date_gmt]]', '[[date_gmt]]', NULL, '0', 52, 1, NULL),
(101, '', '[[date_gmt]]', '[[date_gmt]]', NULL, '0', 1, 1, NULL),
(102, '', '[[date_gmt]]', '[[date_gmt]]', NULL, '0', 1, 1, NULL),
(103, '', '[[date_gmt]]', '[[date_gmt]]', NULL, '0', 1, 1, NULL),
(104, '', '[[date_gmt]]', '[[date_gmt]]', NULL, '0', 54, 1, NULL),
(105, '', '[[date_gmt]]', '[[date_gmt]]', 'testimonial_circle.php', '0', 30, 1, NULL),
(106, '', '[[date_gmt]]', '[[date_gmt]]', 'testimonial_circle.php', '0', 30, 1, NULL),
(107, '', '[[date_gmt]]', '[[date_gmt]]', 'testimonial_circle.php', '0', 30, 1, NULL),
(108, '', '[[date_gmt]]', '[[date_gmt]]', 'testimonial_circle.php', '0', 30, 1, NULL),
(109, '', '[[date_gmt]]', '[[date_gmt]]', 'testimonial_circle.php', '0', 30, 1, NULL),
(110, '', '[[date_gmt]]', '[[date_gmt]]', 'testimonial_circle.php', '0', 30, 1, NULL),
(111, '', '[[date_gmt]]', '[[date_gmt]]', NULL, '0', 41, 1, NULL),
(112, '', '[[date_gmt]]', '[[date_gmt]]', NULL, '0', 10, 1, NULL),
(113, '', '[[date_gmt]]', '[[date_gmt]]', NULL, '0', 54, 1, NULL),
(114, '', '[[date_gmt]]', '[[date_gmt]]', NULL, '0', 1, 1, NULL),
(115, '', '[[date_gmt]]', '[[date_gmt]]', 'blog_entry_grid.php', '0', 14, 1, NULL),
(116, '', '[[date_gmt]]', '[[date_gmt]]', NULL, '0', 10, 1, NULL),
(117, '', '[[date_gmt]]', '[[date_gmt]]', NULL, '0', 12, 1, NULL),
(118, '', '[[date_gmt]]', '[[date_gmt]]', NULL, '0', 3, 1, NULL),
(119, '', '[[date_gmt]]', '[[date_gmt]]', NULL, '0', 52, 1, NULL),
(120, '', '[[date_gmt]]', '[[date_gmt]]', NULL, '0', 40, 1, NULL),
(121, '', '[[date_gmt]]', '[[date_gmt]]', 'primary_border_top.php', '0', 1, 1, NULL),
(122, '', '[[date_gmt]]', '[[date_gmt]]', NULL, '0', 1, 1, NULL),
(123, '', '[[date_gmt]]', '[[date_gmt]]', 'padded_form.php', '0', 22, 1, NULL),
(124, '', '[[date_gmt]]', '[[date_gmt]]', 'resource_list.php', '0', 14, 1, NULL),
(125, '', '[[date_gmt]]', '[[date_gmt]]', NULL, '0', 3, 1, NULL),
(126, '', '[[date_gmt]]', '[[date_gmt]]', NULL, '0', 1, 1, NULL),
(127, '', '[[date_gmt]]', '[[date_gmt]]', NULL, '0', 1, 1, NULL),
(128, '', '[[date_gmt]]', '[[date_gmt]]', NULL, '0', 1, 1, NULL),
(129, '', '[[date_gmt]]', '[[date_gmt]]', NULL, '0', 1, 1, NULL),
(130, '', '[[date_gmt]]', '[[date_gmt]]', NULL, '0', 1, 1, NULL),
(131, '', '[[date_gmt]]', '[[date_gmt]]', NULL, '0', 1, 1, NULL),
(132, '', '[[date_gmt]]', '[[date_gmt]]', NULL, '0', 3, 1, NULL),
(133, '', '[[date_gmt]]', '[[date_gmt]]', 'icon_grid.php', '0', 38, 1, NULL),
(134, '', '[[date_gmt]]', '[[date_gmt]]', NULL, '0', 1, 1, NULL),
(135, '', '[[date_gmt]]', '[[date_gmt]]', NULL, '0', 10, 1, NULL),
(136, '', '[[date_gmt]]', '[[date_gmt]]', NULL, '0', 23, 1, NULL),
(137, '', '[[date_gmt]]', '[[date_gmt]]', 'blog_entry_grid.php', '0', 14, 1, NULL),
(138, '', '[[date_gmt]]', '[[date_gmt]]', NULL, '0', 10, 1, NULL),
(139, '', '[[date_gmt]]', '[[date_gmt]]', NULL, '0', 1, 1, NULL),
(140, '', '[[date_gmt]]', '[[date_gmt]]', NULL, '0', 13, 1, NULL),
(141, '', '[[date_gmt]]', '[[date_gmt]]', NULL, '0', 1, 1, NULL),
(142, '', '[[date_gmt]]', '[[date_gmt]]', NULL, '0', 1, 1, NULL),
(143, '', '[[date_gmt]]', '[[date_gmt]]', NULL, '0', 1, 1, NULL),
(144, '', '[[date_gmt]]', '[[date_gmt]]', NULL, '0', 1, 1, NULL),
(145, '', '[[date_gmt]]', '[[date_gmt]]', NULL, '0', 1, 1, NULL),
(146, '', '[[date_gmt]]', '[[date_gmt]]', NULL, '0', 10, 1, NULL),
(147, '', '[[date_gmt]]', '[[date_gmt]]', NULL, '0', 1, 1, NULL),
(148, '', '[[date_gmt]]', '[[date_gmt]]', NULL, '0', 9, 1, NULL),
(149, '', '[[date_gmt]]', '[[date_gmt]]', NULL, '0', 53, 1, NULL),
(150, '', '[[date_gmt]]', '[[date_gmt]]', NULL, '0', 53, 1, NULL),
(151, '', '[[date_gmt]]', '[[date_gmt]]', NULL, '0', 53, 1, NULL),
(152, '', '[[date_gmt]]', '[[date_gmt]]', NULL, '0', 53, 1, NULL);

-- --------------------------------------------------------

--
-- Table structure for table `BlockTypePermissionBlockTypeAccessList`
--

CREATE TABLE `BlockTypePermissionBlockTypeAccessList` (
  `paID` int(10) unsigned NOT NULL DEFAULT '0',
  `peID` int(10) unsigned NOT NULL DEFAULT '0',
  `permission` varchar(1) COLLATE utf8mb4_unicode_ci NOT NULL DEFAULT '1',
  PRIMARY KEY (`paID`,`peID`),
  KEY `peID` (`peID`)
) ENGINE=InnoDB DEFAULT CHARSET=utf8mb4 COLLATE=utf8mb4_unicode_ci;

-- --------------------------------------------------------

--
-- Table structure for table `BlockTypePermissionBlockTypeAccessListCustom`
--

CREATE TABLE `BlockTypePermissionBlockTypeAccessListCustom` (
  `paID` int(10) unsigned NOT NULL DEFAULT '0',
  `peID` int(10) unsigned NOT NULL DEFAULT '0',
  `btID` int(10) unsigned NOT NULL DEFAULT '0',
  PRIMARY KEY (`paID`,`peID`,`btID`),
  KEY `peID` (`peID`),
  KEY `btID` (`btID`)
) ENGINE=InnoDB DEFAULT CHARSET=utf8mb4 COLLATE=utf8mb4_unicode_ci;

-- --------------------------------------------------------

--
-- Table structure for table `BlockTypes`
--

CREATE TABLE `BlockTypes` (
  `btIgnorePageThemeGridFrameworkContainer` tinyint(1) NOT NULL,
  `btID` int(11) NOT NULL AUTO_INCREMENT,
  `btHandle` varchar(128) COLLATE utf8mb4_unicode_ci NOT NULL,
  `btName` varchar(128) COLLATE utf8mb4_unicode_ci NOT NULL,
  `btDescription` longtext COLLATE utf8mb4_unicode_ci NOT NULL,
  `btCopyWhenPropagate` tinyint(1) NOT NULL,
  `btIncludeAll` tinyint(1) NOT NULL,
  `btIsInternal` tinyint(1) NOT NULL,
  `btSupportsInlineEdit` tinyint(1) NOT NULL,
  `btSupportsInlineAdd` tinyint(1) NOT NULL,
  `btDisplayOrder` int(11) NOT NULL,
  `btInterfaceHeight` int(11) NOT NULL,
  `btInterfaceWidth` int(11) NOT NULL,
  `pkgID` int(10) unsigned NOT NULL,
  PRIMARY KEY (`btID`)
) ENGINE=InnoDB  DEFAULT CHARSET=utf8mb4 COLLATE=utf8mb4_unicode_ci AUTO_INCREMENT=61 ;

--
-- Dumping data for table `BlockTypes`
--

INSERT INTO `BlockTypes` VALUES
(0, 1, 'content', 'Content', 'HTML/WYSIWYG Editor Content.', 0, 0, 0, 1, 1, 0, 465, 600, 0),
(1, 2, 'html', 'HTML', 'For adding HTML by hand.', 0, 0, 0, 0, 0, 0, 500, 600, 0),
(1, 3, 'hero_image', 'Hero Image', 'Places a large image on top of a page, with an optional title, description and call to action button.', 0, 0, 0, 0, 0, 0, 500, 640, 0),
(0, 4, 'image', 'Image', 'Adds images and onstates from the library to pages.', 0, 0, 0, 0, 0, 0, 550, 400, 0),
(0, 5, 'file', 'File', 'Link to files stored in the asset library.', 0, 0, 0, 0, 0, 0, 320, 300, 0),
(1, 6, 'horizontal_rule', 'Horizontal Rule', 'Adds a thin hairline horizontal divider to the page.', 0, 0, 0, 0, 0, 0, 400, 400, 0),
(0, 7, 'feature', 'Feature', 'Displays an icon, a title, and a short paragraph description.', 0, 0, 0, 0, 0, 0, 520, 400, 0),
(0, 8, 'feature_link', 'Feature Link', 'Add a title, body and a button/link to a page. Useful for calling out important links.', 0, 0, 0, 0, 0, 0, 500, 640, 0),
(0, 9, 'autonav', 'Auto-Nav', 'Creates navigation trees and sitemaps.', 0, 0, 0, 0, 0, 0, 525, 700, 0),
(0, 10, 'page_title', 'Page Title', 'Displays a Page''s Title', 0, 0, 0, 0, 0, 0, 500, 470, 0),
(0, 11, 'top_navigation_bar', 'Top Navigation Bar', 'Adds a responsive navigation bar with a logo, menu and search.', 0, 0, 0, 0, 0, 0, 500, 640, 0),
(0, 12, 'faq', 'FAQ', 'Frequently Asked Questions Block', 0, 0, 0, 0, 0, 0, 465, 600, 0),
(0, 13, 'accordion', 'Accordion', 'Collapsible content block.', 0, 0, 0, 0, 0, 0, 580, 720, 0),
(0, 14, 'page_list', 'Page List', 'List pages based on type, area.', 0, 0, 0, 0, 0, 0, 525, 700, 0),
(0, 15, 'next_previous', 'Next & Previous Nav', 'Navigate through sibling pages.', 0, 0, 0, 0, 0, 0, 400, 430, 0),
(0, 16, 'date_navigation', 'Date Navigation', 'Displays a list of months to filter a page list by.', 0, 0, 0, 0, 0, 0, 450, 400, 0),
(0, 17, 'tags', 'Tags', 'List pages based on type, area.', 0, 0, 0, 0, 0, 0, 439, 450, 0),
(0, 18, 'topic_list', 'Topic List', 'Displays a list of your site''s topics, allowing you to click on them to filter a page list.', 0, 0, 0, 0, 0, 0, 400, 400, 0),
(0, 19, 'rss_displayer', 'RSS Displayer', 'Fetch, parse and display the contents of an RSS or Atom feed.', 0, 0, 0, 0, 0, 0, 550, 400, 0),
(0, 20, 'switch_language', 'Switch Language', 'Adds a front-end language switcher to your website.', 0, 0, 0, 0, 0, 0, 150, 500, 0),
(0, 21, 'breadcrumbs', 'Breadcrumbs', 'Add a breadcrumbs navigation.', 0, 0, 0, 0, 0, 0, 300, 500, 0),
(0, 22, 'express_form', 'Form', 'Build simple forms and surveys.', 1, 0, 0, 0, 0, 0, 700, 640, 0),
(0, 23, 'search', 'Search', 'Add a search box to your site.', 0, 0, 0, 0, 0, 0, 420, 400, 0),
(0, 24, 'external_form', 'External Form', 'Include external forms in the filesystem and place them on pages.', 0, 0, 0, 0, 0, 0, 175, 420, 0),
(0, 25, 'express_entry_list', 'Express Entry List', 'Add a searchable Express entry list to a page.', 0, 0, 0, 0, 0, 0, 400, 640, 0),
(0, 26, 'express_entry_detail', 'Express Entry Detail', 'Add an Express entry detail display to a page.', 0, 0, 0, 0, 0, 0, 400, 640, 0),
(0, 27, 'survey', 'Survey', 'Provide a simple survey, along with results in a pie chart format.', 0, 0, 0, 0, 0, 0, 500, 500, 0),
(0, 28, 'core_conversation', 'Conversation', 'Displays conversations on a page.', 1, 0, 0, 0, 0, 0, 400, 450, 0),
(0, 29, 'social_links', 'Social Links', 'Allows users to add social icons to their website', 0, 0, 0, 0, 0, 0, 400, 400, 0),
(0, 30, 'testimonial', 'Testimonial', 'Displays a quote or paragraph next to biographical information and a person''s picture.', 0, 0, 0, 0, 0, 0, 560, 450, 0),
(0, 31, 'share_this_page', 'Share This Page', 'Allows users to share this page with social networks.', 0, 0, 0, 0, 0, 0, 400, 400, 0),
(0, 32, 'calendar', 'Calendar', 'Displays a month view calendar on a page.', 0, 0, 0, 0, 0, 0, 475, 500, 0),
(0, 33, 'event_list', 'Event List', 'Displays a list of events from a calendar.', 0, 0, 0, 0, 0, 0, 340, 500, 0),
(0, 34, 'calendar_event', 'Calendar Event', 'Displays a calendar event on a page.', 0, 0, 0, 0, 0, 0, 400, 550, 0),
(0, 35, 'page_attribute_display', 'Page Attribute Display', 'Displays the value of a page attribute for the current page.', 0, 0, 0, 0, 0, 0, 365, 500, 0),
(1, 36, 'image_slider', 'Image Slider', 'Display your images and captions in an attractive slideshow format.', 0, 0, 0, 0, 0, 0, 550, 600, 0),
(0, 37, 'video', 'Video Player', 'Embeds uploaded video into a web page. Supports WebM, Ogg, and Quicktime/MPEG4 formats.', 0, 0, 0, 0, 0, 0, 440, 450, 0),
(0, 38, 'document_library', 'Document Library', 'Add a searchable document library to a page.', 0, 0, 0, 0, 0, 0, 400, 640, 0),
(0, 39, 'youtube', 'YouTube Video', 'Embeds a YouTube Video in your web page.', 0, 0, 0, 0, 0, 0, 490, 400, 0),
(0, 40, 'google_map', 'Google Map', 'Enter an address and a Google Map of that location will be placed in your page.', 0, 0, 0, 0, 0, 0, 550, 525, 0),
(1, 41, 'board', 'Board', 'Adds a Board to your website.', 0, 0, 0, 1, 0, 0, 500, 500, 0),
(0, 42, 'gallery', 'Gallery', 'Creates an Image Gallery in your web page.', 0, 0, 0, 0, 0, 0, 820, 750, 0),
(0, 43, 'desktop_app_status', 'Concrete Status Messages', 'Displays alerts about your Concrete site and package updates.', 0, 0, 0, 0, 0, 0, 400, 400, 0),
(0, 44, 'desktop_site_activity', 'Site Activity', 'Displays a graph of recent activity on your site.', 0, 0, 0, 0, 0, 0, 560, 450, 0),
(0, 45, 'desktop_featured_addon', 'Dashboard Featured Add-On', 'Features an add-on from marketplace.concretecms.com.', 0, 0, 0, 0, 0, 0, 100, 300, 0),
(0, 46, 'desktop_featured_theme', 'Dashboard Featured Theme', 'Features a theme from marketplace.concretecms.com.', 0, 0, 0, 0, 0, 0, 100, 300, 0),
(0, 47, 'desktop_latest_form', 'Latest Form', 'Shows the latest form submission.', 0, 0, 0, 0, 0, 0, 400, 400, 0),
(0, 48, 'desktop_waiting_for_me', 'Waiting for Me', 'Displays workflow actions waiting for you.', 0, 0, 0, 0, 0, 0, 560, 450, 0),
(0, 49, 'desktop_draft_list', 'Draft List', 'Displays a list of all drafts.', 0, 0, 0, 0, 0, 0, 400, 400, 0),
(0, 50, 'desktop_concrete_latest', 'Desktop Latest News', 'Grabs the latest information about Concrete from concretecms.com.', 0, 0, 0, 0, 0, 0, 400, 400, 0),
(0, 51, 'desktop_latest_health_result', 'Desktop Latest Health Result', 'Displays the latest Health Report result on your Dashboard desktop.', 0, 0, 0, 0, 0, 0, 400, 400, 0),
(0, 52, 'core_area_layout', 'Area Layout', 'Proxy block for area layouts.', 0, 0, 1, 1, 1, 0, 400, 400, 0),
(1, 53, 'core_board_slot', 'Board Slot', 'Proxy block for board slots.', 0, 0, 1, 0, 0, 0, 400, 400, 0),
(1, 54, 'core_container', 'Container', 'Proxy block for theme containers added through the UI.', 0, 0, 1, 0, 0, 0, 400, 400, 0),
(0, 55, 'core_page_type_composer_control_output', 'Composer Control', 'Proxy block for blocks that need to be output through composer.', 0, 0, 1, 0, 0, 0, 400, 400, 0),
(0, 56, 'core_scrapbook_display', 'Scrapbook Display', 'Proxy block for blocks pasted through the scrapbook.', 0, 0, 1, 0, 0, 0, 400, 400, 0),
(0, 57, 'core_stack_display', 'Stack Display', 'Proxy block for stacks added through the UI.', 0, 0, 1, 0, 0, 0, 400, 400, 0),
(0, 58, 'core_theme_documentation_breadcrumb', 'Theme Documentation Breadcrumb', 'Adds breadcrumb navigation for use with internal theme documentation.', 0, 0, 1, 0, 0, 0, 400, 400, 0),
(0, 59, 'core_theme_documentation_toc', 'Theme Documentation TOC', 'Displays a table of contents list for theme documentation.', 0, 0, 1, 0, 0, 0, 400, 400, 0),
(0, 60, 'form', 'Legacy Form', 'Build simple forms and surveys.', 1, 0, 0, 0, 0, 0, 550, 525, 0);

-- --------------------------------------------------------

--
-- Table structure for table `BlockTypeSetBlockTypes`
--

CREATE TABLE `BlockTypeSetBlockTypes` (
  `btID` int(10) unsigned NOT NULL DEFAULT '0',
  `btsID` int(10) unsigned NOT NULL DEFAULT '0',
  `displayOrder` int(10) unsigned NOT NULL DEFAULT '0',
  PRIMARY KEY (`btID`,`btsID`),
  KEY `btsID` (`btsID`,`displayOrder`)
) ENGINE=InnoDB DEFAULT CHARSET=utf8mb4 COLLATE=utf8mb4_unicode_ci;

--
-- Dumping data for table `BlockTypeSetBlockTypes`
--

INSERT INTO `BlockTypeSetBlockTypes` VALUES
(1, 1, 0),
(2, 1, 1),
(3, 1, 2),
(4, 1, 3),
(5, 1, 4),
(6, 1, 5),
(7, 1, 6),
(8, 1, 7),
(9, 2, 0),
(10, 2, 1),
(11, 2, 2),
(13, 2, 3),
(12, 2, 4),
(14, 2, 5),
(15, 2, 6),
(16, 2, 7),
(17, 2, 8),
(18, 2, 9),
(19, 2, 10),
(20, 2, 11),
(21, 2, 12),
(22, 3, 0),
(23, 3, 1),
(24, 3, 2),
(25, 4, 0),
(26, 4, 1),
(27, 5, 0),
(28, 5, 1),
(29, 5, 2),
(30, 5, 3),
(31, 5, 4),
(32, 6, 0),
(33, 6, 1),
(34, 6, 2),
(41, 7, 0),
(35, 7, 1),
(36, 7, 2),
(37, 7, 3),
(38, 7, 4),
(39, 7, 5),
(40, 7, 6),
(42, 7, 7),
(43, 8, 0),
(44, 8, 1),
(45, 8, 2),
(46, 8, 3),
(47, 8, 4),
(48, 8, 5),
(49, 8, 6),
(50, 8, 7),
(51, 8, 8);

-- --------------------------------------------------------

--
-- Table structure for table `BlockTypeSets`
--

CREATE TABLE `BlockTypeSets` (
  `btsID` int(10) unsigned NOT NULL AUTO_INCREMENT,
  `btsName` varchar(255) COLLATE utf8mb4_unicode_ci DEFAULT NULL,
  `btsHandle` varchar(255) COLLATE utf8mb4_unicode_ci NOT NULL,
  `pkgID` int(10) unsigned NOT NULL DEFAULT '0',
  `btsDisplayOrder` int(10) unsigned NOT NULL DEFAULT '0',
  PRIMARY KEY (`btsID`),
  UNIQUE KEY `btsHandle` (`btsHandle`),
  KEY `btsDisplayOrder` (`btsDisplayOrder`),
  KEY `pkgID` (`pkgID`)
) ENGINE=InnoDB  DEFAULT CHARSET=utf8mb4 COLLATE=utf8mb4_unicode_ci AUTO_INCREMENT=9 ;

--
-- Dumping data for table `BlockTypeSets`
--

INSERT INTO `BlockTypeSets` VALUES
(1, 'Basic', 'basic', 0, 0),
(2, 'Navigation', 'navigation', 0, 0),
(3, 'Forms', 'form', 0, 0),
(4, 'Express', 'express', 0, 0),
(5, 'Social Networking', 'social', 0, 0),
(6, 'Calendar & Events', 'calendar', 0, 0),
(7, 'Multimedia', 'multimedia', 0, 0),
(8, 'Desktop', 'core_desktop', 0, 0);

-- --------------------------------------------------------

--
-- Table structure for table `BoardConfiguredDataSourceConfiguration`
--

CREATE TABLE `BoardConfiguredDataSourceConfiguration` (
  `configurationID` int(10) unsigned NOT NULL AUTO_INCREMENT,
  `configuredDataSourceID` int(10) unsigned DEFAULT NULL,
  `type` varchar(255) COLLATE utf8mb4_unicode_ci NOT NULL,
  PRIMARY KEY (`configurationID`),
  UNIQUE KEY `UNIQ_80879512E2D47DD5` (`configuredDataSourceID`)
) ENGINE=InnoDB  DEFAULT CHARSET=utf8mb4 COLLATE=utf8mb4_unicode_ci AUTO_INCREMENT=2 ;

--
-- Dumping data for table `BoardConfiguredDataSourceConfiguration`
--

INSERT INTO `BoardConfiguredDataSourceConfiguration` VALUES
(1, 1, 'pageconfiguration');

-- --------------------------------------------------------

--
-- Table structure for table `BoardConfiguredDataSourceConfigurationCalendarEvent`
--

CREATE TABLE `BoardConfiguredDataSourceConfigurationCalendarEvent` (
  `maxOccurrencesOfSameEvent` int(10) unsigned NOT NULL,
  `query_fields` longtext COLLATE utf8mb4_unicode_ci NOT NULL COMMENT '(DC2Type:object)',
  `query_columns` longtext COLLATE utf8mb4_unicode_ci NOT NULL COMMENT '(DC2Type:object)',
  `query_itemsPerPage` smallint(6) NOT NULL,
  `caID` int(10) unsigned DEFAULT NULL,
  `configurationID` int(10) unsigned NOT NULL,
  PRIMARY KEY (`configurationID`),
  KEY `IDX_DE5A529911C85723` (`caID`)
) ENGINE=InnoDB DEFAULT CHARSET=utf8mb4 COLLATE=utf8mb4_unicode_ci;

-- --------------------------------------------------------

--
-- Table structure for table `BoardConfiguredDataSourceConfigurationPage`
--

CREATE TABLE `BoardConfiguredDataSourceConfigurationPage` (
  `query_fields` longtext COLLATE utf8mb4_unicode_ci NOT NULL COMMENT '(DC2Type:object)',
  `query_columns` longtext COLLATE utf8mb4_unicode_ci NOT NULL COMMENT '(DC2Type:object)',
  `query_itemsPerPage` smallint(6) NOT NULL,
  `configurationID` int(10) unsigned NOT NULL,
  PRIMARY KEY (`configurationID`)
) ENGINE=InnoDB DEFAULT CHARSET=utf8mb4 COLLATE=utf8mb4_unicode_ci;

--
-- Dumping data for table `BoardConfiguredDataSourceConfigurationPage`
--

INSERT INTO `BoardConfiguredDataSourceConfigurationPage` VALUES
('a:1:{i:0;O:51:"Concrete\\Core\\Page\\Search\\Field\\Field\\PageTypeField":3:{s:19:"\0*\0requestVariables";a:1:{i:0;s:4:"ptID";}s:7:"\0*\0data";a:1:{s:4:"ptID";s:1:"7";}s:11:"\0*\0isLoaded";b:1;}}', 'N;', 0, 1);

-- --------------------------------------------------------

--
-- Table structure for table `BoardConfiguredDataSources`
--

CREATE TABLE `BoardConfiguredDataSources` (
  `configuredDataSourceID` int(10) unsigned NOT NULL AUTO_INCREMENT,
  `populationDayIntervalFuture` int(11) NOT NULL,
  `populationDayIntervalPast` int(11) NOT NULL,
  `name` varchar(255) COLLATE utf8mb4_unicode_ci NOT NULL,
  `customWeight` int(11) NOT NULL,
  `boardID` int(10) unsigned DEFAULT NULL,
  `dataSourceID` int(11) DEFAULT NULL,
  PRIMARY KEY (`configuredDataSourceID`),
  KEY `IDX_481DA3EF2571BEE` (`boardID`),
  KEY `IDX_481DA3EF3C4EAFF2` (`dataSourceID`)
) ENGINE=InnoDB  DEFAULT CHARSET=utf8mb4 COLLATE=utf8mb4_unicode_ci AUTO_INCREMENT=2 ;

--
-- Dumping data for table `BoardConfiguredDataSources`
--

INSERT INTO `BoardConfiguredDataSources` VALUES
(1, 60, 356, 'Blog', 0, 1, 1);

-- --------------------------------------------------------

--
-- Table structure for table `BoardCustomSlotTemplates`
--

CREATE TABLE `BoardCustomSlotTemplates` (
  `boardID` int(10) unsigned NOT NULL,
  `slotTemplateID` int(11) NOT NULL,
  PRIMARY KEY (`boardID`,`slotTemplateID`),
  KEY `IDX_A972DD602571BEE` (`boardID`),
  KEY `IDX_A972DD60E7630775` (`slotTemplateID`)
) ENGINE=InnoDB DEFAULT CHARSET=utf8mb4 COLLATE=utf8mb4_unicode_ci;

--
-- Dumping data for table `BoardCustomSlotTemplates`
--

INSERT INTO `BoardCustomSlotTemplates` VALUES
(1, 1),
(1, 2),
(1, 3),
(1, 4);

-- --------------------------------------------------------

--
-- Table structure for table `BoardDataSources`
--

CREATE TABLE `BoardDataSources` (
  `dataSourceID` int(11) NOT NULL AUTO_INCREMENT,
  `handle` varchar(255) COLLATE utf8mb4_unicode_ci NOT NULL,
  `name` varchar(255) COLLATE utf8mb4_unicode_ci NOT NULL,
  `pkgID` int(10) unsigned DEFAULT NULL,
  PRIMARY KEY (`dataSourceID`),
  KEY `IDX_DACB5A9ACE45CBB0` (`pkgID`)
) ENGINE=InnoDB  DEFAULT CHARSET=utf8mb4 COLLATE=utf8mb4_unicode_ci AUTO_INCREMENT=3 ;

--
-- Dumping data for table `BoardDataSources`
--

INSERT INTO `BoardDataSources` VALUES
(1, 'page', 'Page', NULL),
(2, 'calendar_event', 'Calendar Event', NULL);

-- --------------------------------------------------------

--
-- Table structure for table `BoardDesignerCustomElementItems`
--

CREATE TABLE `BoardDesignerCustomElementItems` (
  `itemId` int(10) unsigned NOT NULL AUTO_INCREMENT,
  `boardItemID` int(10) unsigned DEFAULT NULL,
  `customElementID` int(10) unsigned DEFAULT NULL,
  PRIMARY KEY (`itemId`),
  KEY `IDX_C3E81E43A1BF9938` (`boardItemID`),
  KEY `IDX_C3E81E43DA67F394` (`customElementID`)
) ENGINE=InnoDB DEFAULT CHARSET=utf8mb4 COLLATE=utf8mb4_unicode_ci AUTO_INCREMENT=1 ;

-- --------------------------------------------------------

--
-- Table structure for table `BoardDesignerCustomElements`
--

CREATE TABLE `BoardDesignerCustomElements` (
  `id` int(10) unsigned NOT NULL AUTO_INCREMENT,
  `elementName` varchar(255) COLLATE utf8mb4_unicode_ci DEFAULT NULL,
  `dateCreated` int(10) unsigned NOT NULL,
  `batchIdentifier` char(36) COLLATE utf8mb4_unicode_ci NOT NULL COMMENT '(DC2Type:guid)',
  `status` varchar(1) COLLATE utf8mb4_unicode_ci NOT NULL,
  `uID` int(10) unsigned DEFAULT NULL,
  `type` varchar(255) COLLATE utf8mb4_unicode_ci NOT NULL,
  `contentObjectCollection` json DEFAULT NULL,
  `slotTemplate_id` int(11) DEFAULT NULL,
  PRIMARY KEY (`id`),
  KEY `IDX_D2D0FCBDFD71026C` (`uID`),
  KEY `IDX_D2D0FCBD80D42955` (`slotTemplate_id`)
) ENGINE=InnoDB DEFAULT CHARSET=utf8mb4 COLLATE=utf8mb4_unicode_ci AUTO_INCREMENT=1 ;

-- --------------------------------------------------------

--
-- Table structure for table `BoardInstanceItemBatches`
--

CREATE TABLE `BoardInstanceItemBatches` (
  `boardInstanceItemBatchID` int(10) unsigned NOT NULL AUTO_INCREMENT,
  `dateCreated` int(10) unsigned NOT NULL,
  `boardInstanceID` int(10) unsigned DEFAULT NULL,
  PRIMARY KEY (`boardInstanceItemBatchID`),
  KEY `IDX_968D5F552E21467` (`boardInstanceID`)
) ENGINE=InnoDB  DEFAULT CHARSET=utf8mb4 COLLATE=utf8mb4_unicode_ci AUTO_INCREMENT=2 ;

--
-- Dumping data for table `BoardInstanceItemBatches`
--

INSERT INTO `BoardInstanceItemBatches` VALUES
(1, [[timestamp]], 1);

-- --------------------------------------------------------

--
-- Table structure for table `BoardInstanceItems`
--

CREATE TABLE `BoardInstanceItems` (
  `boardInstanceItemID` int(10) unsigned NOT NULL AUTO_INCREMENT,
  `dateAddedToBoard` int(10) unsigned NOT NULL,
  `boardItemID` int(10) unsigned DEFAULT NULL,
  `configuredDataSourceID` int(10) unsigned DEFAULT NULL,
  `boardInstanceID` int(10) unsigned DEFAULT NULL,
  `boardInstanceItemBatchID` int(10) unsigned DEFAULT NULL,
  PRIMARY KEY (`boardInstanceItemID`),
  KEY `IDX_285D2C82A1BF9938` (`boardItemID`),
  KEY `IDX_285D2C82E2D47DD5` (`configuredDataSourceID`),
  KEY `IDX_285D2C822E21467` (`boardInstanceID`),
  KEY `IDX_285D2C82E9D76F8E` (`boardInstanceItemBatchID`)
) ENGINE=InnoDB  DEFAULT CHARSET=utf8mb4 COLLATE=utf8mb4_unicode_ci AUTO_INCREMENT=7 ;

--
-- Dumping data for table `BoardInstanceItems`
--

INSERT INTO `BoardInstanceItems` VALUES
(1, 0, 1, 1, 1, 1),
(2, 0, 2, 1, 1, 1),
(3, 0, 3, 1, 1, 1),
(4, 0, 4, 1, 1, 1),
(5, 0, 5, 1, 1, 1),
(6, 0, 6, 1, 1, 1);

-- --------------------------------------------------------

--
-- Table structure for table `BoardInstanceLogEntries`
--

CREATE TABLE `BoardInstanceLogEntries` (
  `id` char(36) COLLATE utf8mb4_unicode_ci NOT NULL COMMENT '(DC2Type:guid)',
  `log_id` char(36) COLLATE utf8mb4_unicode_ci DEFAULT NULL COMMENT '(DC2Type:guid)',
  `timestamp` int(10) unsigned NOT NULL,
  `message` longtext COLLATE utf8mb4_unicode_ci NOT NULL,
  `data` json DEFAULT NULL,
  PRIMARY KEY (`id`),
  KEY `IDX_4CBE00D8EA675D86` (`log_id`)
) ENGINE=InnoDB DEFAULT CHARSET=utf8mb4 COLLATE=utf8mb4_unicode_ci;

-- --------------------------------------------------------

--
-- Table structure for table `BoardInstanceLogs`
--

CREATE TABLE `BoardInstanceLogs` (
  `id` char(36) COLLATE utf8mb4_unicode_ci NOT NULL COMMENT '(DC2Type:guid)',
  `dateCreated` int(10) unsigned NOT NULL,
  `boardInstanceID` int(10) unsigned DEFAULT NULL,
  PRIMARY KEY (`id`),
  UNIQUE KEY `UNIQ_BF6A8F2F2E21467` (`boardInstanceID`)
) ENGINE=InnoDB DEFAULT CHARSET=utf8mb4 COLLATE=utf8mb4_unicode_ci;

-- --------------------------------------------------------

--
-- Table structure for table `BoardInstances`
--

CREATE TABLE `BoardInstances` (
  `boardInstanceID` int(10) unsigned NOT NULL AUTO_INCREMENT,
  `boardInstanceName` varchar(255) COLLATE utf8mb4_unicode_ci DEFAULT NULL,
  `dateCreated` int(10) unsigned NOT NULL,
  `isGenerating` tinyint(1) NOT NULL,
  `dateDataPoolLastUpdated` int(10) unsigned DEFAULT NULL,
  `dateLastGenerated` int(10) unsigned DEFAULT NULL,
  `boardID` int(10) unsigned DEFAULT NULL,
  `siteID` int(10) unsigned DEFAULT NULL,
  PRIMARY KEY (`boardInstanceID`),
  KEY `IDX_8B85BCCB2571BEE` (`boardID`),
  KEY `IDX_8B85BCCB521D8435` (`siteID`)
) ENGINE=InnoDB  DEFAULT CHARSET=utf8mb4 COLLATE=utf8mb4_unicode_ci AUTO_INCREMENT=2 ;

--
-- Dumping data for table `BoardInstances`
--

INSERT INTO `BoardInstances` VALUES
(1, NULL, [[timestamp]], 0, [[timestamp]], [[timestamp]], 1, 1);

-- --------------------------------------------------------

--
-- Table structure for table `BoardInstanceSlotRules`
--

CREATE TABLE `BoardInstanceSlotRules` (
  `boardInstanceSlotRuleID` int(10) unsigned NOT NULL AUTO_INCREMENT,
  `slot` int(10) unsigned NOT NULL,
  `batchIdentifier` char(36) COLLATE utf8mb4_unicode_ci NOT NULL COMMENT '(DC2Type:guid)',
  `bID` int(10) unsigned NOT NULL,
  `notes` varchar(255) COLLATE utf8mb4_unicode_ci DEFAULT NULL,
  `timezone` varchar(255) COLLATE utf8mb4_unicode_ci NOT NULL,
  `isLocked` tinyint(1) NOT NULL,
  `dateCreated` int(10) unsigned NOT NULL,
  `startDate` int(10) unsigned NOT NULL,
  `endDate` int(10) unsigned NOT NULL,
  `ruleType` varchar(255) COLLATE utf8mb4_unicode_ci DEFAULT NULL,
  `boardInstanceID` int(10) unsigned DEFAULT NULL,
  `uID` int(10) unsigned DEFAULT NULL,
  PRIMARY KEY (`boardInstanceSlotRuleID`),
  KEY `IDX_4BF1A09D2E21467` (`boardInstanceID`),
  KEY `IDX_4BF1A09DFD71026C` (`uID`)
) ENGINE=InnoDB DEFAULT CHARSET=utf8mb4 COLLATE=utf8mb4_unicode_ci AUTO_INCREMENT=1 ;

-- --------------------------------------------------------

--
-- Table structure for table `BoardInstanceSlots`
--

CREATE TABLE `BoardInstanceSlots` (
  `template_id` int(11) DEFAULT NULL,
  `boardInstanceSlotID` int(11) NOT NULL AUTO_INCREMENT,
  `slot` int(11) NOT NULL,
  `bID` int(11) NOT NULL,
  `boardInstanceID` int(10) unsigned DEFAULT NULL,
  PRIMARY KEY (`boardInstanceSlotID`),
  KEY `IDX_137F01F2E21467` (`boardInstanceID`),
  KEY `IDX_137F01F5DA0FB8` (`template_id`)
) ENGINE=InnoDB  DEFAULT CHARSET=utf8mb4 COLLATE=utf8mb4_unicode_ci AUTO_INCREMENT=5 ;

--
-- Dumping data for table `BoardInstanceSlots`
--

INSERT INTO `BoardInstanceSlots` VALUES
(1, 1, 1, 149, 1),
(4, 2, 2, 150, 1),
(1, 3, 3, 151, 1),
(1, 4, 4, 152, 1);

-- --------------------------------------------------------

--
-- Table structure for table `BoardItemCategories`
--

CREATE TABLE `BoardItemCategories` (
  `boardItemCategoryID` int(10) unsigned NOT NULL AUTO_INCREMENT,
  `treeNodeID` int(10) unsigned NOT NULL,
  `boardItemID` int(10) unsigned DEFAULT NULL,
  PRIMARY KEY (`boardItemCategoryID`),
  KEY `IDX_BEF09673A1BF9938` (`boardItemID`)
) ENGINE=InnoDB  DEFAULT CHARSET=utf8mb4 COLLATE=utf8mb4_unicode_ci AUTO_INCREMENT=7 ;

--
-- Dumping data for table `BoardItemCategories`
--

INSERT INTO `BoardItemCategories` VALUES
(1, 54, 1),
(2, 57, 2),
(3, 55, 3),
(4, 56, 4),
(5, 54, 5),
(6, 58, 6);

-- --------------------------------------------------------

--
-- Table structure for table `BoardItems`
--

CREATE TABLE `BoardItems` (
  `boardItemID` int(10) unsigned NOT NULL AUTO_INCREMENT,
  `dateCreated` int(10) unsigned NOT NULL,
  `relevantDate` int(10) unsigned NOT NULL,
  `uniqueItemId` varchar(255) COLLATE utf8mb4_unicode_ci DEFAULT NULL,
  `name` varchar(255) COLLATE utf8mb4_unicode_ci DEFAULT NULL,
  `data` json NOT NULL,
  `fID` int(10) unsigned DEFAULT NULL,
  `dataSourceID` int(11) DEFAULT NULL,
  PRIMARY KEY (`boardItemID`),
  KEY `IDX_E831ECA1E3111F45` (`fID`),
  KEY `IDX_E831ECA13C4EAFF2` (`dataSourceID`),
  KEY `uniqueItemId` (`uniqueItemId`)
) ENGINE=InnoDB  DEFAULT CHARSET=utf8mb4 COLLATE=utf8mb4_unicode_ci AUTO_INCREMENT=7 ;

--
-- Dumping data for table `BoardItems`
--

INSERT INTO `BoardItems` VALUES
(1, [[timestamp]], [[timestamp]], '260', 'Tips to Build a Beautiful Blog', '{"cID": 260}', 23, 1),
(2, [[timestamp]], [[timestamp]], '261', 'New Product Launch', '{"cID": 261}', 30, 1),
(3, [[timestamp]], [[timestamp]], '262', 'More Fine Posts Here', '{"cID": 262}', 16, 1),
(4, [[timestamp]], [[timestamp]], '263', 'Here''s a Tip You Might Not Know', '{"cID": 263}', 20, 1),
(5, [[timestamp]], [[timestamp]], '264', 'Time to Freshen Up Your Website', '{"cID": 264}', 9, 1),
(6, [[timestamp]], [[timestamp]], '265', 'Meet Our New Hires!', '{"cID": 265}', 1, 1);

-- --------------------------------------------------------

--
-- Table structure for table `BoardItemTags`
--

CREATE TABLE `BoardItemTags` (
  `boardItemTagID` int(10) unsigned NOT NULL AUTO_INCREMENT,
  `tag` varchar(255) COLLATE utf8mb4_unicode_ci DEFAULT NULL,
  `boardItemID` int(10) unsigned DEFAULT NULL,
  PRIMARY KEY (`boardItemTagID`),
  KEY `IDX_13AEB901A1BF9938` (`boardItemID`)
) ENGINE=InnoDB DEFAULT CHARSET=utf8mb4 COLLATE=utf8mb4_unicode_ci AUTO_INCREMENT=1 ;

-- --------------------------------------------------------

--
-- Table structure for table `BoardPermissionAssignments`
--

CREATE TABLE `BoardPermissionAssignments` (
  `pkID` int(10) unsigned NOT NULL,
  `paID` int(10) unsigned NOT NULL,
  `boardID` int(10) unsigned NOT NULL,
  PRIMARY KEY (`boardID`,`pkID`,`paID`),
  KEY `IDX_7C073ED92571BEE` (`boardID`),
  KEY `paID` (`paID`),
  KEY `pkID` (`pkID`)
) ENGINE=InnoDB DEFAULT CHARSET=utf8mb4 COLLATE=utf8mb4_unicode_ci;

-- --------------------------------------------------------

--
-- Table structure for table `Boards`
--

CREATE TABLE `Boards` (
  `template_id` int(11) DEFAULT NULL,
  `boardID` int(10) unsigned NOT NULL AUTO_INCREMENT,
  `boardName` varchar(255) COLLATE utf8mb4_unicode_ci DEFAULT NULL,
  `sortBy` varchar(255) COLLATE utf8mb4_unicode_ci DEFAULT NULL,
  `hasCustomSlotTemplates` tinyint(1) NOT NULL,
  `hasCustomWeightingRules` tinyint(1) NOT NULL,
  `overridePermissions` tinyint(1) NOT NULL DEFAULT '0',
  `siteID` int(10) unsigned DEFAULT NULL,
  `pkgID` int(10) unsigned DEFAULT NULL,
  PRIMARY KEY (`boardID`),
  KEY `IDX_F4424825521D8435` (`siteID`),
  KEY `IDX_F44248255DA0FB8` (`template_id`),
  KEY `IDX_F4424825CE45CBB0` (`pkgID`)
) ENGINE=InnoDB  DEFAULT CHARSET=utf8mb4 COLLATE=utf8mb4_unicode_ci AUTO_INCREMENT=2 ;

--
-- Dumping data for table `Boards`
--

INSERT INTO `Boards` VALUES
(1, 1, 'Blog', 'relevant_date_desc', 1, 0, 0, NULL, NULL);

-- --------------------------------------------------------

--
-- Table structure for table `BoardSlotTemplates`
--

CREATE TABLE `BoardSlotTemplates` (
  `id` int(11) NOT NULL AUTO_INCREMENT,
  `icon` varchar(255) COLLATE utf8mb4_unicode_ci NOT NULL,
  `name` varchar(255) COLLATE utf8mb4_unicode_ci NOT NULL,
  `handle` varchar(255) COLLATE utf8mb4_unicode_ci NOT NULL,
  `pkgID` int(10) unsigned DEFAULT NULL,
  PRIMARY KEY (`id`),
  KEY `IDX_6FE111C5CE45CBB0` (`pkgID`)
) ENGINE=InnoDB  DEFAULT CHARSET=utf8mb4 COLLATE=utf8mb4_unicode_ci AUTO_INCREMENT=5 ;

--
-- Dumping data for table `BoardSlotTemplates`
--

INSERT INTO `BoardSlotTemplates` VALUES
(1, 'blank.png', 'Blog Image Left', 'blog_image_left', NULL),
(2, 'blank.png', 'Blog Image Right', 'blog_image_right', NULL),
(3, 'blank.png', 'Blog Two Up', 'blog_two_up', NULL),
(4, 'blank.png', 'Blog Three Up', 'blog_three_up', NULL);

-- --------------------------------------------------------

--
-- Table structure for table `BoardSlotTemplateTags`
--

CREATE TABLE `BoardSlotTemplateTags` (
  `slottemplate_id` int(11) NOT NULL,
  `designtag_id` int(10) unsigned NOT NULL,
  PRIMARY KEY (`slottemplate_id`,`designtag_id`),
  KEY `IDX_7BB1975E648A682` (`slottemplate_id`),
  KEY `IDX_7BB1975E960BFEAE` (`designtag_id`)
) ENGINE=InnoDB DEFAULT CHARSET=utf8mb4 COLLATE=utf8mb4_unicode_ci;

-- --------------------------------------------------------

--
-- Table structure for table `BoardTemplates`
--

CREATE TABLE `BoardTemplates` (
  `id` int(11) NOT NULL AUTO_INCREMENT,
  `icon` varchar(255) COLLATE utf8mb4_unicode_ci NOT NULL,
  `name` varchar(255) COLLATE utf8mb4_unicode_ci NOT NULL,
  `handle` varchar(255) COLLATE utf8mb4_unicode_ci NOT NULL,
  `pkgID` int(10) unsigned DEFAULT NULL,
  PRIMARY KEY (`id`),
  KEY `IDX_9E8AC12CCE45CBB0` (`pkgID`)
) ENGINE=InnoDB  DEFAULT CHARSET=utf8mb4 COLLATE=utf8mb4_unicode_ci AUTO_INCREMENT=2 ;

--
-- Dumping data for table `BoardTemplates`
--

INSERT INTO `BoardTemplates` VALUES
(1, 'blank.png', 'Blog', 'blog', NULL);

-- --------------------------------------------------------

--
-- Table structure for table `btAccordion`
--

CREATE TABLE `btAccordion` (
  `bID` int(10) unsigned NOT NULL,
  `initialState` varchar(20) COLLATE utf8mb4_unicode_ci NOT NULL DEFAULT 'openfirst',
  `itemHeadingFormat` varchar(20) COLLATE utf8mb4_unicode_ci NOT NULL DEFAULT 'h2',
  `alwaysOpen` int(11) DEFAULT NULL,
  `flush` int(11) DEFAULT NULL,
  PRIMARY KEY (`bID`)
) ENGINE=InnoDB DEFAULT CHARSET=utf8mb4 COLLATE=utf8mb4_unicode_ci;

--
-- Dumping data for table `btAccordion`
--

INSERT INTO `btAccordion` VALUES
(140, 'openfirst', 'h2', NULL, NULL);

-- --------------------------------------------------------

--
-- Table structure for table `btAccordionEntries`
--

CREATE TABLE `btAccordionEntries` (
  `id` int(10) unsigned NOT NULL AUTO_INCREMENT,
  `bID` int(10) unsigned DEFAULT NULL,
  `title` varchar(255) COLLATE utf8mb4_unicode_ci DEFAULT NULL,
  `sortOrder` int(11) DEFAULT NULL,
  `description` longtext COLLATE utf8mb4_unicode_ci,
  PRIMARY KEY (`id`),
  KEY `bID` (`bID`,`sortOrder`)
) ENGINE=InnoDB  DEFAULT CHARSET=utf8mb4 COLLATE=utf8mb4_unicode_ci AUTO_INCREMENT=4 ;

--
-- Dumping data for table `btAccordionEntries`
--

INSERT INTO `btAccordionEntries` VALUES
(1, 140, 'Accordion Item 1', 0, '<p>Lorem ipsum dolor sit amet, consectetur adipiscing elit. Sed consequat lectus eget arcu faucibus consectetur. Sed vel ligula nec dui tempor vestibulum rutrum efficitur magna. Praesent ut diam ut erat vehicula suscipit. Donec quis consequat erat. Etiam lacinia dapibus elit, vel eleifend nisl tempor ac</p>\n'),
(2, 140, 'Accordion Item 2', 1, '<p>Lorem ipsum dolor sit amet, consectetur adipiscing elit. Sed consequat lectus eget arcu faucibus consectetur. Sed vel ligula nec dui tempor vestibulum rutrum efficitur magna. Praesent ut diam ut erat vehicula suscipit. Donec quis consequat erat. Etiam lacinia dapibus elit, vel eleifend nisl tempor ac</p>\n'),
(3, 140, 'Accordion Item 3', 2, '<p>Lorem ipsum dolor sit amet, consectetur adipiscing elit. Sed consequat lectus eget arcu faucibus consectetur. Sed vel ligula nec dui tempor vestibulum rutrum efficitur magna. Praesent ut diam ut erat vehicula suscipit. Donec quis consequat erat. Etiam lacinia dapibus elit, vel eleifend nisl tempor ac</p>\n');

-- --------------------------------------------------------

--
-- Table structure for table `btBoard`
--

CREATE TABLE `btBoard` (
  `bID` int(10) unsigned NOT NULL,
  `boardInstanceID` int(10) unsigned DEFAULT NULL,
  PRIMARY KEY (`bID`)
) ENGINE=InnoDB DEFAULT CHARSET=utf8mb4 COLLATE=utf8mb4_unicode_ci;

--
-- Dumping data for table `btBoard`
--

INSERT INTO `btBoard` VALUES
(111, 1);

-- --------------------------------------------------------

--
-- Table structure for table `btBreadcrumbs`
--

CREATE TABLE `btBreadcrumbs` (
  `bID` int(10) unsigned NOT NULL,
  `includeCurrent` int(10) unsigned NOT NULL DEFAULT '1',
  `ignoreExcludeNav` int(10) unsigned NOT NULL DEFAULT '1',
  `ignorePermission` int(10) unsigned NOT NULL DEFAULT '0',
  PRIMARY KEY (`bID`)
) ENGINE=InnoDB DEFAULT CHARSET=utf8mb4 COLLATE=utf8mb4_unicode_ci;

--
-- Dumping data for table `btBreadcrumbs`
--

INSERT INTO `btBreadcrumbs` VALUES
(22, 0, 1, 0),
(31, 1, 1, 0);

-- --------------------------------------------------------

--
-- Table structure for table `btCalendar`
--

CREATE TABLE `btCalendar` (
  `bID` int(10) unsigned NOT NULL,
  `caID` int(10) unsigned NOT NULL DEFAULT '0',
  `calendarAttributeKeyHandle` varchar(255) COLLATE utf8mb4_unicode_ci DEFAULT NULL,
  `filterByTopicAttributeKeyID` int(10) unsigned NOT NULL DEFAULT '0',
  `filterByTopicID` int(10) unsigned NOT NULL DEFAULT '0',
  `viewTypes` longtext COLLATE utf8mb4_unicode_ci,
  `viewTypesOrder` longtext COLLATE utf8mb4_unicode_ci,
  `defaultView` longtext COLLATE utf8mb4_unicode_ci,
  `navLinks` int(11) DEFAULT NULL,
  `eventLimit` int(11) DEFAULT NULL,
  `lightboxProperties` longtext COLLATE utf8mb4_unicode_ci,
  PRIMARY KEY (`bID`)
) ENGINE=InnoDB DEFAULT CHARSET=utf8mb4 COLLATE=utf8mb4_unicode_ci;

-- --------------------------------------------------------

--
-- Table structure for table `btCalendarEvent`
--

CREATE TABLE `btCalendarEvent` (
  `bID` int(10) unsigned NOT NULL,
  `mode` varchar(1) COLLATE utf8mb4_unicode_ci NOT NULL DEFAULT 'S' COMMENT 'S = Specify, P = Page, R = Request',
  `calendarEventAttributeKeyHandle` varchar(255) COLLATE utf8mb4_unicode_ci NOT NULL DEFAULT '',
  `calendarID` int(10) unsigned NOT NULL DEFAULT '0',
  `eventID` int(10) unsigned NOT NULL DEFAULT '0',
  `displayEventAttributes` longtext COLLATE utf8mb4_unicode_ci,
  `allowExport` tinyint(1) DEFAULT '0',
  `enableLinkToPage` tinyint(1) DEFAULT '0',
  `displayEventName` tinyint(1) DEFAULT '0',
  `displayEventDate` tinyint(1) DEFAULT '0',
  `displayEventDescription` tinyint(1) DEFAULT '0',
  PRIMARY KEY (`bID`)
) ENGINE=InnoDB DEFAULT CHARSET=utf8mb4 COLLATE=utf8mb4_unicode_ci;

-- --------------------------------------------------------

--
-- Table structure for table `btContentFile`
--

CREATE TABLE `btContentFile` (
  `bID` int(10) unsigned NOT NULL,
  `fID` int(10) unsigned DEFAULT NULL,
  `fileLinkText` varchar(255) COLLATE utf8mb4_unicode_ci DEFAULT NULL,
  `filePassword` varchar(255) COLLATE utf8mb4_unicode_ci DEFAULT NULL,
  `forceDownload` tinyint(1) NOT NULL DEFAULT '0',
  PRIMARY KEY (`bID`),
  KEY `fID` (`fID`)
) ENGINE=InnoDB DEFAULT CHARSET=utf8mb4 COLLATE=utf8mb4_unicode_ci;

-- --------------------------------------------------------

--
-- Table structure for table `btContentImage`
--

CREATE TABLE `btContentImage` (
  `bID` int(10) unsigned NOT NULL,
  `fID` int(10) unsigned DEFAULT '0',
  `fOnstateID` int(10) unsigned DEFAULT '0',
  `cropImage` int(10) unsigned DEFAULT '0',
  `maxWidth` int(10) unsigned DEFAULT '0',
  `maxHeight` int(10) unsigned DEFAULT '0',
  `externalLink` varchar(255) COLLATE utf8mb4_unicode_ci DEFAULT NULL,
  `internalLinkCID` int(10) unsigned DEFAULT '0',
  `fileLinkID` int(10) unsigned DEFAULT '0',
  `openLinkInNewWindow` tinyint(1) NOT NULL DEFAULT '0',
  `altText` varchar(255) COLLATE utf8mb4_unicode_ci DEFAULT NULL,
  `title` varchar(255) COLLATE utf8mb4_unicode_ci DEFAULT NULL,
  `lazyLoad` int(10) unsigned DEFAULT '0',
  `sizingOption` varchar(255) COLLATE utf8mb4_unicode_ci DEFAULT 'thumbnails_default',
  PRIMARY KEY (`bID`),
  KEY `fID` (`fID`)
) ENGINE=InnoDB DEFAULT CHARSET=utf8mb4 COLLATE=utf8mb4_unicode_ci;

--
-- Dumping data for table `btContentImage`
--

INSERT INTO `btContentImage` VALUES
(47, 8, 0, 0, 0, 0, '', 0, 0, 0, '', '', 0, 'thumbnails_configurable'),
(56, 7, 0, 0, 0, 0, '', 0, 0, 0, '', '', 0, 'thumbnails_configurable'),
(67, 8, 0, 0, 0, 0, '', 0, 0, 0, '', '', 0, 'thumbnails_configurable'),
(77, 7, 0, 0, 0, 0, '', 0, 0, 0, '', '', 0, 'thumbnails_configurable'),
(80, 12, 0, 0, 0, 0, '', 0, 0, 0, '', '', 0, 'thumbnails_configurable'),
(82, 32, 0, 0, 0, 0, '', 0, 0, 0, '', '', 0, 'thumbnails_configurable');

-- --------------------------------------------------------

--
-- Table structure for table `btContentImageBreakpoints`
--

CREATE TABLE `btContentImageBreakpoints` (
  `id` int(10) unsigned NOT NULL AUTO_INCREMENT,
  `bID` int(10) unsigned DEFAULT NULL,
  `breakpointHandle` varchar(255) COLLATE utf8mb4_unicode_ci DEFAULT NULL,
  `ftTypeID` int(10) unsigned DEFAULT '0',
  PRIMARY KEY (`id`)
) ENGINE=InnoDB  DEFAULT CHARSET=utf8mb4 COLLATE=utf8mb4_unicode_ci AUTO_INCREMENT=31 ;

--
-- Dumping data for table `btContentImageBreakpoints`
--

INSERT INTO `btContentImageBreakpoints` VALUES
(1, 47, 'xs', 3),
(2, 47, 'xl', 3),
(3, 47, 'sm', 3),
(4, 47, 'md', 3),
(5, 47, 'lg', 3),
(6, 56, 'xs', 3),
(7, 56, 'xl', 3),
(8, 56, 'sm', 3),
(9, 56, 'md', 3),
(10, 56, 'lg', 3),
(11, 67, 'xs', 3),
(12, 67, 'xl', 3),
(13, 67, 'sm', 3),
(14, 67, 'md', 3),
(15, 67, 'lg', 3),
(16, 77, 'xs', 3),
(17, 77, 'xl', 3),
(18, 77, 'sm', 3),
(19, 77, 'md', 3),
(20, 77, 'lg', 3),
(21, 80, 'xs', 3),
(22, 80, 'xl', 3),
(23, 80, 'sm', 3),
(24, 80, 'md', 3),
(25, 80, 'lg', 3),
(26, 82, 'xs', 3),
(27, 82, 'xl', 3),
(28, 82, 'sm', 3),
(29, 82, 'md', 3),
(30, 82, 'lg', 3);

-- --------------------------------------------------------

--
-- Table structure for table `btContentLocal`
--

CREATE TABLE `btContentLocal` (
  `bID` int(10) unsigned NOT NULL,
  `content` longtext COLLATE utf8mb4_unicode_ci,
  PRIMARY KEY (`bID`)
) ENGINE=InnoDB DEFAULT CHARSET=utf8mb4 COLLATE=utf8mb4_unicode_ci;

--
-- Dumping data for table `btContentLocal`
--

INSERT INTO `btContentLocal` VALUES
(29, '<h4 class="text-center display-4">From Our Blog</h4>\n'),
(36, '\n                                     <div class="atomik-logo"><concrete-picture fid="17" /><span>Atomik</span></div> \n                                '),
(38, '\n                                     <p><a href="{CCM:CID_239}">About</a></p> <p><a href="{CCM:CID_241}">Documents</a></p> <p><a href="{CCM:CID_247}">Services</a></p> <p><a href="{CCM:CID_240}">Resources</a></p> \n                                '),
(39, '\n                                     <p><a href="{CCM:CID_249}">Blog</a></p> <p><a href="{CCM:CID_251}">Contact Us</a></p> <p><a href="{CCM:CID_246}">Privacy Policy</a></p> <p><a href="">Careers</a></p> \n                                '),
(40, '\n                                     <p>Subscribe to our newsletter to learn more about how we can help your company!</p> \n                                '),
(48, '<h2 class="display-2" style="text-align: center;">What We Do</h2>\n\n<p class="lead" style="text-align: center;">Lorem ipsum dolor sit amet, consectetur adipiscing elit. Maecenas varius tortor nibh, sit amet tempor nibh finibus et.<br />\nAenean eu enim justo. Vestibulum aliquam hendrerit molestie.</p>\n'),
(60, '<h4 class="display-4" style="text-align: center;">From Our Blog</h4>\n'),
(68, '<h2 class="display-2" style="text-align: center;">What We Do</h2>\n\n<p class="lead text-secondary" style="text-align: center;">Lorem ipsum dolor sit amet, consectetur adipiscing elit. Maecenas varius tortor nibh, sit amet tempor nibh finibus et.<br />\nAenean eu enim justo. Vestibulum aliquam hendrerit molestie.</p>\n'),
(84, '<h4 class="display-4" style="text-align: center;">Meet the Team</h2>\n\n<p class="lead text-secondary" style="text-align: center;">Lorem ipsum dolor sit amet, consectetur adipiscing elit. Curabitur tincidunt turpis at odio fermentum posuere. Vestibulum ante ipsum primis in faucibus orci luctus et ultrices.</p>\n'),
(94, '<h2 class="display-2" style="text-align: center;">Our Services</h2>\n'),
(101, '<h5 class="text-primary">Testing Heading 1</h5>\n<p>\nMaecenas consequat lectus a euismod pellentesque. Pellentesque commodo quam nec consequat eleifend. Aenean accumsan vehicula ornare. Proin tempus lorem et sapien pretium efficitur. Nunc lectus ante, maximus sed euismod sed, finibus quis dui. Proin mollis risus massa, non aliquet est feugiat eget. Mauris facilisis vitae arcu eu lacinia. Mauris ut lacus tristique, dapibus odio ac, congue nunc. Nam eget mauris tincidunt, bibendum lacus ac, facilisis ipsum.\n</p>\n<h5 class="text-primary">Testing Heading 2</h5>\n<p>\nMaecenas consequat lectus a euismod pellentesque. Pellentesque commodo quam nec consequat eleifend. Aenean accumsan vehicula ornare. Proin tempus lorem et sapien pretium efficitur. Nunc lectus ante, maximus sed euismod sed, finibus quis dui. Proin mollis risus massa, non aliquet est feugiat eget. Mauris facilisis vitae arcu eu lacinia. Mauris ut lacus tristique, dapibus odio ac, congue nunc. Nam eget mauris tincidunt, bibendum lacus ac, facilisis ipsum.\n</p>\n<h5 class="text-primary">Testing Heading 3</h5>\n<p>\nMaecenas consequat lectus a euismod pellentesque. Pellentesque commodo quam nec consequat eleifend. Aenean accumsan vehicula ornare. Proin tempus lorem et sapien pretium efficitur. Nunc lectus ante, maximus sed euismod sed, finibus quis dui. Proin mollis risus massa, non aliquet est feugiat eget. Mauris facilisis vitae arcu eu lacinia. Mauris ut lacus tristique, dapibus odio ac, congue nunc. Nam eget mauris tincidunt, bibendum lacus ac, facilisis ipsum.\n</p>'),
(102, '<h5 class="text-primary">Testing Heading 1</h5>\n<p>\nMaecenas consequat lectus a euismod pellentesque. Pellentesque commodo quam nec consequat eleifend. Aenean accumsan vehicula ornare. Proin tempus lorem et sapien pretium efficitur. Nunc lectus ante, maximus sed euismod sed, finibus quis dui. Proin mollis risus massa, non aliquet est feugiat eget. Mauris facilisis vitae arcu eu lacinia. Mauris ut lacus tristique, dapibus odio ac, congue nunc. Nam eget mauris tincidunt, bibendum lacus ac, facilisis ipsum.\n</p>\n<h5 class="text-primary">Testing Heading 2</h5>\n<p>\nMaecenas consequat lectus a euismod pellentesque. Pellentesque commodo quam nec consequat eleifend. Aenean accumsan vehicula ornare. Proin tempus lorem et sapien pretium efficitur. Nunc lectus ante, maximus sed euismod sed, finibus quis dui. Proin mollis risus massa, non aliquet est feugiat eget. Mauris facilisis vitae arcu eu lacinia. Mauris ut lacus tristique, dapibus odio ac, congue nunc. Nam eget mauris tincidunt, bibendum lacus ac, facilisis ipsum.\n</p>\n<h5 class="text-primary">Testing Heading 3</h5>\n<p>\nMaecenas consequat lectus a euismod pellentesque. Pellentesque commodo quam nec consequat eleifend. Aenean accumsan vehicula ornare. Proin tempus lorem et sapien pretium efficitur. Nunc lectus ante, maximus sed euismod sed, finibus quis dui. Proin mollis risus massa, non aliquet est feugiat eget. Mauris facilisis vitae arcu eu lacinia. Mauris ut lacus tristique, dapibus odio ac, congue nunc. Nam eget mauris tincidunt, bibendum lacus ac, facilisis ipsum.\n</p>'),
(103, '<h3 class="display-3" style="text-align: center;">What Our Clients are Saying</h3>\n\n<p class="lead text-secondary" style="text-align: center;">Lorem ipsum dolor sit amet, consectetur adipiscing elit. Curabitur tincidunt turpis at odio fermentum posuere. Vestibulum ante ipsum primis in faucibus orci luctus et ultrices posuere cubilia curae.</p>\n'),
(114, '<h4 class="text-center display-4">Latest Resources</h4>\n'),
(121, '<h5>Headquarters</h5>\n\n<p>123 SW Concrete Pl.<br />\nPortland, OR 97210</p>\n\n<h5>Hours</h5>\n\n<p><b>M-F:</b> 10am - 7pm<br />\n<b>Sat:</b> 12pm - 7pm<br />\n<b>Sunday:</b> Closed</p>\n'),
(122, '<h3 class="display-3" style="text-align: center;">Choosing Us</h3>\n\n<p class="lead" style="text-align: center;">Lorem ipsum dolor sit amet, consectetur adipiscing elit. Maecenas varius tortor nibh, sit amet tempor nibh finibus et.<br />\nAenean eu enim justo. Vestibulum aliquam hendrerit molestie.</p>\n'),
(126, '\n                                    <p>Lorem ipsum dolor sit amet, consectetur adipiscing elit. Morbi non justo ultricies, facilisis erat quis, vehicula leo. Duis massa ipsum, hendrerit et eleifend ut, eleifend ut metus. Sed venenatis dui sem, sit amet feugiat tortor porttitor interdum. Nulla feugiat risus ac tristique porta. Nulla facilisi. Nam ullamcorper dignissim velit at vestibulum. Suspendisse in libero nec augue aliquet hendrerit. Curabitur tincidunt nisi in tortor efficitur, quis commodo ex tincidunt. Nunc risus enim, dictum sit amet commodo tincidunt, tincidunt sit amet eros. Vivamus dapibus ac nibh eu congue. In rhoncus urna arcu, mattis vehicula augue convallis a. Integer a dui urna. Fusce sit amet neque id metus faucibus convallis. Duis lobortis orci at mollis iaculis. Aliquam lobortis semper turpis, non porttitor metus bibendum sit amet.\n</p>\n<p>\nPraesent efficitur iaculis mauris, vitae maximus lectus lacinia vitae. Aenean in mi augue. Donec eu consectetur purus. Quisque non laoreet lectus. Vestibulum nulla ex, sagittis a lacinia non, accumsan gravida ligula. Sed non euismod enim. Aliquam placerat felis sed turpis tempus sodales. Curabitur fringilla eros arcu, at porta nunc sagittis finibus.\n</p>\n<p>\nDuis non placerat justo. Proin eu neque luctus, lacinia turpis sed, feugiat enim. Etiam turpis erat, convallis sit amet magna et, maximus feugiat lorem. Cras accumsan condimentum sollicitudin. Maecenas pharetra faucibus tempor. Phasellus nec metus id odio dictum efficitur id ut diam. Phasellus quis arcu tincidunt, molestie nisl ut, vehicula lacus. Vivamus non accumsan magna. Proin blandit euismod dui, eget sodales mauris varius bibendum. Nam facilisis fermentum elit, in fringilla elit. Mauris erat arcu, malesuada at dolor quis, condimentum blandit felis. Mauris nec porta sapien, vitae pulvinar nibh. Curabitur id arcu ac magna posuere tempor. Integer id posuere lacus. Donec fringilla dictum turpis molestie rhoncus. Mauris fermentum odio ante, vitae lacinia arcu dapibus id.\n</p>\n<p>\nNunc id velit quam. Ut viverra nec ex sed maximus. Proin vel magna ut quam luctus fringilla at nec tortor. Aliquam pharetra eget metus a elementum. Aenean rhoncus lectus tempor, tempus elit sed, efficitur risus. Sed commodo eget turpis et vehicula. Proin dignissim mi eget risus convallis faucibus. Sed ut nisi eget nunc tincidunt tempus nec eu leo.\n</p>\n<p>\nNam massa mauris, euismod vel tortor vel, finibus accumsan sem. Sed varius vulputate mi, at aliquam dolor rhoncus at. Nunc at luctus massa. Morbi interdum lectus elit, eu auctor ante facilisis ac. Sed a congue libero. In hac habitasse platea dictumst. Suspendisse aliquam ullamcorper odio, non faucibus neque semper quis. Nullam rhoncus varius nunc ut ullamcorper. Pellentesque mattis orci sed enim condimentum semper. Sed nec eros nec odio tristique malesuada. Quisque neque ligula, vehicula vel felis pulvinar, porta gravida sapien. Aenean sit amet efficitur est. Vivamus vel libero malesuada sapien maximus vestibulum. Curabitur feugiat laoreet tempor.\n</p>\n'),
(127, '\n                                    <p>Lorem ipsum dolor sit amet, consectetur adipiscing elit. Morbi non justo ultricies, facilisis erat quis, vehicula leo. Duis massa ipsum, hendrerit et eleifend ut, eleifend ut metus. Sed venenatis dui sem, sit amet feugiat tortor porttitor interdum. Nulla feugiat risus ac tristique porta. Nulla facilisi. Nam ullamcorper dignissim velit at vestibulum. Suspendisse in libero nec augue aliquet hendrerit. Curabitur tincidunt nisi in tortor efficitur, quis commodo ex tincidunt. Nunc risus enim, dictum sit amet commodo tincidunt, tincidunt sit amet eros. Vivamus dapibus ac nibh eu congue. In rhoncus urna arcu, mattis vehicula augue convallis a. Integer a dui urna. Fusce sit amet neque id metus faucibus convallis. Duis lobortis orci at mollis iaculis. Aliquam lobortis semper turpis, non porttitor metus bibendum sit amet.\n</p>\n<p>\nPraesent efficitur iaculis mauris, vitae maximus lectus lacinia vitae. Aenean in mi augue. Donec eu consectetur purus. Quisque non laoreet lectus. Vestibulum nulla ex, sagittis a lacinia non, accumsan gravida ligula. Sed non euismod enim. Aliquam placerat felis sed turpis tempus sodales. Curabitur fringilla eros arcu, at porta nunc sagittis finibus.\n</p>\n<p>\nDuis non placerat justo. Proin eu neque luctus, lacinia turpis sed, feugiat enim. Etiam turpis erat, convallis sit amet magna et, maximus feugiat lorem. Cras accumsan condimentum sollicitudin. Maecenas pharetra faucibus tempor. Phasellus nec metus id odio dictum efficitur id ut diam. Phasellus quis arcu tincidunt, molestie nisl ut, vehicula lacus. Vivamus non accumsan magna. Proin blandit euismod dui, eget sodales mauris varius bibendum. Nam facilisis fermentum elit, in fringilla elit. Mauris erat arcu, malesuada at dolor quis, condimentum blandit felis. Mauris nec porta sapien, vitae pulvinar nibh. Curabitur id arcu ac magna posuere tempor. Integer id posuere lacus. Donec fringilla dictum turpis molestie rhoncus. Mauris fermentum odio ante, vitae lacinia arcu dapibus id.\n</p>\n<p>\nNunc id velit quam. Ut viverra nec ex sed maximus. Proin vel magna ut quam luctus fringilla at nec tortor. Aliquam pharetra eget metus a elementum. Aenean rhoncus lectus tempor, tempus elit sed, efficitur risus. Sed commodo eget turpis et vehicula. Proin dignissim mi eget risus convallis faucibus. Sed ut nisi eget nunc tincidunt tempus nec eu leo.\n</p>\n<p>\nNam massa mauris, euismod vel tortor vel, finibus accumsan sem. Sed varius vulputate mi, at aliquam dolor rhoncus at. Nunc at luctus massa. Morbi interdum lectus elit, eu auctor ante facilisis ac. Sed a congue libero. In hac habitasse platea dictumst. Suspendisse aliquam ullamcorper odio, non faucibus neque semper quis. Nullam rhoncus varius nunc ut ullamcorper. Pellentesque mattis orci sed enim condimentum semper. Sed nec eros nec odio tristique malesuada. Quisque neque ligula, vehicula vel felis pulvinar, porta gravida sapien. Aenean sit amet efficitur est. Vivamus vel libero malesuada sapien maximus vestibulum. Curabitur feugiat laoreet tempor.\n</p>\n'),
(128, '\n                                    <p>Lorem ipsum dolor sit amet, consectetur adipiscing elit. Morbi non justo ultricies, facilisis erat quis, vehicula leo. Duis massa ipsum, hendrerit et eleifend ut, eleifend ut metus. Sed venenatis dui sem, sit amet feugiat tortor porttitor interdum. Nulla feugiat risus ac tristique porta. Nulla facilisi. Nam ullamcorper dignissim velit at vestibulum. Suspendisse in libero nec augue aliquet hendrerit. Curabitur tincidunt nisi in tortor efficitur, quis commodo ex tincidunt. Nunc risus enim, dictum sit amet commodo tincidunt, tincidunt sit amet eros. Vivamus dapibus ac nibh eu congue. In rhoncus urna arcu, mattis vehicula augue convallis a. Integer a dui urna. Fusce sit amet neque id metus faucibus convallis. Duis lobortis orci at mollis iaculis. Aliquam lobortis semper turpis, non porttitor metus bibendum sit amet.\n</p>\n<p>\nPraesent efficitur iaculis mauris, vitae maximus lectus lacinia vitae. Aenean in mi augue. Donec eu consectetur purus. Quisque non laoreet lectus. Vestibulum nulla ex, sagittis a lacinia non, accumsan gravida ligula. Sed non euismod enim. Aliquam placerat felis sed turpis tempus sodales. Curabitur fringilla eros arcu, at porta nunc sagittis finibus.\n</p>\n<p>\nDuis non placerat justo. Proin eu neque luctus, lacinia turpis sed, feugiat enim. Etiam turpis erat, convallis sit amet magna et, maximus feugiat lorem. Cras accumsan condimentum sollicitudin. Maecenas pharetra faucibus tempor. Phasellus nec metus id odio dictum efficitur id ut diam. Phasellus quis arcu tincidunt, molestie nisl ut, vehicula lacus. Vivamus non accumsan magna. Proin blandit euismod dui, eget sodales mauris varius bibendum. Nam facilisis fermentum elit, in fringilla elit. Mauris erat arcu, malesuada at dolor quis, condimentum blandit felis. Mauris nec porta sapien, vitae pulvinar nibh. Curabitur id arcu ac magna posuere tempor. Integer id posuere lacus. Donec fringilla dictum turpis molestie rhoncus. Mauris fermentum odio ante, vitae lacinia arcu dapibus id.\n</p>\n<p>\nNunc id velit quam. Ut viverra nec ex sed maximus. Proin vel magna ut quam luctus fringilla at nec tortor. Aliquam pharetra eget metus a elementum. Aenean rhoncus lectus tempor, tempus elit sed, efficitur risus. Sed commodo eget turpis et vehicula. Proin dignissim mi eget risus convallis faucibus. Sed ut nisi eget nunc tincidunt tempus nec eu leo.\n</p>\n<p>\nNam massa mauris, euismod vel tortor vel, finibus accumsan sem. Sed varius vulputate mi, at aliquam dolor rhoncus at. Nunc at luctus massa. Morbi interdum lectus elit, eu auctor ante facilisis ac. Sed a congue libero. In hac habitasse platea dictumst. Suspendisse aliquam ullamcorper odio, non faucibus neque semper quis. Nullam rhoncus varius nunc ut ullamcorper. Pellentesque mattis orci sed enim condimentum semper. Sed nec eros nec odio tristique malesuada. Quisque neque ligula, vehicula vel felis pulvinar, porta gravida sapien. Aenean sit amet efficitur est. Vivamus vel libero malesuada sapien maximus vestibulum. Curabitur feugiat laoreet tempor.\n</p>\n'),
(129, '\n                                    <p>Lorem ipsum dolor sit amet, consectetur adipiscing elit. Morbi non justo ultricies, facilisis erat quis, vehicula leo. Duis massa ipsum, hendrerit et eleifend ut, eleifend ut metus. Sed venenatis dui sem, sit amet feugiat tortor porttitor interdum. Nulla feugiat risus ac tristique porta. Nulla facilisi. Nam ullamcorper dignissim velit at vestibulum. Suspendisse in libero nec augue aliquet hendrerit. Curabitur tincidunt nisi in tortor efficitur, quis commodo ex tincidunt. Nunc risus enim, dictum sit amet commodo tincidunt, tincidunt sit amet eros. Vivamus dapibus ac nibh eu congue. In rhoncus urna arcu, mattis vehicula augue convallis a. Integer a dui urna. Fusce sit amet neque id metus faucibus convallis. Duis lobortis orci at mollis iaculis. Aliquam lobortis semper turpis, non porttitor metus bibendum sit amet.\n</p>\n<p>\nPraesent efficitur iaculis mauris, vitae maximus lectus lacinia vitae. Aenean in mi augue. Donec eu consectetur purus. Quisque non laoreet lectus. Vestibulum nulla ex, sagittis a lacinia non, accumsan gravida ligula. Sed non euismod enim. Aliquam placerat felis sed turpis tempus sodales. Curabitur fringilla eros arcu, at porta nunc sagittis finibus.\n</p>\n<p>\nDuis non placerat justo. Proin eu neque luctus, lacinia turpis sed, feugiat enim. Etiam turpis erat, convallis sit amet magna et, maximus feugiat lorem. Cras accumsan condimentum sollicitudin. Maecenas pharetra faucibus tempor. Phasellus nec metus id odio dictum efficitur id ut diam. Phasellus quis arcu tincidunt, molestie nisl ut, vehicula lacus. Vivamus non accumsan magna. Proin blandit euismod dui, eget sodales mauris varius bibendum. Nam facilisis fermentum elit, in fringilla elit. Mauris erat arcu, malesuada at dolor quis, condimentum blandit felis. Mauris nec porta sapien, vitae pulvinar nibh. Curabitur id arcu ac magna posuere tempor. Integer id posuere lacus. Donec fringilla dictum turpis molestie rhoncus. Mauris fermentum odio ante, vitae lacinia arcu dapibus id.\n</p>\n<p>\nNunc id velit quam. Ut viverra nec ex sed maximus. Proin vel magna ut quam luctus fringilla at nec tortor. Aliquam pharetra eget metus a elementum. Aenean rhoncus lectus tempor, tempus elit sed, efficitur risus. Sed commodo eget turpis et vehicula. Proin dignissim mi eget risus convallis faucibus. Sed ut nisi eget nunc tincidunt tempus nec eu leo.\n</p>\n<p>\nNam massa mauris, euismod vel tortor vel, finibus accumsan sem. Sed varius vulputate mi, at aliquam dolor rhoncus at. Nunc at luctus massa. Morbi interdum lectus elit, eu auctor ante facilisis ac. Sed a congue libero. In hac habitasse platea dictumst. Suspendisse aliquam ullamcorper odio, non faucibus neque semper quis. Nullam rhoncus varius nunc ut ullamcorper. Pellentesque mattis orci sed enim condimentum semper. Sed nec eros nec odio tristique malesuada. Quisque neque ligula, vehicula vel felis pulvinar, porta gravida sapien. Aenean sit amet efficitur est. Vivamus vel libero malesuada sapien maximus vestibulum. Curabitur feugiat laoreet tempor.\n</p>\n'),
(130, '\n                                    <p>Lorem ipsum dolor sit amet, consectetur adipiscing elit. Morbi non justo ultricies, facilisis erat quis, vehicula leo. Duis massa ipsum, hendrerit et eleifend ut, eleifend ut metus. Sed venenatis dui sem, sit amet feugiat tortor porttitor interdum. Nulla feugiat risus ac tristique porta. Nulla facilisi. Nam ullamcorper dignissim velit at vestibulum. Suspendisse in libero nec augue aliquet hendrerit. Curabitur tincidunt nisi in tortor efficitur, quis commodo ex tincidunt. Nunc risus enim, dictum sit amet commodo tincidunt, tincidunt sit amet eros. Vivamus dapibus ac nibh eu congue. In rhoncus urna arcu, mattis vehicula augue convallis a. Integer a dui urna. Fusce sit amet neque id metus faucibus convallis. Duis lobortis orci at mollis iaculis. Aliquam lobortis semper turpis, non porttitor metus bibendum sit amet.\n</p>\n<p>\nPraesent efficitur iaculis mauris, vitae maximus lectus lacinia vitae. Aenean in mi augue. Donec eu consectetur purus. Quisque non laoreet lectus. Vestibulum nulla ex, sagittis a lacinia non, accumsan gravida ligula. Sed non euismod enim. Aliquam placerat felis sed turpis tempus sodales. Curabitur fringilla eros arcu, at porta nunc sagittis finibus.\n</p>\n<p>\nDuis non placerat justo. Proin eu neque luctus, lacinia turpis sed, feugiat enim. Etiam turpis erat, convallis sit amet magna et, maximus feugiat lorem. Cras accumsan condimentum sollicitudin. Maecenas pharetra faucibus tempor. Phasellus nec metus id odio dictum efficitur id ut diam. Phasellus quis arcu tincidunt, molestie nisl ut, vehicula lacus. Vivamus non accumsan magna. Proin blandit euismod dui, eget sodales mauris varius bibendum. Nam facilisis fermentum elit, in fringilla elit. Mauris erat arcu, malesuada at dolor quis, condimentum blandit felis. Mauris nec porta sapien, vitae pulvinar nibh. Curabitur id arcu ac magna posuere tempor. Integer id posuere lacus. Donec fringilla dictum turpis molestie rhoncus. Mauris fermentum odio ante, vitae lacinia arcu dapibus id.\n</p>\n<p>\nNunc id velit quam. Ut viverra nec ex sed maximus. Proin vel magna ut quam luctus fringilla at nec tortor. Aliquam pharetra eget metus a elementum. Aenean rhoncus lectus tempor, tempus elit sed, efficitur risus. Sed commodo eget turpis et vehicula. Proin dignissim mi eget risus convallis faucibus. Sed ut nisi eget nunc tincidunt tempus nec eu leo.\n</p>\n<p>\nNam massa mauris, euismod vel tortor vel, finibus accumsan sem. Sed varius vulputate mi, at aliquam dolor rhoncus at. Nunc at luctus massa. Morbi interdum lectus elit, eu auctor ante facilisis ac. Sed a congue libero. In hac habitasse platea dictumst. Suspendisse aliquam ullamcorper odio, non faucibus neque semper quis. Nullam rhoncus varius nunc ut ullamcorper. Pellentesque mattis orci sed enim condimentum semper. Sed nec eros nec odio tristique malesuada. Quisque neque ligula, vehicula vel felis pulvinar, porta gravida sapien. Aenean sit amet efficitur est. Vivamus vel libero malesuada sapien maximus vestibulum. Curabitur feugiat laoreet tempor.\n</p>\n'),
(131, '\n                                    <p>Lorem ipsum dolor sit amet, consectetur adipiscing elit. Morbi non justo ultricies, facilisis erat quis, vehicula leo. Duis massa ipsum, hendrerit et eleifend ut, eleifend ut metus. Sed venenatis dui sem, sit amet feugiat tortor porttitor interdum. Nulla feugiat risus ac tristique porta. Nulla facilisi. Nam ullamcorper dignissim velit at vestibulum. Suspendisse in libero nec augue aliquet hendrerit. Curabitur tincidunt nisi in tortor efficitur, quis commodo ex tincidunt. Nunc risus enim, dictum sit amet commodo tincidunt, tincidunt sit amet eros. Vivamus dapibus ac nibh eu congue. In rhoncus urna arcu, mattis vehicula augue convallis a. Integer a dui urna. Fusce sit amet neque id metus faucibus convallis. Duis lobortis orci at mollis iaculis. Aliquam lobortis semper turpis, non porttitor metus bibendum sit amet.\n</p>\n<p>\nPraesent efficitur iaculis mauris, vitae maximus lectus lacinia vitae. Aenean in mi augue. Donec eu consectetur purus. Quisque non laoreet lectus. Vestibulum nulla ex, sagittis a lacinia non, accumsan gravida ligula. Sed non euismod enim. Aliquam placerat felis sed turpis tempus sodales. Curabitur fringilla eros arcu, at porta nunc sagittis finibus.\n</p>\n<p>\nDuis non placerat justo. Proin eu neque luctus, lacinia turpis sed, feugiat enim. Etiam turpis erat, convallis sit amet magna et, maximus feugiat lorem. Cras accumsan condimentum sollicitudin. Maecenas pharetra faucibus tempor. Phasellus nec metus id odio dictum efficitur id ut diam. Phasellus quis arcu tincidunt, molestie nisl ut, vehicula lacus. Vivamus non accumsan magna. Proin blandit euismod dui, eget sodales mauris varius bibendum. Nam facilisis fermentum elit, in fringilla elit. Mauris erat arcu, malesuada at dolor quis, condimentum blandit felis. Mauris nec porta sapien, vitae pulvinar nibh. Curabitur id arcu ac magna posuere tempor. Integer id posuere lacus. Donec fringilla dictum turpis molestie rhoncus. Mauris fermentum odio ante, vitae lacinia arcu dapibus id.\n</p>\n<p>\nNunc id velit quam. Ut viverra nec ex sed maximus. Proin vel magna ut quam luctus fringilla at nec tortor. Aliquam pharetra eget metus a elementum. Aenean rhoncus lectus tempor, tempus elit sed, efficitur risus. Sed commodo eget turpis et vehicula. Proin dignissim mi eget risus convallis faucibus. Sed ut nisi eget nunc tincidunt tempus nec eu leo.\n</p>\n<p>\nNam massa mauris, euismod vel tortor vel, finibus accumsan sem. Sed varius vulputate mi, at aliquam dolor rhoncus at. Nunc at luctus massa. Morbi interdum lectus elit, eu auctor ante facilisis ac. Sed a congue libero. In hac habitasse platea dictumst. Suspendisse aliquam ullamcorper odio, non faucibus neque semper quis. Nullam rhoncus varius nunc ut ullamcorper. Pellentesque mattis orci sed enim condimentum semper. Sed nec eros nec odio tristique malesuada. Quisque neque ligula, vehicula vel felis pulvinar, porta gravida sapien. Aenean sit amet efficitur est. Vivamus vel libero malesuada sapien maximus vestibulum. Curabitur feugiat laoreet tempor.\n</p>\n'),
(134, '\n                                     <h1 class="display-1" style="text-align: center;">&nbsp;</h1> <h1 class="display-1" style="text-align: center;">Signup Successful</h1> <p style="text-align: center;">Thank you for signing up to receive our newsletter!</p> <p style="text-align: center;">&nbsp;</p> <p style="text-align: center;">&nbsp;</p> \n                                '),
(139, '<p>Lorem ipsum dolor sit amet, consectetur adipiscing elit. Curabitur dictum luctus nulla ut volutpat. Curabitur id aliquet sem. Vivamus scelerisque congue quam eu sollicitudin. Quisque ut urna luctus, luctus orci ac, mattis diam. Duis eget cursus nulla. Nam commodo nunc tortor, ut elementum eros bibendum eu. Quisque elementum sagittis tortor vitae porta. Integer sed lectus blandit, scelerisque diam non, dictum est. Pellentesque pretium risus a odio blandit vehicula.</p>\n\n<p>Pellentesque habitant morbi tristique senectus et netus et malesuada fames ac turpis egestas. Pellentesque sit amet turpis ut justo congue pharetra quis ut elit. Sed commodo in nunc faucibus ullamcorper. Aenean efficitur ex ut neque vulputate fermentum. Nunc commodo enim id enim tincidunt commodo. Nullam vel eleifend leo. Mauris vel aliquam felis. Pellentesque accumsan tellus nisl, ultrices viverra lectus rutrum tempor. Mauris at consectetur turpis.</p>\n\n<p><a href="https://portlandlabs.com">Read More</a></p>\n'),
(141, '<p>Lorem ipsum dolor sit amet, consectetur adipiscing elit. Curabitur dictum luctus nulla ut volutpat. Curabitur id aliquet sem. Vivamus scelerisque congue quam eu sollicitudin. Quisque ut urna luctus, luctus orci ac, mattis diam. Duis eget cursus nulla. Nam commodo nunc tortor, ut elementum eros bibendum eu. Quisque elementum sagittis tortor vitae porta. Integer sed lectus blandit, scelerisque diam non, dictum est. Pellentesque pretium risus a odio blandit vehicula.</p>\n\n<p>Pellentesque habitant morbi tristique senectus et netus et malesuada fames ac turpis egestas. Pellentesque sit amet turpis ut justo congue pharetra quis ut elit. Sed commodo in nunc faucibus ullamcorper. Aenean efficitur ex ut neque vulputate fermentum. Nunc commodo enim id enim tincidunt commodo. Nullam vel eleifend leo. Mauris vel aliquam felis. Pellentesque accumsan tellus nisl, ultrices viverra lectus rutrum tempor. Mauris at consectetur turpis.</p>\n\n<p><a href="https://portlandlabs.com">Read More</a></p>\n'),
(142, '<p>Lorem ipsum dolor sit amet, consectetur adipiscing elit. Curabitur dictum luctus nulla ut volutpat. Curabitur id aliquet sem. Vivamus scelerisque congue quam eu sollicitudin. Quisque ut urna luctus, luctus orci ac, mattis diam. Duis eget cursus nulla. Nam commodo nunc tortor, ut elementum eros bibendum eu. Quisque elementum sagittis tortor vitae porta. Integer sed lectus blandit, scelerisque diam non, dictum est. Pellentesque pretium risus a odio blandit vehicula.</p>\n\n<p>Pellentesque habitant morbi tristique senectus et netus et malesuada fames ac turpis egestas. Pellentesque sit amet turpis ut justo congue pharetra quis ut elit. Sed commodo in nunc faucibus ullamcorper. Aenean efficitur ex ut neque vulputate fermentum. Nunc commodo enim id enim tincidunt commodo. Nullam vel eleifend leo. Mauris vel aliquam felis. Pellentesque accumsan tellus nisl, ultrices viverra lectus rutrum tempor. Mauris at consectetur turpis.</p>\n\n<p><a href="https://portlandlabs.com">Read More</a></p>\n'),
(143, '<p>Lorem ipsum dolor sit amet, consectetur adipiscing elit. Curabitur dictum luctus nulla ut volutpat. Curabitur id aliquet sem. Vivamus scelerisque congue quam eu sollicitudin. Quisque ut urna luctus, luctus orci ac, mattis diam. Duis eget cursus nulla. Nam commodo nunc tortor, ut elementum eros bibendum eu. Quisque elementum sagittis tortor vitae porta. Integer sed lectus blandit, scelerisque diam non, dictum est. Pellentesque pretium risus a odio blandit vehicula.</p>\n\n<p>Pellentesque habitant morbi tristique senectus et netus et malesuada fames ac turpis egestas. Pellentesque sit amet turpis ut justo congue pharetra quis ut elit. Sed commodo in nunc faucibus ullamcorper. Aenean efficitur ex ut neque vulputate fermentum. Nunc commodo enim id enim tincidunt commodo. Nullam vel eleifend leo. Mauris vel aliquam felis. Pellentesque accumsan tellus nisl, ultrices viverra lectus rutrum tempor. Mauris at consectetur turpis.</p>\n\n<p><a href="https://portlandlabs.com">Read More</a></p>\n'),
(144, '<p>Lorem ipsum dolor sit amet, consectetur adipiscing elit. Curabitur dictum luctus nulla ut volutpat. Curabitur id aliquet sem. Vivamus scelerisque congue quam eu sollicitudin. Quisque ut urna luctus, luctus orci ac, mattis diam. Duis eget cursus nulla. Nam commodo nunc tortor, ut elementum eros bibendum eu. Quisque elementum sagittis tortor vitae porta. Integer sed lectus blandit, scelerisque diam non, dictum est. Pellentesque pretium risus a odio blandit vehicula.</p>\n\n<p>Pellentesque habitant morbi tristique senectus et netus et malesuada fames ac turpis egestas. Pellentesque sit amet turpis ut justo congue pharetra quis ut elit. Sed commodo in nunc faucibus ullamcorper. Aenean efficitur ex ut neque vulputate fermentum. Nunc commodo enim id enim tincidunt commodo. Nullam vel eleifend leo. Mauris vel aliquam felis. Pellentesque accumsan tellus nisl, ultrices viverra lectus rutrum tempor. Mauris at consectetur turpis.</p>\n\n<p><a href="https://portlandlabs.com">Read More</a></p>\n'),
(145, '<p>Lorem ipsum dolor sit amet, consectetur adipiscing elit. Curabitur dictum luctus nulla ut volutpat. Curabitur id aliquet sem. Vivamus scelerisque congue quam eu sollicitudin. Quisque ut urna luctus, luctus orci ac, mattis diam. Duis eget cursus nulla. Nam commodo nunc tortor, ut elementum eros bibendum eu. Quisque elementum sagittis tortor vitae porta. Integer sed lectus blandit, scelerisque diam non, dictum est. Pellentesque pretium risus a odio blandit vehicula.</p>\n\n<p>Pellentesque habitant morbi tristique senectus et netus et malesuada fames ac turpis egestas. Pellentesque sit amet turpis ut justo congue pharetra quis ut elit. Sed commodo in nunc faucibus ullamcorper. Aenean efficitur ex ut neque vulputate fermentum. Nunc commodo enim id enim tincidunt commodo. Nullam vel eleifend leo. Mauris vel aliquam felis. Pellentesque accumsan tellus nisl, ultrices viverra lectus rutrum tempor. Mauris at consectetur turpis.</p>\n\n<p><a href="https://portlandlabs.com">Read More</a></p>\n'),
(147, '<p>Lorem ipsum dolor sit amet, consectetur adipiscing elit. Phasellus auctor convallis ipsum, sed dapibus ante fermentum at. Praesent tempor sagittis hendrerit. Morbi ac lacus vitae ex rhoncus faucibus. Nunc pretium luctus aliquam. Nunc pellentesque bibendum diam, eget tristique ipsum mollis vitae. Mauris ac sem eu lacus hendrerit blandit at in leo. Vestibulum mi turpis, sollicitudin vel aliquet sed, euismod in tellus. Fusce nisi risus, facilisis eu fermentum vitae, iaculis at lectus. Aliquam id eleifend felis.</p>\n\n<p>Pellentesque habitant morbi tristique senectus et netus et malesuada fames ac turpis egestas. Morbi sollicitudin, turpis eu cursus molestie, nisi ante convallis mauris, vitae finibus ligula urna id dolor. Duis laoreet iaculis libero, eu bibendum augue dapibus sed. Nullam tellus lorem, tincidunt quis tristique vulputate, pretium ut ex. Mauris euismod tortor id consectetur feugiat. Nulla suscipit ex tellus, placerat scelerisque dolor sodales eu. Integer quis euismod urna, id mollis ante. Etiam in viverra est. Nam pulvinar at urna in rhoncus.</p>\n\n<p>Sed suscipit tempus luctus. Orci varius natoque penatibus et magnis dis parturient montes, nascetur ridiculus mus. Praesent ut placerat elit, sit amet scelerisque nisi. Suspendisse est nisi, viverra et orci sed, varius mattis lorem. Sed ultricies nunc ac ante interdum, quis commodo metus condimentum. Phasellus cursus vel tellus ut volutpat. Nullam urna urna, efficitur in ipsum ac, facilisis viverra nulla. Cras tellus quam, fermentum et sagittis eu, aliquet a ligula. Aliquam erat volutpat. Cras tincidunt odio eu sem pharetra elementum. Class aptent taciti sociosqu ad litora torquent per conubia nostra, per inceptos himenaeos.</p>\n\n<p>Vivamus et ornare lorem. Sed ut augue nibh. Nulla convallis tempus diam, quis varius nulla pulvinar id. Nullam maximus finibus urna, at molestie magna dapibus a. Etiam lobortis augue ac metus faucibus tincidunt. Proin ac ante odio. Donec aliquam ornare finibus.</p>\n\n<p>Nullam pulvinar varius sodales. Nunc et fermentum massa, vel tempor metus. Aliquam erat volutpat. Donec pellentesque sem eget varius hendrerit. Nam nunc sem, posuere vitae hendrerit nec, congue non felis. Etiam sed ipsum eget ante rutrum placerat. Sed id elementum neque. Maecenas malesuada nunc ipsum, non posuere erat aliquam eget. Aenean suscipit ipsum tellus, at venenatis turpis semper eu. Sed sem lorem, bibendum vel dapibus a, euismod in tellus. Nunc in sem at quam tempor condimentum. Quisque aliquam eu diam vel volutpat.</p>\n');

-- --------------------------------------------------------

--
-- Table structure for table `btCoreAreaLayout`
--

CREATE TABLE `btCoreAreaLayout` (
  `bID` int(10) unsigned NOT NULL DEFAULT '0',
  `arLayoutID` int(10) unsigned NOT NULL DEFAULT '0',
  PRIMARY KEY (`bID`),
  KEY `arLayoutID` (`arLayoutID`)
) ENGINE=InnoDB DEFAULT CHARSET=utf8mb4 COLLATE=utf8mb4_unicode_ci;

--
-- Dumping data for table `btCoreAreaLayout`
--

INSERT INTO `btCoreAreaLayout` VALUES
(2, 1),
(6, 2),
(9, 3),
(13, 4),
(15, 5),
(17, 6),
(19, 7),
(49, 8),
(100, 9),
(119, 10);

-- --------------------------------------------------------

--
-- Table structure for table `btCoreBoardSlot`
--

CREATE TABLE `btCoreBoardSlot` (
  `bID` int(10) unsigned NOT NULL,
  `slotTemplateID` int(10) unsigned NOT NULL DEFAULT '0',
  `contentObjectCollection` json DEFAULT NULL COMMENT '(DC2Type:json_array)',
  PRIMARY KEY (`bID`)
) ENGINE=InnoDB DEFAULT CHARSET=utf8mb4 COLLATE=utf8mb4_unicode_ci;

--
-- Dumping data for table `btCoreBoardSlot`
--

INSERT INTO `btCoreBoardSlot` VALUES
(149, 1, '{"objects": {"1": {"data": {"fields": {"date": {"class": "Concrete\\\\Core\\\\Summary\\\\Data\\\\Field\\\\DatetimeDataFieldData", "timezone": "America/New_York", "timestamp": "[[timestamp]]"}, "link": {"link": "/about/blog/heres-tip-you-might-not-know", "class": "Concrete\\\\Core\\\\Summary\\\\Data\\\\Field\\\\PagePathLinkDataFieldData"}, "title": {"data": "Here''s a Tip You Might Not Know", "class": "Concrete\\\\Core\\\\Summary\\\\Data\\\\Field\\\\DataFieldData"}, "author": {"class": "Concrete\\\\Core\\\\Summary\\\\Data\\\\Field\\\\AuthorDataFieldData", "author": {"id": 1, "name": "admin"}}, "thumbnail": {"fID": "20", "class": "Concrete\\\\Core\\\\Summary\\\\Data\\\\Field\\\\ImageDataFieldData"}, "description": {"data": "Lorem ipsum dolor sit amet, consectetur adipiscing elit. Maecenas varius tortor nibh, sit amet tempor nibh finibus et.", "class": "Concrete\\\\Core\\\\Summary\\\\Data\\\\Field\\\\DataFieldData"}}}, "class": "Concrete\\\\Core\\\\Board\\\\Instance\\\\Slot\\\\Content\\\\SummaryObject", "title": "Blog Image Left", "identifier": 263, "templateID": 2, "dataSourceCategoryHandle": "page"}}}'),
(150, 4, '{"objects": {"1": {"data": {"fields": {"date": {"class": "Concrete\\\\Core\\\\Summary\\\\Data\\\\Field\\\\DatetimeDataFieldData", "timezone": "America/New_York", "timestamp": "[[timestamp]]"}, "link": {"link": "/about/blog/freshen-up-your-website", "class": "Concrete\\\\Core\\\\Summary\\\\Data\\\\Field\\\\PagePathLinkDataFieldData"}, "title": {"data": "Time to Freshen Up Your Website", "class": "Concrete\\\\Core\\\\Summary\\\\Data\\\\Field\\\\DataFieldData"}, "author": {"class": "Concrete\\\\Core\\\\Summary\\\\Data\\\\Field\\\\AuthorDataFieldData", "author": {"id": 1, "name": "admin"}}, "thumbnail": {"fID": "9", "class": "Concrete\\\\Core\\\\Summary\\\\Data\\\\Field\\\\ImageDataFieldData"}, "description": {"data": "Lorem ipsum dolor sit amet, consectetur adipiscing elit. Maecenas varius tortor nibh, sit amet tempor nibh finibus et.", "class": "Concrete\\\\Core\\\\Summary\\\\Data\\\\Field\\\\DataFieldData"}}}, "class": "Concrete\\\\Core\\\\Board\\\\Instance\\\\Slot\\\\Content\\\\SummaryObject", "title": "Blog Entry Card", "identifier": 264, "templateID": 5, "dataSourceCategoryHandle": "page"}, "2": {"data": {"fields": {"date": {"class": "Concrete\\\\Core\\\\Summary\\\\Data\\\\Field\\\\DatetimeDataFieldData", "timezone": "America/New_York", "timestamp": "[[timestamp]]"}, "link": {"link": "/about/blog/meet-our-new-hires", "class": "Concrete\\\\Core\\\\Summary\\\\Data\\\\Field\\\\PagePathLinkDataFieldData"}, "title": {"data": "Meet Our New Hires!", "class": "Concrete\\\\Core\\\\Summary\\\\Data\\\\Field\\\\DataFieldData"}, "author": {"class": "Concrete\\\\Core\\\\Summary\\\\Data\\\\Field\\\\AuthorDataFieldData", "author": {"id": 1, "name": "admin"}}, "thumbnail": {"fID": "1", "class": "Concrete\\\\Core\\\\Summary\\\\Data\\\\Field\\\\ImageDataFieldData"}, "description": {"data": "Lorem ipsum dolor sit amet, consectetur adipiscing elit. Maecenas varius tortor nibh, sit amet tempor nibh finibus et.", "class": "Concrete\\\\Core\\\\Summary\\\\Data\\\\Field\\\\DataFieldData"}}}, "class": "Concrete\\\\Core\\\\Board\\\\Instance\\\\Slot\\\\Content\\\\SummaryObject", "title": "Blog Entry Card", "identifier": 265, "templateID": 5, "dataSourceCategoryHandle": "page"}, "3": {"data": {"fields": {"date": {"class": "Concrete\\\\Core\\\\Summary\\\\Data\\\\Field\\\\DatetimeDataFieldData", "timezone": "America/New_York", "timestamp": "[[timestamp]]"}, "link": {"link": "/about/blog/tips-build-beautiful-blog", "class": "Concrete\\\\Core\\\\Summary\\\\Data\\\\Field\\\\PagePathLinkDataFieldData"}, "title": {"data": "Tips to Build a Beautiful Blog", "class": "Concrete\\\\Core\\\\Summary\\\\Data\\\\Field\\\\DataFieldData"}, "author": {"class": "Concrete\\\\Core\\\\Summary\\\\Data\\\\Field\\\\AuthorDataFieldData", "author": {"id": 1, "name": "admin"}}, "thumbnail": {"fID": "23", "class": "Concrete\\\\Core\\\\Summary\\\\Data\\\\Field\\\\ImageDataFieldData"}, "description": {"data": "Lorem ipsum dolor sit amet, consectetur adipiscing elit. Maecenas varius tortor nibh, sit amet tempor nibh finibus et.", "class": "Concrete\\\\Core\\\\Summary\\\\Data\\\\Field\\\\DataFieldData"}}}, "class": "Concrete\\\\Core\\\\Board\\\\Instance\\\\Slot\\\\Content\\\\SummaryObject", "title": "Blog Entry Card", "identifier": 260, "templateID": 5, "dataSourceCategoryHandle": "page"}}}'),
(151, 1, '{"objects": {"1": {"data": {"fields": {"date": {"class": "Concrete\\\\Core\\\\Summary\\\\Data\\\\Field\\\\DatetimeDataFieldData", "timezone": "America/New_York", "timestamp": "[[timestamp]]"}, "link": {"link": "/about/blog/new-product-launch", "class": "Concrete\\\\Core\\\\Summary\\\\Data\\\\Field\\\\PagePathLinkDataFieldData"}, "title": {"data": "New Product Launch", "class": "Concrete\\\\Core\\\\Summary\\\\Data\\\\Field\\\\DataFieldData"}, "author": {"class": "Concrete\\\\Core\\\\Summary\\\\Data\\\\Field\\\\AuthorDataFieldData", "author": {"id": 1, "name": "admin"}}, "thumbnail": {"fID": "30", "class": "Concrete\\\\Core\\\\Summary\\\\Data\\\\Field\\\\ImageDataFieldData"}, "description": {"data": "Lorem ipsum dolor sit amet, consectetur adipiscing elit. Maecenas varius tortor nibh, sit amet tempor nibh finibus et.", "class": "Concrete\\\\Core\\\\Summary\\\\Data\\\\Field\\\\DataFieldData"}}}, "class": "Concrete\\\\Core\\\\Board\\\\Instance\\\\Slot\\\\Content\\\\SummaryObject", "title": "Blog Image Left", "identifier": 261, "templateID": 2, "dataSourceCategoryHandle": "page"}}}'),
(152, 1, '{"objects": {"1": {"data": {"fields": {"date": {"class": "Concrete\\\\Core\\\\Summary\\\\Data\\\\Field\\\\DatetimeDataFieldData", "timezone": "America/New_York", "timestamp": "[[timestamp]]"}, "link": {"link": "/about/blog/more-fine-posts-here", "class": "Concrete\\\\Core\\\\Summary\\\\Data\\\\Field\\\\PagePathLinkDataFieldData"}, "title": {"data": "More Fine Posts Here", "class": "Concrete\\\\Core\\\\Summary\\\\Data\\\\Field\\\\DataFieldData"}, "author": {"class": "Concrete\\\\Core\\\\Summary\\\\Data\\\\Field\\\\AuthorDataFieldData", "author": {"id": 1, "name": "admin"}}, "thumbnail": {"fID": "16", "class": "Concrete\\\\Core\\\\Summary\\\\Data\\\\Field\\\\ImageDataFieldData"}, "description": {"data": "Lorem ipsum dolor sit amet, consectetur adipiscing elit. Maecenas varius tortor nibh, sit amet tempor nibh finibus et.", "class": "Concrete\\\\Core\\\\Summary\\\\Data\\\\Field\\\\DataFieldData"}}}, "class": "Concrete\\\\Core\\\\Board\\\\Instance\\\\Slot\\\\Content\\\\SummaryObject", "title": "Blog Image Left", "identifier": 262, "templateID": 2, "dataSourceCategoryHandle": "page"}}}');

-- --------------------------------------------------------

--
-- Table structure for table `btCoreContainer`
--

CREATE TABLE `btCoreContainer` (
  `bID` int(10) unsigned NOT NULL,
  `containerInstanceID` int(10) unsigned NOT NULL,
  PRIMARY KEY (`bID`),
  KEY `containerInstanceID` (`containerInstanceID`)
) ENGINE=InnoDB DEFAULT CHARSET=utf8mb4 COLLATE=utf8mb4_unicode_ci;

--
-- Dumping data for table `btCoreContainer`
--

INSERT INTO `btCoreContainer` VALUES
(28, 1),
(45, 2),
(55, 3),
(59, 4),
(65, 5),
(69, 6),
(76, 7),
(79, 8),
(85, 9),
(93, 10),
(95, 11),
(104, 12),
(113, 13);

-- --------------------------------------------------------

--
-- Table structure for table `btCoreConversation`
--

CREATE TABLE `btCoreConversation` (
  `bID` int(10) unsigned NOT NULL,
  `cnvID` int(11) DEFAULT NULL,
  `enablePosting` int(11) DEFAULT '1',
  `paginate` tinyint(1) NOT NULL DEFAULT '1',
  `itemsPerPage` smallint(5) unsigned NOT NULL DEFAULT '50',
  `displayMode` varchar(255) COLLATE utf8mb4_unicode_ci NOT NULL DEFAULT 'threaded',
  `orderBy` varchar(255) COLLATE utf8mb4_unicode_ci NOT NULL DEFAULT 'date_desc',
  `enableOrdering` tinyint(1) NOT NULL DEFAULT '1',
  `enableCommentRating` tinyint(1) NOT NULL DEFAULT '1',
  `enableTopCommentReviews` tinyint(1) NOT NULL DEFAULT '0',
  `displaySocialLinks` tinyint(1) NOT NULL DEFAULT '1',
  `reviewAggregateAttributeKey` int(11) DEFAULT NULL,
  `displayPostingForm` varchar(255) COLLATE utf8mb4_unicode_ci NOT NULL DEFAULT 'top',
  `addMessageLabel` varchar(255) COLLATE utf8mb4_unicode_ci NOT NULL DEFAULT '',
  `dateFormat` varchar(255) COLLATE utf8mb4_unicode_ci DEFAULT 'default',
  `customDateFormat` varchar(255) COLLATE utf8mb4_unicode_ci DEFAULT NULL,
  PRIMARY KEY (`bID`),
  KEY `cnvID` (`cnvID`)
) ENGINE=InnoDB DEFAULT CHARSET=utf8mb4 COLLATE=utf8mb4_unicode_ci;

-- --------------------------------------------------------

--
-- Table structure for table `btCorePageTypeComposerControlOutput`
--

CREATE TABLE `btCorePageTypeComposerControlOutput` (
  `bID` int(10) unsigned NOT NULL,
  `ptComposerOutputControlID` int(10) unsigned NOT NULL DEFAULT '0',
  PRIMARY KEY (`bID`),
  KEY `ptComposerOutputControlID` (`ptComposerOutputControlID`)
) ENGINE=InnoDB DEFAULT CHARSET=utf8mb4 COLLATE=utf8mb4_unicode_ci;

--
-- Dumping data for table `btCorePageTypeComposerControlOutput`
--

INSERT INTO `btCorePageTypeComposerControlOutput` VALUES
(21, 1),
(24, 5),
(34, 6);

-- --------------------------------------------------------

--
-- Table structure for table `btCoreScrapbookDisplay`
--

CREATE TABLE `btCoreScrapbookDisplay` (
  `bID` int(10) unsigned NOT NULL,
  `bOriginalID` int(10) unsigned NOT NULL,
  PRIMARY KEY (`bID`),
  KEY `bOriginalID` (`bOriginalID`)
) ENGINE=InnoDB DEFAULT CHARSET=utf8mb4 COLLATE=utf8mb4_unicode_ci;

-- --------------------------------------------------------

--
-- Table structure for table `btCoreStackDisplay`
--

CREATE TABLE `btCoreStackDisplay` (
  `bID` int(10) unsigned NOT NULL,
  `stID` int(10) unsigned NOT NULL,
  PRIMARY KEY (`bID`),
  KEY `stID` (`stID`)
) ENGINE=InnoDB DEFAULT CHARSET=utf8mb4 COLLATE=utf8mb4_unicode_ci;

-- --------------------------------------------------------

--
-- Table structure for table `btDateNavigation`
--

CREATE TABLE `btDateNavigation` (
  `bID` int(10) unsigned NOT NULL,
  `title` varchar(255) COLLATE utf8mb4_unicode_ci NOT NULL DEFAULT '',
  `filterByParent` tinyint(1) DEFAULT '0',
  `redirectToResults` tinyint(1) DEFAULT '0',
  `cParentID` int(10) unsigned NOT NULL DEFAULT '0',
  `cTargetID` int(10) unsigned NOT NULL DEFAULT '0' COMMENT 'this field is where the links will direct you',
  `ptID` smallint(5) unsigned DEFAULT NULL,
  `titleFormat` varchar(20) COLLATE utf8mb4_unicode_ci NOT NULL DEFAULT 'h5',
  PRIMARY KEY (`bID`)
) ENGINE=InnoDB DEFAULT CHARSET=utf8mb4 COLLATE=utf8mb4_unicode_ci;

--
-- Dumping data for table `btDateNavigation`
--

INSERT INTO `btDateNavigation` VALUES
(43, 'Archives', 0, 1, 0, 244, 7, 'h4');

-- --------------------------------------------------------

--
-- Table structure for table `btDesktopConcreteLatest`
--

CREATE TABLE `btDesktopConcreteLatest` (
  `bID` int(10) unsigned NOT NULL,
  `slot` varchar(1) COLLATE utf8mb4_unicode_ci NOT NULL,
  PRIMARY KEY (`bID`)
) ENGINE=InnoDB DEFAULT CHARSET=utf8mb4 COLLATE=utf8mb4_unicode_ci;

--
-- Dumping data for table `btDesktopConcreteLatest`
--

INSERT INTO `btDesktopConcreteLatest` VALUES
(10, 'A'),
(11, 'B'),
(12, 'C');

-- --------------------------------------------------------

--
-- Table structure for table `btDesktopDraftList`
--

CREATE TABLE `btDesktopDraftList` (
  `bID` int(10) unsigned NOT NULL,
  `draftsPerPage` int(11) DEFAULT NULL,
  PRIMARY KEY (`bID`)
) ENGINE=InnoDB DEFAULT CHARSET=utf8mb4 COLLATE=utf8mb4_unicode_ci;

--
-- Dumping data for table `btDesktopDraftList`
--

INSERT INTO `btDesktopDraftList` VALUES
(16, 10),
(20, 10);

-- --------------------------------------------------------

--
-- Table structure for table `btDesktopSiteActivity`
--

CREATE TABLE `btDesktopSiteActivity` (
  `bID` int(10) unsigned NOT NULL,
  `types` json DEFAULT NULL COMMENT '(DC2Type:json_array)',
  PRIMARY KEY (`bID`)
) ENGINE=InnoDB DEFAULT CHARSET=utf8mb4 COLLATE=utf8mb4_unicode_ci;

--
-- Dumping data for table `btDesktopSiteActivity`
--

INSERT INTO `btDesktopSiteActivity` VALUES
(4, '["form_submissions", "survey_results", "signups", "conversation_messages", "workflow"]');

-- --------------------------------------------------------

--
-- Table structure for table `btDocumentLibrary`
--

CREATE TABLE `btDocumentLibrary` (
  `bID` int(10) unsigned NOT NULL,
  `setIds` varchar(255) COLLATE utf8mb4_unicode_ci NOT NULL,
  `folderID` int(11) NOT NULL DEFAULT '0',
  `setMode` varchar(32) COLLATE utf8mb4_unicode_ci DEFAULT NULL,
  `onlyCurrentUser` int(11) DEFAULT '0',
  `tags` varchar(128) COLLATE utf8mb4_unicode_ci DEFAULT NULL,
  `viewProperties` longtext COLLATE utf8mb4_unicode_ci,
  `expandableProperties` varchar(255) COLLATE utf8mb4_unicode_ci DEFAULT NULL,
  `searchProperties` varchar(255) COLLATE utf8mb4_unicode_ci DEFAULT NULL,
  `orderBy` varchar(64) COLLATE utf8mb4_unicode_ci DEFAULT 'title',
  `displayLimit` int(11) DEFAULT '20',
  `displayOrderDesc` tinyint(1) NOT NULL DEFAULT '0',
  `addFilesToSetID` int(10) unsigned NOT NULL DEFAULT '0',
  `maxThumbWidth` int(11) DEFAULT '100',
  `maxThumbHeight` int(11) DEFAULT '150',
  `enableSearch` int(11) DEFAULT '0',
  `heightMode` varchar(32) COLLATE utf8mb4_unicode_ci DEFAULT 'auto',
  `downloadFileMethod` varchar(32) COLLATE utf8mb4_unicode_ci DEFAULT 'force',
  `fixedHeightSize` int(11) DEFAULT '0',
  `headerBackgroundColor` varchar(32) COLLATE utf8mb4_unicode_ci DEFAULT '',
  `headerBackgroundColorActiveSort` varchar(32) COLLATE utf8mb4_unicode_ci DEFAULT '',
  `headerTextColor` varchar(32) COLLATE utf8mb4_unicode_ci DEFAULT '',
  `allowFileUploading` int(11) DEFAULT '0',
  `allowInPageFileManagement` int(11) DEFAULT '0',
  `tableName` varchar(255) COLLATE utf8mb4_unicode_ci DEFAULT '',
  `tableDescription` varchar(255) COLLATE utf8mb4_unicode_ci DEFAULT '',
  `tableStriped` tinyint(1) DEFAULT '0',
  `rowBackgroundColorAlternate` varchar(32) COLLATE utf8mb4_unicode_ci DEFAULT '',
  `hideFolders` int(11) DEFAULT '0',
  PRIMARY KEY (`bID`)
) ENGINE=InnoDB DEFAULT CHARSET=utf8mb4 COLLATE=utf8mb4_unicode_ci;

--
-- Dumping data for table `btDocumentLibrary`
--

INSERT INTO `btDocumentLibrary` VALUES
(133, '[]', 8, 'any', 0, '', '[]', '[]', '[]', 'title', 20, 0, 0, 0, 0, 1, 'auto', 'browser', 0, '', '', '', 0, 0, '', '', 0, '', 1);

-- --------------------------------------------------------

--
-- Table structure for table `btEventList`
--

CREATE TABLE `btEventList` (
  `bID` int(10) unsigned NOT NULL,
  `caID` text COLLATE utf8mb4_unicode_ci NOT NULL,
  `calendarAttributeKeyHandle` varchar(255) COLLATE utf8mb4_unicode_ci DEFAULT NULL,
  `totalToRetrieve` smallint(5) unsigned NOT NULL DEFAULT '10',
  `totalPerPage` smallint(5) unsigned NOT NULL DEFAULT '10',
  `filterByTopicAttributeKeyID` int(10) unsigned NOT NULL DEFAULT '0',
  `filterByTopicID` int(10) unsigned NOT NULL DEFAULT '0',
  `filterByPageTopicAttributeKeyHandle` varchar(255) COLLATE utf8mb4_unicode_ci DEFAULT NULL,
  `filterByFeatured` tinyint(1) NOT NULL DEFAULT '0',
  `eventListTitle` varchar(255) COLLATE utf8mb4_unicode_ci DEFAULT NULL,
  `linkToPage` int(10) unsigned NOT NULL DEFAULT '0',
  `titleFormat` varchar(20) COLLATE utf8mb4_unicode_ci NOT NULL DEFAULT 'h5',
  `eventPeriod` varchar(255) COLLATE utf8mb4_unicode_ci NOT NULL DEFAULT 'future_events',
  `eventOrder` varchar(255) COLLATE utf8mb4_unicode_ci NOT NULL DEFAULT 'most_recent_first',
  PRIMARY KEY (`bID`)
) ENGINE=InnoDB DEFAULT CHARSET=utf8mb4 COLLATE=utf8mb4_unicode_ci;

-- --------------------------------------------------------

--
-- Table structure for table `btExpressEntryDetail`
--

CREATE TABLE `btExpressEntryDetail` (
  `bID` int(10) unsigned NOT NULL,
  `exEntityID` char(36) COLLATE utf8mb4_unicode_ci DEFAULT NULL COMMENT '(DC2Type:guid)',
  `exSpecificEntryID` int(10) unsigned DEFAULT NULL,
  `exEntryAttributeKeyHandle` varchar(255) COLLATE utf8mb4_unicode_ci DEFAULT NULL,
  `exFormID` char(36) COLLATE utf8mb4_unicode_ci DEFAULT NULL COMMENT '(DC2Type:guid)',
  `entryMode` varchar(1) COLLATE utf8mb4_unicode_ci DEFAULT 'S',
  PRIMARY KEY (`bID`)
) ENGINE=InnoDB DEFAULT CHARSET=utf8mb4 COLLATE=utf8mb4_unicode_ci;

-- --------------------------------------------------------

--
-- Table structure for table `btExpressEntryList`
--

CREATE TABLE `btExpressEntryList` (
  `bID` int(10) unsigned NOT NULL,
  `exEntityID` varchar(255) COLLATE utf8mb4_unicode_ci NOT NULL,
  `detailPage` int(10) unsigned NOT NULL DEFAULT '0',
  `linkedProperties` varchar(255) COLLATE utf8mb4_unicode_ci DEFAULT NULL,
  `searchProperties` varchar(255) COLLATE utf8mb4_unicode_ci DEFAULT NULL,
  `searchAssociations` longtext COLLATE utf8mb4_unicode_ci,
  `columns` longtext COLLATE utf8mb4_unicode_ci,
  `filterFields` longtext COLLATE utf8mb4_unicode_ci,
  `displayLimit` int(11) DEFAULT '20',
  `enableItemsPerPageSelection` int(11) DEFAULT '0',
  `enablePagination` int(11) DEFAULT '0',
  `enableSearch` int(11) DEFAULT '0',
  `enableKeywordSearch` int(11) DEFAULT '0',
  `headerBackgroundColor` varchar(32) COLLATE utf8mb4_unicode_ci DEFAULT '',
  `headerBackgroundColorActiveSort` varchar(32) COLLATE utf8mb4_unicode_ci DEFAULT '',
  `headerTextColor` varchar(32) COLLATE utf8mb4_unicode_ci DEFAULT '',
  `tableName` varchar(255) COLLATE utf8mb4_unicode_ci DEFAULT '',
  `tableDescription` varchar(255) COLLATE utf8mb4_unicode_ci DEFAULT '',
  `tableStriped` tinyint(1) DEFAULT '0',
  `rowBackgroundColorAlternate` varchar(32) COLLATE utf8mb4_unicode_ci DEFAULT '',
  `titleFormat` varchar(20) COLLATE utf8mb4_unicode_ci NOT NULL DEFAULT 'h2',
  PRIMARY KEY (`bID`)
) ENGINE=InnoDB DEFAULT CHARSET=utf8mb4 COLLATE=utf8mb4_unicode_ci;

-- --------------------------------------------------------

--
-- Table structure for table `btExpressForm`
--

CREATE TABLE `btExpressForm` (
  `bID` int(10) unsigned NOT NULL,
  `exFormID` char(36) COLLATE utf8mb4_unicode_ci DEFAULT NULL COMMENT '(DC2Type:guid)',
  `submitLabel` varchar(255) COLLATE utf8mb4_unicode_ci DEFAULT 'Submit',
  `thankyouMsg` text COLLATE utf8mb4_unicode_ci,
  `notifyMeOnSubmission` tinyint(1) NOT NULL DEFAULT '0',
  `recipientEmail` varchar(255) COLLATE utf8mb4_unicode_ci DEFAULT NULL,
  `displayCaptcha` int(11) DEFAULT '1',
  `storeFormSubmission` tinyint(1) DEFAULT '1',
  `redirectCID` int(11) DEFAULT '0',
  `replyToEmailControlID` varchar(255) COLLATE utf8mb4_unicode_ci DEFAULT NULL,
  `addFilesToSet` int(11) DEFAULT '0',
  `addFilesToFolder` int(11) DEFAULT '0',
  PRIMARY KEY (`bID`)
) ENGINE=InnoDB DEFAULT CHARSET=utf8mb4 COLLATE=utf8mb4_unicode_ci;

--
-- Dumping data for table `btExpressForm`
--

INSERT INTO `btExpressForm` VALUES
(41, '02e860ae-0518-11ec-bb64-2d8e40952e25', 'Subscribe', 'Thanks!', 0, '', 0, 1, 242, '0', 0, 0),
(123, '881b6bde-220f-4482-b8f9-ace40b5d169b', 'Submit', 'Thanks for your feedback!', 0, '', 0, 1, 0, '02181ae2-634d-11e6-a245-62e65b165d8e\n                                ', 0, 0);

-- --------------------------------------------------------

--
-- Table structure for table `btExternalForm`
--

CREATE TABLE `btExternalForm` (
  `bID` int(10) unsigned NOT NULL,
  `filename` varchar(128) COLLATE utf8mb4_unicode_ci DEFAULT NULL,
  PRIMARY KEY (`bID`)
) ENGINE=InnoDB DEFAULT CHARSET=utf8mb4 COLLATE=utf8mb4_unicode_ci;

-- --------------------------------------------------------

--
-- Table structure for table `btFaq`
--

CREATE TABLE `btFaq` (
  `bID` int(10) unsigned NOT NULL,
  `blockTitle` varchar(255) COLLATE utf8mb4_unicode_ci DEFAULT NULL,
  PRIMARY KEY (`bID`)
) ENGINE=InnoDB DEFAULT CHARSET=utf8mb4 COLLATE=utf8mb4_unicode_ci;

--
-- Dumping data for table `btFaq`
--

INSERT INTO `btFaq` VALUES
(117, '');

-- --------------------------------------------------------

--
-- Table structure for table `btFaqEntries`
--

CREATE TABLE `btFaqEntries` (
  `id` int(10) unsigned NOT NULL AUTO_INCREMENT,
  `bID` int(10) unsigned DEFAULT NULL,
  `linkTitle` varchar(255) COLLATE utf8mb4_unicode_ci DEFAULT NULL,
  `title` varchar(255) COLLATE utf8mb4_unicode_ci DEFAULT NULL,
  `sortOrder` int(11) DEFAULT NULL,
  `description` longtext COLLATE utf8mb4_unicode_ci,
  PRIMARY KEY (`id`),
  KEY `bID` (`bID`,`sortOrder`)
) ENGINE=InnoDB  DEFAULT CHARSET=utf8mb4 COLLATE=utf8mb4_unicode_ci AUTO_INCREMENT=3 ;

--
-- Dumping data for table `btFaqEntries`
--

INSERT INTO `btFaqEntries` VALUES
(1, 117, 'What are page versions?', 'What are page versions?', 0, '\n                                    Pellentesque ultricies ligula vel neque dictum, eu mollis tortor adipiscing. Etiam congue, est vel tincidunt vestibulum, nunc nunc porta nulla, at adipiscing neque tellus quis urna. Pellentesque ultricies ligula vel neque dictum, eu mollis tortor adipiscing. Etiam congue, est vel tincidunt vestibulum, nunc nunc porta nulla, at adipiscing neque tellus quis urna. '),
(2, 117, 'How do I add more people as editors in my website?', 'How do I add more people as editors in my website?', 1, '\n                                    Pellentesque ultricies ligula vel neque dictum, eu mollis tortor adipiscing. Etiam congue, est vel tincidunt vestibulum, nunc nunc porta nulla, at adipiscing neque tellus quis urna. Pellentesque ultricies ligula vel neque dictum, eu mollis tortor adipiscing. Etiam congue, est vel tincidunt vestibulum, nunc nunc porta nulla, at adipiscing neque tellus quis urna. Pellentesque ultricies ligula vel neque dictum, eu mollis tortor adipiscing. Etiam congue, est vel tincidunt vestibulum, nunc nunc porta nulla, at adipiscing neque tellus quis urna. ');

-- --------------------------------------------------------

--
-- Table structure for table `btFeature`
--

CREATE TABLE `btFeature` (
  `bID` int(10) unsigned NOT NULL,
  `icon` varchar(255) COLLATE utf8mb4_unicode_ci DEFAULT NULL,
  `title` varchar(255) COLLATE utf8mb4_unicode_ci DEFAULT NULL,
  `paragraph` text COLLATE utf8mb4_unicode_ci,
  `externalLink` varchar(255) COLLATE utf8mb4_unicode_ci DEFAULT NULL,
  `internalLinkCID` int(10) unsigned DEFAULT '0',
  `titleFormat` varchar(20) COLLATE utf8mb4_unicode_ci NOT NULL DEFAULT 'h4',
  `fID` int(10) unsigned DEFAULT '0',
  PRIMARY KEY (`bID`)
) ENGINE=InnoDB DEFAULT CHARSET=utf8mb4 COLLATE=utf8mb4_unicode_ci;

--
-- Dumping data for table `btFeature`
--

INSERT INTO `btFeature` VALUES
(50, 'fas fa-brain', 'Ideate', '<p>Lorem ipsum dolor sit amet, consectetur adipiscing elit. Maecenas varius tortor nibh, sit amet tempor nibh finibus et.</p>\n', '', 0, 'h4', 0),
(51, 'fas fa-paint-brush', 'Create', '<p>Donec libero turpis, lacinia nec leo sit amet, dignissim dignissim lacus. Nunc semper, leo vel bibendum dapibus.</p>\n', '', 0, 'h4', 0),
(52, 'fas fa-sync', 'Iterate', '<p>Aenean ullamcorper urna tortor, ut elementum felis volutpat faucibus. Interdum fames ipsum in faucibus.&nbsp;</p>\n', '', 0, 'h4', 0),
(70, 'fas fa-window-maximize', '\n                                                Show off some features with this flexible layout!', '', '', 0, 'h6', 0),
(71, 'fas fa-search-dollar', '\n                                                Show off some features with this flexible layout!', '', '', 0, 'h6', 0),
(72, 'fas fa-mobile-alt', '\n                                                Show off some features with this flexible layout!', '', '', 0, 'h6', 0),
(73, 'fas fa-user', '\n                                                Show off some features with this flexible layout!', '', '', 0, 'h6', 0),
(74, 'fas fa-download', '\n                                                Show off some features with this flexible layout!', '', '', 0, 'h6', 0),
(75, 'fas fa-image', '\n                                                Show off some features with this flexible layout!', '', '', 0, 'h6', 0),
(96, 'fas fa-award', 'Quality', '', '', 0, 'h6', 0),
(97, 'fas fa-palette', 'Design', '', '', 0, 'h6', 0),
(98, 'fas fa-code', 'Development', '', '', 0, 'h6', 0),
(99, 'fas fa-shield-alt', 'Security', '', '', 0, 'h6', 0);

-- --------------------------------------------------------

--
-- Table structure for table `btFeatureLink`
--

CREATE TABLE `btFeatureLink` (
  `bID` int(10) unsigned NOT NULL,
  `title` varchar(255) COLLATE utf8mb4_unicode_ci DEFAULT NULL,
  `body` longtext COLLATE utf8mb4_unicode_ci,
  `buttonText` varchar(255) COLLATE utf8mb4_unicode_ci DEFAULT NULL,
  `buttonExternalLink` varchar(255) COLLATE utf8mb4_unicode_ci DEFAULT NULL,
  `buttonInternalLinkCID` int(10) unsigned DEFAULT '0',
  `buttonFileLinkID` int(10) unsigned DEFAULT '0',
  `buttonColor` varchar(255) COLLATE utf8mb4_unicode_ci DEFAULT NULL,
  `buttonStyle` varchar(255) COLLATE utf8mb4_unicode_ci DEFAULT NULL,
  `buttonSize` varchar(255) COLLATE utf8mb4_unicode_ci DEFAULT NULL,
  `titleFormat` varchar(20) COLLATE utf8mb4_unicode_ci NOT NULL DEFAULT 'h2',
  `icon` varchar(255) COLLATE utf8mb4_unicode_ci DEFAULT NULL,
  `fID` int(10) unsigned DEFAULT '0',
  PRIMARY KEY (`bID`)
) ENGINE=InnoDB DEFAULT CHARSET=utf8mb4 COLLATE=utf8mb4_unicode_ci;

--
-- Dumping data for table `btFeatureLink`
--

INSERT INTO `btFeatureLink` VALUES
(46, 'Leverage agile frameworks to provide a robust synopsis', '<p>Lorem ipsum dolor sit amet, consectetur adipiscing elit. Maecenas varius tortor nibh, sit amet tempor nibh finibus et. Aenean eu enim justo.&nbsp;</p>\n', 'Learn More', '', 0, 0, 'accent', 'outline', 'lg', 'h2', '', 0),
(57, 'Leverage agile frameworks to provide a robust synopsis', '<p>Lorem ipsum dolor sit amet, consectetur adipiscing elit. Maecenas varius tortor nibh, sit amet tempor nibh finibus et. Aenean eu enim justo.&nbsp;</p>\n', 'Learn More', '', 0, 0, 'primary', 'outline', 'lg', 'h2', '', 0),
(66, 'Leverage agile frameworks to provide a robust synopsis', '<p>Lorem ipsum dolor sit amet, consectetur adipiscing elit. Maecenas varius tortor nibh, sit amet tempor nibh finibus et. Aenean eu enim justo.&nbsp;</p>\n', 'Learn More', '', 0, 0, 'primary', 'outline', 'lg', 'h2', '', 0),
(78, 'Leverage agile frameworks to provide a robust synopsis', '<p>Lorem ipsum dolor sit amet, consectetur adipiscing elit. Maecenas varius tortor nibh, sit amet tempor nibh finibus et. Aenean eu enim justo.&nbsp;</p>\n', 'Learn More', '', 0, 0, 'primary', 'outline', 'lg', 'h2', '', 0),
(81, '\n                                                Leverage agile frameworks to provide a robust synopsis', '<p>Lorem ipsum dolor sit amet, consectetur adipiscing elit. Maecenas varius tortor nibh, sit amet tempor nibh finibus et. Aenean eu enim justo.&nbsp;</p>\n', 'Learn More', '', 0, 0, 'primary', 'outline', 'lg', 'h4', '', 0),
(83, '\n                                                Leverage agile frameworks to provide a robust synopsis', '<p>Lorem ipsum dolor sit amet, consectetur adipiscing elit. Maecenas varius tortor nibh, sit amet tempor nibh finibus et. Aenean eu enim justo.&nbsp;</p>\n', 'Learn More', '', 0, 0, 'primary', 'outline', 'lg', 'h4', '', 0);

-- --------------------------------------------------------

--
-- Table structure for table `btForm`
--

CREATE TABLE `btForm` (
  `bID` int(10) unsigned NOT NULL,
  `questionSetId` int(10) unsigned DEFAULT '0',
  `surveyName` varchar(255) COLLATE utf8mb4_unicode_ci DEFAULT NULL,
  `submitText` varchar(255) COLLATE utf8mb4_unicode_ci DEFAULT 'Submit',
  `thankyouMsg` text COLLATE utf8mb4_unicode_ci,
  `notifyMeOnSubmission` tinyint(1) NOT NULL DEFAULT '0',
  `recipientEmail` varchar(255) COLLATE utf8mb4_unicode_ci DEFAULT NULL,
  `displayCaptcha` int(11) DEFAULT '1',
  `redirectCID` int(11) DEFAULT '0',
  `addFilesToSet` int(11) DEFAULT '0',
  PRIMARY KEY (`bID`),
  KEY `questionSetIdForeign` (`questionSetId`)
) ENGINE=InnoDB DEFAULT CHARSET=utf8mb4 COLLATE=utf8mb4_unicode_ci;

-- --------------------------------------------------------

--
-- Table structure for table `btFormAnswers`
--

CREATE TABLE `btFormAnswers` (
  `aID` int(10) unsigned NOT NULL AUTO_INCREMENT,
  `asID` int(10) unsigned DEFAULT '0',
  `msqID` int(10) unsigned DEFAULT '0',
  `answer` varchar(255) COLLATE utf8mb4_unicode_ci DEFAULT NULL,
  `answerLong` text COLLATE utf8mb4_unicode_ci,
  PRIMARY KEY (`aID`),
  KEY `asID` (`asID`),
  KEY `msqID` (`msqID`)
) ENGINE=InnoDB DEFAULT CHARSET=utf8mb4 COLLATE=utf8mb4_unicode_ci AUTO_INCREMENT=1 ;

-- --------------------------------------------------------

--
-- Table structure for table `btFormAnswerSet`
--

CREATE TABLE `btFormAnswerSet` (
  `asID` int(10) unsigned NOT NULL AUTO_INCREMENT,
  `questionSetId` int(10) unsigned DEFAULT '0',
  `created` timestamp NOT NULL DEFAULT CURRENT_TIMESTAMP,
  `uID` int(10) unsigned DEFAULT '0',
  PRIMARY KEY (`asID`),
  KEY `questionSetId` (`questionSetId`),
  KEY `uID` (`uID`)
) ENGINE=InnoDB DEFAULT CHARSET=utf8mb4 COLLATE=utf8mb4_unicode_ci AUTO_INCREMENT=1 ;

-- --------------------------------------------------------

--
-- Table structure for table `btFormQuestions`
--

CREATE TABLE `btFormQuestions` (
  `qID` int(10) unsigned NOT NULL AUTO_INCREMENT,
  `msqID` int(10) unsigned DEFAULT '0',
  `bID` int(10) unsigned DEFAULT '0',
  `questionSetId` int(10) unsigned DEFAULT '0',
  `question` varchar(255) COLLATE utf8mb4_unicode_ci DEFAULT NULL,
  `inputType` varchar(255) COLLATE utf8mb4_unicode_ci DEFAULT NULL,
  `options` text COLLATE utf8mb4_unicode_ci,
  `position` int(10) unsigned DEFAULT '1000',
  `width` int(10) unsigned DEFAULT '50',
  `height` int(10) unsigned DEFAULT '3',
  `defaultDate` varchar(255) COLLATE utf8mb4_unicode_ci DEFAULT '',
  `required` int(11) DEFAULT '0',
  PRIMARY KEY (`qID`),
  KEY `questionSetId` (`questionSetId`),
  KEY `msqID` (`msqID`),
  KEY `bID` (`bID`,`questionSetId`)
) ENGINE=InnoDB DEFAULT CHARSET=utf8mb4 COLLATE=utf8mb4_unicode_ci AUTO_INCREMENT=1 ;

-- --------------------------------------------------------

--
-- Table structure for table `btGallery`
--

CREATE TABLE `btGallery` (
  `bID` int(10) unsigned NOT NULL,
  `includeDownloadLink` tinyint(1) NOT NULL DEFAULT '0',
  PRIMARY KEY (`bID`)
) ENGINE=InnoDB DEFAULT CHARSET=utf8mb4 COLLATE=utf8mb4_unicode_ci;

--
-- Dumping data for table `btGallery`
--

INSERT INTO `btGallery` VALUES
(53, 0),
(62, 0);

-- --------------------------------------------------------

--
-- Table structure for table `btGalleryEntries`
--

CREATE TABLE `btGalleryEntries` (
  `eID` int(10) unsigned NOT NULL AUTO_INCREMENT,
  `bID` int(10) unsigned DEFAULT NULL,
  `idx` int(10) unsigned DEFAULT NULL,
  `fID` int(10) unsigned DEFAULT NULL,
  PRIMARY KEY (`eID`)
) ENGINE=InnoDB  DEFAULT CHARSET=utf8mb4 COLLATE=utf8mb4_unicode_ci AUTO_INCREMENT=11 ;

--
-- Dumping data for table `btGalleryEntries`
--

INSERT INTO `btGalleryEntries` VALUES
(1, 53, 0, 25),
(2, 53, 1, 19),
(3, 53, 2, 21),
(4, 53, 3, 18),
(5, 53, 4, 33),
(6, 53, 5, 27),
(7, 62, 0, 6),
(8, 62, 1, 2),
(9, 62, 2, 29),
(10, 62, 3, 35);

-- --------------------------------------------------------

--
-- Table structure for table `btGalleryEntryDisplayChoices`
--

CREATE TABLE `btGalleryEntryDisplayChoices` (
  `dcID` int(10) unsigned NOT NULL AUTO_INCREMENT,
  `entryID` int(10) unsigned DEFAULT NULL,
  `bID` int(10) unsigned DEFAULT NULL,
  `value` longtext COLLATE utf8mb4_unicode_ci,
  `dcKey` longtext COLLATE utf8mb4_unicode_ci,
  PRIMARY KEY (`dcID`)
) ENGINE=InnoDB  DEFAULT CHARSET=utf8mb4 COLLATE=utf8mb4_unicode_ci AUTO_INCREMENT=31 ;

--
-- Dumping data for table `btGalleryEntryDisplayChoices`
--

INSERT INTO `btGalleryEntryDisplayChoices` VALUES
(1, 1, 53, 'Gallery Caption 1', 'caption'),
(2, 1, 53, 'Hover Caption 1', 'hover_caption'),
(3, 1, 53, 'standard', 'size'),
(4, 2, 53, 'Gallery Caption 2', 'caption'),
(5, 2, 53, 'Hover Caption 2', 'hover_caption'),
(6, 2, 53, 'standard', 'size'),
(7, 3, 53, 'Gallery Caption 3', 'caption'),
(8, 3, 53, 'Hover Caption 3', 'hover_caption'),
(9, 3, 53, 'standard', 'size'),
(10, 4, 53, 'Gallery Caption 4', 'caption'),
(11, 4, 53, 'Hover Caption 4', 'hover_caption'),
(12, 4, 53, 'standard', 'size'),
(13, 5, 53, 'Gallery Caption 5', 'caption'),
(14, 5, 53, 'Hover Caption 5', 'hover_caption'),
(15, 5, 53, 'standard', 'size'),
(16, 6, 53, 'Gallery Caption 6', 'caption'),
(17, 6, 53, 'Hover Caption 6', 'hover_caption'),
(18, 6, 53, 'standard', 'size'),
(19, 7, 62, '', 'caption'),
(20, 7, 62, '', 'hover_caption'),
(21, 7, 62, 'standard', 'size'),
(22, 8, 62, '', 'caption'),
(23, 8, 62, '', 'hover_caption'),
(24, 8, 62, 'standard', 'size'),
(25, 9, 62, '', 'caption'),
(26, 9, 62, '', 'hover_caption'),
(27, 9, 62, 'standard', 'size'),
(28, 10, 62, '', 'caption'),
(29, 10, 62, '', 'hover_caption'),
(30, 10, 62, 'standard', 'size');

-- --------------------------------------------------------

--
-- Table structure for table `btGoogleMap`
--

CREATE TABLE `btGoogleMap` (
  `bID` int(10) unsigned NOT NULL,
  `title` varchar(255) COLLATE utf8mb4_unicode_ci DEFAULT NULL,
  `location` varchar(255) COLLATE utf8mb4_unicode_ci DEFAULT NULL,
  `latitude` double DEFAULT NULL,
  `longitude` double DEFAULT NULL,
  `zoom` smallint(6) DEFAULT NULL,
  `width` varchar(8) COLLATE utf8mb4_unicode_ci DEFAULT '100%',
  `height` varchar(8) COLLATE utf8mb4_unicode_ci DEFAULT '400px',
  `scrollwheel` tinyint(1) NOT NULL DEFAULT '1',
  `titleFormat` varchar(20) COLLATE utf8mb4_unicode_ci NOT NULL DEFAULT 'h3',
  PRIMARY KEY (`bID`)
) ENGINE=InnoDB DEFAULT CHARSET=utf8mb4 COLLATE=utf8mb4_unicode_ci;

--
-- Dumping data for table `btGoogleMap`
--

INSERT INTO `btGoogleMap` VALUES
(120, '', '701 Southwest 6th Avenue, Portland, OR, USA', 45.5191045, -122.6795024, 14, '100%', '400px', 0, 'h3');

-- --------------------------------------------------------

--
-- Table structure for table `btHeroImage`
--

CREATE TABLE `btHeroImage` (
  `bID` int(10) unsigned NOT NULL,
  `image` int(11) DEFAULT NULL,
  `title` varchar(255) COLLATE utf8mb4_unicode_ci DEFAULT NULL,
  `body` longtext COLLATE utf8mb4_unicode_ci,
  `buttonText` varchar(255) COLLATE utf8mb4_unicode_ci DEFAULT NULL,
  `buttonExternalLink` varchar(255) COLLATE utf8mb4_unicode_ci DEFAULT NULL,
  `buttonInternalLinkCID` int(10) unsigned DEFAULT '0',
  `buttonFileLinkID` int(10) unsigned DEFAULT '0',
  `height` varchar(255) COLLATE utf8mb4_unicode_ci DEFAULT NULL,
  `buttonColor` varchar(255) COLLATE utf8mb4_unicode_ci DEFAULT NULL,
  `buttonStyle` varchar(255) COLLATE utf8mb4_unicode_ci DEFAULT NULL,
  `buttonSize` varchar(255) COLLATE utf8mb4_unicode_ci DEFAULT NULL,
  `titleFormat` varchar(20) COLLATE utf8mb4_unicode_ci NOT NULL DEFAULT 'h1',
  `icon` varchar(255) COLLATE utf8mb4_unicode_ci DEFAULT NULL,
  PRIMARY KEY (`bID`)
) ENGINE=InnoDB DEFAULT CHARSET=utf8mb4 COLLATE=utf8mb4_unicode_ci;

--
-- Dumping data for table `btHeroImage`
--

INSERT INTO `btHeroImage` VALUES
(44, 24, 'Atomik Agency', '<h3>A Robust New Theme Built for Your Growing Agency. &nbsp;&nbsp;</h3>\n', 'Learn More', '', 0, 0, '80', 'primary', '', 'lg', 'h1', ''),
(54, 8, '\n                                    Override the digital divide with additional clickthroughs from DevOps.', '<p>Lorem ipsum dolor sit amet, consectetur adipiscing elit. Maecenas varius tortor nibh, sit amet tempor nibh finibus et. Aenean eu enim justo. Vestibulum aliquam hendrerit molestie. Mauris malesuada nisi sit amet augue accumsan tincidunt.&nbsp;</p>\n', '', '', 0, 0, '100', 'primary', '', '', 'h1', ''),
(92, 24, 'Our Services', '<h4>Lorem ipsum dolor sit amet, consectetur adipiscing elit. </h4>\n', '', '', 0, 0, '80', 'primary', '', 'lg', 'h1', ''),
(118, 24, 'Contact Us', '<h4>Lorem ipsum dolor sit amet, consectetur adipiscing elit.</h4>\n', '', '', 0, 0, '80', 'primary', '', 'lg', 'h1', ''),
(125, 36, 'Resources', '', '', '', 0, 0, '60', 'primary', '', '', 'h1', ''),
(132, 24, 'Documents', '<h4>Lorem ipsum dolor sit amet, consectetur adipiscing elit. </h4>\n', '', '', 0, 0, '80', 'primary', '', 'lg', 'h1', '');

-- --------------------------------------------------------

--
-- Table structure for table `btImageSlider`
--

CREATE TABLE `btImageSlider` (
  `bID` int(10) unsigned NOT NULL,
  `navigationType` int(10) unsigned DEFAULT '0',
  `timeout` int(10) unsigned DEFAULT NULL,
  `speed` int(10) unsigned DEFAULT NULL,
  `noAnimate` int(10) unsigned DEFAULT NULL,
  `pause` int(10) unsigned DEFAULT NULL,
  `maxWidth` int(10) unsigned DEFAULT NULL,
  PRIMARY KEY (`bID`)
) ENGINE=InnoDB DEFAULT CHARSET=utf8mb4 COLLATE=utf8mb4_unicode_ci;

--
-- Dumping data for table `btImageSlider`
--

INSERT INTO `btImageSlider` VALUES
(58, 2, 4000, 500, 1, 1, 0),
(64, 2, 4000, 500, 1, 1, 0);

-- --------------------------------------------------------

--
-- Table structure for table `btImageSliderEntries`
--

CREATE TABLE `btImageSliderEntries` (
  `id` int(10) unsigned NOT NULL AUTO_INCREMENT,
  `bID` int(10) unsigned DEFAULT NULL,
  `cID` int(10) unsigned DEFAULT '0',
  `fID` int(10) unsigned DEFAULT '0',
  `linkURL` varchar(255) COLLATE utf8mb4_unicode_ci DEFAULT NULL,
  `internalLinkCID` int(10) unsigned DEFAULT '0',
  `title` longtext COLLATE utf8mb4_unicode_ci,
  `description` longtext COLLATE utf8mb4_unicode_ci,
  `sortOrder` int(11) DEFAULT NULL,
  PRIMARY KEY (`id`)
) ENGINE=InnoDB  DEFAULT CHARSET=utf8mb4 COLLATE=utf8mb4_unicode_ci AUTO_INCREMENT=7 ;

--
-- Dumping data for table `btImageSliderEntries`
--

INSERT INTO `btImageSliderEntries` VALUES
(1, 58, 0, 11, '', 0, 'Collaboratively administrate complex websites with ease.', '<p>Lorem ipsum dolor sit amet, consectetur adipiscing elit. Curabitur tincidunt turpis at odio fermentum posuere. Vestibulum ante ipsum primis in faucibus orci luctus et ultrices posuere cubilia curae.</p>\n', 0),
(2, 58, 0, 4, '', 0, 'Lorem ipsum dolor sit amet, consectetur adipiscing elit.', '<p>Lorem ipsum dolor sit amet, consectetur adipiscing elit. Curabitur tincidunt turpis at odio fermentum posuere. Vestibulum ante ipsum primis in faucibus orci luctus et ultrices posuere cubilia curae.</p>\n', 1),
(3, 58, 0, 22, '', 0, 'Vestibulum ante ipsum primis.', '<p>Lorem ipsum dolor sit amet, consectetur adipiscing elit. Curabitur tincidunt turpis at odio fermentum posuere. Vestibulum ante ipsum primis in faucibus orci luctus et ultrices posuere cubilia curae.</p>\n', 2),
(4, 64, 0, 11, '', 0, 'Collaboratively administrate complex websites with ease.', '<p>Lorem ipsum dolor sit amet, consectetur adipiscing elit.</p>\n', 0),
(5, 64, 0, 4, '', 0, 'Lorem ipsum dolor sit amet, consectetur adipiscing elit.', '<p>Lorem ipsum dolor sit amet, consectetur adipiscing elit.</p>\n', 1),
(6, 64, 0, 22, '', 0, 'Vestibulum ante ipsum primis.', '<p>Lorem ipsum dolor sit amet, consectetur adipiscing elit.</p>\n', 2);

-- --------------------------------------------------------

--
-- Table structure for table `btNavigation`
--

CREATE TABLE `btNavigation` (
  `bID` int(10) unsigned NOT NULL,
  `orderBy` varchar(255) COLLATE utf8mb4_unicode_ci DEFAULT 'alpha_asc',
  `displayPages` varchar(255) COLLATE utf8mb4_unicode_ci DEFAULT 'top' COMMENT 'was enum(''top'',''current'',''above'',''below'',''custom'')',
  `displayPagesCID` int(10) unsigned NOT NULL DEFAULT '1',
  `displayPagesIncludeSelf` tinyint(1) NOT NULL DEFAULT '0',
  `displaySubPages` varchar(255) COLLATE utf8mb4_unicode_ci DEFAULT 'none' COMMENT 'was enum(''none'',''all'',''relevant'',''relevant_breadcrumb'')',
  `displaySubPageLevels` varchar(255) COLLATE utf8mb4_unicode_ci DEFAULT 'none' COMMENT 'was enum(''all'',''none'',''enough'',''enough_plus1'',''custom'')',
  `displaySubPageLevelsNum` smallint(5) unsigned NOT NULL DEFAULT '0',
  `displayUnavailablePages` tinyint(1) NOT NULL DEFAULT '0',
  PRIMARY KEY (`bID`)
) ENGINE=InnoDB DEFAULT CHARSET=utf8mb4 COLLATE=utf8mb4_unicode_ci;

--
-- Dumping data for table `btNavigation`
--

INSERT INTO `btNavigation` VALUES
(148, 'display_asc', 'top', 0, 0, 'none', 'enough', 0, 0);

-- --------------------------------------------------------

--
-- Table structure for table `btNextPrevious`
--

CREATE TABLE `btNextPrevious` (
  `bID` int(10) unsigned NOT NULL,
  `nextLabel` varchar(128) COLLATE utf8mb4_unicode_ci DEFAULT NULL,
  `previousLabel` varchar(128) COLLATE utf8mb4_unicode_ci DEFAULT NULL,
  `parentLabel` varchar(128) COLLATE utf8mb4_unicode_ci DEFAULT NULL,
  `loopSequence` int(11) DEFAULT '1',
  `orderBy` varchar(20) COLLATE utf8mb4_unicode_ci DEFAULT 'display_asc',
  PRIMARY KEY (`bID`)
) ENGINE=InnoDB DEFAULT CHARSET=utf8mb4 COLLATE=utf8mb4_unicode_ci;

--
-- Dumping data for table `btNextPrevious`
--

INSERT INTO `btNextPrevious` VALUES
(26, 'Next Article', 'Previous Article', '', 0, 'chrono_desc');

-- --------------------------------------------------------

--
-- Table structure for table `btPageAttributeDisplay`
--

CREATE TABLE `btPageAttributeDisplay` (
  `bID` int(10) unsigned NOT NULL,
  `attributeHandle` varchar(255) COLLATE utf8mb4_unicode_ci DEFAULT NULL,
  `attributeTitleText` varchar(255) COLLATE utf8mb4_unicode_ci DEFAULT NULL,
  `displayTag` varchar(255) COLLATE utf8mb4_unicode_ci DEFAULT NULL,
  `dateFormat` varchar(100) COLLATE utf8mb4_unicode_ci DEFAULT 'div',
  `thumbnailHeight` int(10) unsigned DEFAULT NULL,
  `thumbnailWidth` int(10) unsigned DEFAULT NULL,
  `delimiter` varchar(255) COLLATE utf8mb4_unicode_ci DEFAULT NULL,
  PRIMARY KEY (`bID`)
) ENGINE=InnoDB DEFAULT CHARSET=utf8mb4 COLLATE=utf8mb4_unicode_ci;

--
-- Dumping data for table `btPageAttributeDisplay`
--

INSERT INTO `btPageAttributeDisplay` VALUES
(32, 'thumbnail', '', 'h1', 'n/j/y, g:i A', 1000, 1000, 'comma');

-- --------------------------------------------------------

--
-- Table structure for table `btPageList`
--

CREATE TABLE `btPageList` (
  `bID` int(10) unsigned NOT NULL,
  `num` smallint(5) unsigned NOT NULL,
  `orderBy` varchar(32) COLLATE utf8mb4_unicode_ci DEFAULT NULL COMMENT 'Was enum, display_asc'',''display_desc'',''chrono_asc'',''chrono_desc'',''alpha_asc'',''alpha_desc'',''score_asc'',''score_desc''',
  `cParentID` int(10) unsigned NOT NULL DEFAULT '1',
  `cThis` tinyint(1) NOT NULL DEFAULT '0',
  `cThisParent` tinyint(1) NOT NULL DEFAULT '0',
  `useButtonForLink` tinyint(1) NOT NULL DEFAULT '0',
  `buttonLinkText` varchar(255) COLLATE utf8mb4_unicode_ci DEFAULT NULL,
  `pageListTitle` varchar(255) COLLATE utf8mb4_unicode_ci DEFAULT NULL,
  `filterByRelated` tinyint(1) NOT NULL DEFAULT '0',
  `filterByCustomTopic` tinyint(1) NOT NULL DEFAULT '0',
  `filterDateOption` varchar(25) COLLATE utf8mb4_unicode_ci DEFAULT 'all' COMMENT '(''all'',''today'',''past'',''future'',''between'')',
  `filterDateDays` int(10) unsigned NOT NULL DEFAULT '0',
  `filterDateStart` varchar(20) COLLATE utf8mb4_unicode_ci DEFAULT NULL,
  `filterDateEnd` varchar(20) COLLATE utf8mb4_unicode_ci DEFAULT NULL,
  `relatedTopicAttributeKeyHandle` varchar(255) COLLATE utf8mb4_unicode_ci DEFAULT NULL,
  `customTopicAttributeKeyHandle` varchar(255) COLLATE utf8mb4_unicode_ci DEFAULT NULL,
  `customTopicTreeNodeID` int(10) unsigned NOT NULL DEFAULT '0',
  `includeName` tinyint(1) NOT NULL DEFAULT '1',
  `includeDescription` tinyint(1) NOT NULL DEFAULT '1',
  `includeDate` tinyint(1) NOT NULL DEFAULT '0',
  `includeAllDescendents` tinyint(1) NOT NULL DEFAULT '0',
  `paginate` tinyint(1) NOT NULL DEFAULT '0',
  `displayAliases` tinyint(1) NOT NULL DEFAULT '1',
  `displaySystemPages` tinyint(1) NOT NULL DEFAULT '0',
  `ignorePermissions` tinyint(1) NOT NULL DEFAULT '0',
  `enableExternalFiltering` tinyint(1) NOT NULL DEFAULT '0',
  `excludeCurrentPage` tinyint(1) NOT NULL DEFAULT '0',
  `ptID` smallint(5) unsigned DEFAULT NULL,
  `pfID` int(11) DEFAULT '0',
  `truncateSummaries` int(11) DEFAULT '0',
  `displayFeaturedOnly` tinyint(1) DEFAULT '0',
  `noResultsMessage` varchar(255) COLLATE utf8mb4_unicode_ci DEFAULT NULL,
  `displayThumbnail` tinyint(1) DEFAULT '0',
  `truncateChars` int(11) DEFAULT '128',
  `titleFormat` varchar(20) COLLATE utf8mb4_unicode_ci NOT NULL DEFAULT 'h5',
  PRIMARY KEY (`bID`),
  KEY `ptID` (`ptID`)
) ENGINE=InnoDB DEFAULT CHARSET=utf8mb4 COLLATE=utf8mb4_unicode_ci;

--
-- Dumping data for table `btPageList`
--

INSERT INTO `btPageList` VALUES
(30, 6, 'chrono_desc', 0, 0, 0, 0, '', '', 0, 0, 'all', 0, NULL, NULL, '', '', 0, 1, 1, 0, 0, 0, 0, 0, 0, 0, 0, 7, 0, 0, 0, '', 0, 0, 'h5'),
(61, 6, 'chrono_desc', 0, 0, 0, 0, '', '', 0, 0, 'all', 0, NULL, NULL, '', '', 0, 0, 0, 1, 0, 0, 0, 0, 0, 0, 0, 7, 0, 0, 0, '', 1, 0, 'h5'),
(115, 3, 'chrono_desc', 0, 0, 0, 0, '', '', 0, 0, 'all', 0, NULL, NULL, '', '', 0, 1, 1, 0, 0, 0, 0, 0, 0, 0, 0, 9, 0, 0, 0, '', 0, 0, 'h5'),
(124, 8, 'display_asc', 0, 0, 0, 0, '', '', 0, 0, 'all', 0, NULL, NULL, '', '', 0, 1, 1, 0, 0, 0, 0, 0, 0, 1, 0, 9, 0, 0, 0, '', 0, 0, 'h5'),
(137, 12, 'chrono_desc', 0, 0, 0, 0, '', '', 0, 0, 'all', 0, NULL, NULL, '', '', 0, 1, 1, 0, 0, 1, 0, 0, 0, 1, 0, 7, 0, 0, 0, '', 0, 0, 'h5');

-- --------------------------------------------------------

--
-- Table structure for table `btPageTitle`
--

CREATE TABLE `btPageTitle` (
  `bID` int(10) unsigned NOT NULL,
  `useCustomTitle` int(10) unsigned DEFAULT '0',
  `useFilterTitle` int(10) unsigned DEFAULT '0',
  `useFilterTopic` int(10) unsigned DEFAULT '0',
  `useFilterTag` int(10) unsigned DEFAULT '0',
  `useFilterDate` int(10) unsigned DEFAULT '0',
  `topicTextFormat` varchar(255) COLLATE utf8mb4_unicode_ci DEFAULT NULL,
  `tagTextFormat` varchar(255) COLLATE utf8mb4_unicode_ci DEFAULT NULL,
  `dateTextFormat` varchar(255) COLLATE utf8mb4_unicode_ci DEFAULT NULL,
  `filterDateFormat` varchar(255) COLLATE utf8mb4_unicode_ci DEFAULT NULL,
  `titleText` varchar(255) COLLATE utf8mb4_unicode_ci DEFAULT NULL,
  `formatting` varchar(3) COLLATE utf8mb4_unicode_ci DEFAULT NULL,
  PRIMARY KEY (`bID`)
) ENGINE=InnoDB DEFAULT CHARSET=utf8mb4 COLLATE=utf8mb4_unicode_ci;

--
-- Dumping data for table `btPageTitle`
--

INSERT INTO `btPageTitle` VALUES
(23, 0, 0, 0, 0, 0, NULL, NULL, NULL, NULL, '[Page Title]', NULL),
(33, 0, 0, 0, 0, 0, '0', 'upperWord', '0', 'F Y', '[Page Title]', 'h4'),
(112, 0, 0, 0, 0, 0, '0', 'upperWord', '0', 'F Y', 'Blog', 'h3'),
(116, 1, 0, 0, 0, 0, NULL, NULL, NULL, NULL, 'Frequently Asked Questions', 'h3'),
(135, 0, 0, 0, 0, 0, '0', 'upperWord', '0', 'F Y', 'Search', 'h3'),
(138, 1, 0, 0, 0, 0, '0', 'upperWord', '0', 'F Y', 'Search Blog', 'h3'),
(146, 0, 0, 0, 0, 0, '0', 'upperWord', '0', 'F Y', 'Privacy Policy', 'h3');

-- --------------------------------------------------------

--
-- Table structure for table `btRssDisplay`
--

CREATE TABLE `btRssDisplay` (
  `bID` int(10) unsigned NOT NULL,
  `title` varchar(255) COLLATE utf8mb4_unicode_ci DEFAULT NULL,
  `url` varchar(255) COLLATE utf8mb4_unicode_ci DEFAULT NULL,
  `dateFormat` varchar(100) COLLATE utf8mb4_unicode_ci DEFAULT NULL,
  `itemsToDisplay` int(10) unsigned DEFAULT '5',
  `showSummary` tinyint(1) NOT NULL DEFAULT '1',
  `launchInNewWindow` tinyint(1) NOT NULL DEFAULT '1',
  `titleFormat` varchar(20) COLLATE utf8mb4_unicode_ci NOT NULL DEFAULT 'h5',
  PRIMARY KEY (`bID`)
) ENGINE=InnoDB DEFAULT CHARSET=utf8mb4 COLLATE=utf8mb4_unicode_ci;

--
-- Dumping data for table `btRssDisplay`
--

INSERT INTO `btRssDisplay` VALUES
(7, 'Tutorials', 'https://documentation.concretecms.org/rss/tutorials', ':longDate:', 1, 1, 1, ''),
(8, 'News from concretecms.com', 'https://www.concretecms.com/rss/blog', ':longDate:', 3, 1, 1, '');

-- --------------------------------------------------------

--
-- Table structure for table `btSearch`
--

CREATE TABLE `btSearch` (
  `bID` int(10) unsigned NOT NULL,
  `title` varchar(255) COLLATE utf8mb4_unicode_ci DEFAULT NULL,
  `buttonText` varchar(128) COLLATE utf8mb4_unicode_ci DEFAULT NULL,
  `baseSearchPath` varchar(255) COLLATE utf8mb4_unicode_ci DEFAULT NULL,
  `search_all` tinyint(1) DEFAULT NULL,
  `allow_user_options` tinyint(1) DEFAULT NULL,
  `postTo_cID` int(10) unsigned DEFAULT NULL,
  `resultsURL` varchar(255) COLLATE utf8mb4_unicode_ci DEFAULT NULL,
  PRIMARY KEY (`bID`)
) ENGINE=InnoDB DEFAULT CHARSET=utf8mb4 COLLATE=utf8mb4_unicode_ci;

--
-- Dumping data for table `btSearch`
--

INSERT INTO `btSearch` VALUES
(136, '', 'Search', '', 0, 0, NULL, '');

-- --------------------------------------------------------

--
-- Table structure for table `btShareThisPage`
--

CREATE TABLE `btShareThisPage` (
  `btShareThisPageID` int(10) unsigned NOT NULL AUTO_INCREMENT,
  `bID` int(10) unsigned DEFAULT '0',
  `service` varchar(255) COLLATE utf8mb4_unicode_ci DEFAULT NULL,
  `displayOrder` int(10) unsigned DEFAULT '0',
  PRIMARY KEY (`btShareThisPageID`)
) ENGINE=InnoDB  DEFAULT CHARSET=utf8mb4 COLLATE=utf8mb4_unicode_ci AUTO_INCREMENT=5 ;

--
-- Dumping data for table `btShareThisPage`
--

INSERT INTO `btShareThisPage` VALUES
(1, 25, 'facebook', 0),
(2, 25, 'twitter', 1),
(3, 25, 'linkedin', 2),
(4, 25, 'email', 3);

-- --------------------------------------------------------

--
-- Table structure for table `btSocialLinks`
--

CREATE TABLE `btSocialLinks` (
  `btSocialLinkID` int(10) unsigned NOT NULL AUTO_INCREMENT,
  `bID` int(10) unsigned DEFAULT '0',
  `slID` int(10) unsigned DEFAULT '0',
  `displayOrder` int(10) unsigned DEFAULT '0',
  PRIMARY KEY (`btSocialLinkID`),
  KEY `bID` (`bID`,`displayOrder`),
  KEY `slID` (`slID`)
) ENGINE=InnoDB  DEFAULT CHARSET=utf8mb4 COLLATE=utf8mb4_unicode_ci AUTO_INCREMENT=6 ;

--
-- Dumping data for table `btSocialLinks`
--

INSERT INTO `btSocialLinks` VALUES
(1, 37, 1, 0),
(2, 37, 2, 1),
(3, 37, 3, 2),
(4, 37, 4, 3),
(5, 37, 5, 4);

-- --------------------------------------------------------

--
-- Table structure for table `btSurvey`
--

CREATE TABLE `btSurvey` (
  `bID` int(10) unsigned NOT NULL,
  `question` varchar(255) COLLATE utf8mb4_unicode_ci DEFAULT '',
  `requiresRegistration` int(11) DEFAULT '0',
  `showResults` int(11) DEFAULT '0',
  `customMessage` varchar(255) COLLATE utf8mb4_unicode_ci DEFAULT '',
  PRIMARY KEY (`bID`)
) ENGINE=InnoDB DEFAULT CHARSET=utf8mb4 COLLATE=utf8mb4_unicode_ci;

-- --------------------------------------------------------

--
-- Table structure for table `btSurveyOptions`
--

CREATE TABLE `btSurveyOptions` (
  `optionID` int(10) unsigned NOT NULL AUTO_INCREMENT,
  `bID` int(11) DEFAULT NULL,
  `optionName` varchar(255) COLLATE utf8mb4_unicode_ci DEFAULT NULL,
  `displayOrder` int(11) DEFAULT '0',
  PRIMARY KEY (`optionID`),
  KEY `bID` (`bID`,`displayOrder`)
) ENGINE=InnoDB DEFAULT CHARSET=utf8mb4 COLLATE=utf8mb4_unicode_ci AUTO_INCREMENT=1 ;

-- --------------------------------------------------------

--
-- Table structure for table `btSurveyResults`
--

CREATE TABLE `btSurveyResults` (
  `resultID` int(10) unsigned NOT NULL AUTO_INCREMENT,
  `optionID` int(10) unsigned DEFAULT '0',
  `uID` int(10) unsigned DEFAULT '0',
  `bID` int(11) DEFAULT NULL,
  `cID` int(11) DEFAULT NULL,
  `ipAddress` varchar(128) COLLATE utf8mb4_unicode_ci DEFAULT NULL,
  `timestamp` timestamp NOT NULL DEFAULT CURRENT_TIMESTAMP,
  PRIMARY KEY (`resultID`),
  KEY `optionID` (`optionID`),
  KEY `cID` (`cID`,`optionID`,`bID`),
  KEY `bID` (`bID`,`cID`,`uID`),
  KEY `uID` (`uID`)
) ENGINE=InnoDB DEFAULT CHARSET=utf8mb4 COLLATE=utf8mb4_unicode_ci AUTO_INCREMENT=1 ;

-- --------------------------------------------------------

--
-- Table structure for table `btSwitchLanguage`
--

CREATE TABLE `btSwitchLanguage` (
  `bID` int(10) unsigned NOT NULL,
  `label` varchar(255) COLLATE utf8mb4_unicode_ci DEFAULT '',
  PRIMARY KEY (`bID`)
) ENGINE=InnoDB DEFAULT CHARSET=utf8mb4 COLLATE=utf8mb4_unicode_ci;

-- --------------------------------------------------------

--
-- Table structure for table `btTags`
--

CREATE TABLE `btTags` (
  `bID` int(10) unsigned NOT NULL,
  `title` varchar(255) COLLATE utf8mb4_unicode_ci DEFAULT NULL,
  `targetCID` int(11) DEFAULT NULL,
  `displayMode` varchar(20) COLLATE utf8mb4_unicode_ci DEFAULT 'page',
  `cloudCount` int(11) DEFAULT '10',
  `titleFormat` varchar(20) COLLATE utf8mb4_unicode_ci NOT NULL DEFAULT 'h5',
  PRIMARY KEY (`bID`)
) ENGINE=InnoDB DEFAULT CHARSET=utf8mb4 COLLATE=utf8mb4_unicode_ci;

-- --------------------------------------------------------

--
-- Table structure for table `btTestimonial`
--

CREATE TABLE `btTestimonial` (
  `bID` int(10) unsigned NOT NULL,
  `fID` int(10) unsigned DEFAULT '0',
  `name` varchar(255) COLLATE utf8mb4_unicode_ci DEFAULT NULL,
  `position` varchar(255) COLLATE utf8mb4_unicode_ci DEFAULT NULL,
  `company` varchar(255) COLLATE utf8mb4_unicode_ci DEFAULT NULL,
  `companyURL` varchar(255) COLLATE utf8mb4_unicode_ci DEFAULT NULL,
  `paragraph` text COLLATE utf8mb4_unicode_ci,
  `awardImageID` int(10) unsigned DEFAULT '0',
  PRIMARY KEY (`bID`)
) ENGINE=InnoDB DEFAULT CHARSET=utf8mb4 COLLATE=utf8mb4_unicode_ci;

--
-- Dumping data for table `btTestimonial`
--

INSERT INTO `btTestimonial` VALUES
(63, 5, '\n                                     Fabian Rodriguez \n                                ', '\n                                     Senior Manager \n                                ', '\n                                     Systems Inc. \n                                ', '\n                                     \n                                ', '\n                                     Lorem ipsum dolor sit amet, consectetur adipiscing elit. Ourabitur tincidunt consectetur adipiscing elit urabitur tinciduntturpis at odio fermentum. \n                                ', 14),
(86, 15, 'Sam Heinz', 'Concrete Fan', '', '', '', 0),
(87, 28, 'Ruthie Rich', 'Concrete Fan', '', '', '', 0),
(88, 31, 'Amanda Johnson', 'Concrete Fan', '', '', '', 0),
(89, 13, 'Christina Backman', 'Concrete Fan', '', '', '', 0),
(90, 10, 'Robert Cook', 'Concrete Fan', '', '', '', 0),
(91, 26, 'David Briscoe', 'Concrete Fan', '', '', '', 0),
(105, 31, 'Amanda Johnson', 'CFO', 'Bass Designs', '', '\n                                                Donec sem massa, bibendum sodales odio et, pretium eleifend urna. Donec eu nibh mattis, congue velit imperdiet.', 0),
(106, 15, 'Sam Heinz', 'Lead Developer', 'TaftCo Enterprises', '', '\n                                                Donec sem massa, bibendum sodales odio et, pretium eleifend urna. Donec eu nibh mattis, congue velit imperdiet.', 0),
(107, 28, 'VP Engineering', 'VitalTech Incorporated', '', '', '\n                                                Donec sem massa, bibendum sodales odio et, pretium eleifend urna. Donec eu nibh mattis, congue velit imperdiet.', 0),
(108, 26, 'David Briscoe', 'CTO', 'AmuseCorp', '', '\n                                                Donec sem massa, bibendum sodales odio et, pretium eleifend urna. Donec eu nibh mattis, congue velit imperdiet.', 0),
(109, 13, 'Christina Backman', 'Co-Founder', 'Backman Design', '', '\n                                                Donec sem massa, bibendum sodales odio et, pretium eleifend urna. Donec eu nibh mattis, congue velit imperdiet.', 0),
(110, 10, 'Robert Cook', 'Founder', 'Foo Energy Bars', '', '\n                                                Donec sem massa, bibendum sodales odio et, pretium eleifend urna. Donec eu nibh mattis, congue velit imperdiet.', 0);

-- --------------------------------------------------------

--
-- Table structure for table `btTopicList`
--

CREATE TABLE `btTopicList` (
  `bID` int(10) unsigned NOT NULL,
  `mode` varchar(1) COLLATE utf8mb4_unicode_ci NOT NULL DEFAULT 'S' COMMENT 'S = Search, P = Page',
  `topicAttributeKeyHandle` varchar(255) COLLATE utf8mb4_unicode_ci NOT NULL DEFAULT '',
  `topicTreeID` int(10) unsigned NOT NULL DEFAULT '0',
  `cParentID` int(10) unsigned NOT NULL DEFAULT '0',
  `title` varchar(255) COLLATE utf8mb4_unicode_ci NOT NULL DEFAULT '',
  `titleFormat` varchar(20) COLLATE utf8mb4_unicode_ci NOT NULL DEFAULT 'h5',
  PRIMARY KEY (`bID`)
) ENGINE=InnoDB DEFAULT CHARSET=utf8mb4 COLLATE=utf8mb4_unicode_ci;

--
-- Dumping data for table `btTopicList`
--

INSERT INTO `btTopicList` VALUES
(27, 'P', 'blog_entry_topics', 4, 249, 'Topics', 'h4'),
(42, 'S', 'blog_entry_topics', 4, 244, 'Topics', 'h4');

-- --------------------------------------------------------

--
-- Table structure for table `btTopNavigationBar`
--

CREATE TABLE `btTopNavigationBar` (
  `bID` int(10) unsigned NOT NULL,
  `brandingText` varchar(255) COLLATE utf8mb4_unicode_ci DEFAULT NULL,
  `brandingLogo` int(11) DEFAULT NULL,
  `brandingTransparentLogo` int(11) DEFAULT NULL,
  `includeBrandText` tinyint(1) DEFAULT NULL,
  `includeBrandLogo` tinyint(1) DEFAULT NULL,
  `includeTransparency` tinyint(1) DEFAULT NULL,
  `includeStickyNav` tinyint(1) DEFAULT NULL,
  `includeNavigation` tinyint(1) DEFAULT NULL,
  `includeNavigationDropdowns` tinyint(1) DEFAULT NULL,
  `includeSearchInput` tinyint(1) DEFAULT NULL,
  `searchInputFormActionPageID` int(11) DEFAULT NULL,
  `includeSwitchLanguage` tinyint(1) DEFAULT NULL,
  `ignorePermissions` tinyint(1) NOT NULL DEFAULT '0',
  PRIMARY KEY (`bID`)
) ENGINE=InnoDB DEFAULT CHARSET=utf8mb4 COLLATE=utf8mb4_unicode_ci;

--
-- Dumping data for table `btTopNavigationBar`
--

INSERT INTO `btTopNavigationBar` VALUES
(35, '', 17, 3, 1, 1, 1, 1, 1, 1, 1, 0, 0, 0);

-- --------------------------------------------------------

--
-- Table structure for table `btVideo`
--

CREATE TABLE `btVideo` (
  `bID` int(10) unsigned NOT NULL,
  `webmfID` int(10) unsigned DEFAULT '0',
  `oggfID` int(10) unsigned DEFAULT '0',
  `posterfID` int(10) unsigned DEFAULT '0',
  `mp4fID` int(10) unsigned DEFAULT '0',
  `videoSize` int(10) unsigned DEFAULT '0',
  `width` int(10) unsigned DEFAULT NULL,
  `title` varchar(255) COLLATE utf8mb4_unicode_ci DEFAULT NULL,
  PRIMARY KEY (`bID`)
) ENGINE=InnoDB DEFAULT CHARSET=utf8mb4 COLLATE=utf8mb4_unicode_ci;

-- --------------------------------------------------------

--
-- Table structure for table `btYouTube`
--

CREATE TABLE `btYouTube` (
  `bID` int(10) unsigned NOT NULL,
  `title` varchar(255) COLLATE utf8mb4_unicode_ci DEFAULT NULL,
  `videoURL` varchar(255) COLLATE utf8mb4_unicode_ci DEFAULT NULL,
  `vHeight` varchar(255) COLLATE utf8mb4_unicode_ci DEFAULT NULL,
  `vWidth` varchar(255) COLLATE utf8mb4_unicode_ci DEFAULT NULL,
  `sizing` varchar(10) COLLATE utf8mb4_unicode_ci DEFAULT NULL,
  `startTimeEnabled` tinyint(1) DEFAULT NULL,
  `startTime` varchar(10) COLLATE utf8mb4_unicode_ci DEFAULT NULL,
  `noCookie` tinyint(1) DEFAULT NULL,
  `autoplay` tinyint(1) NOT NULL DEFAULT '0',
  `color` varchar(10) COLLATE utf8mb4_unicode_ci DEFAULT NULL,
  `controls` int(10) unsigned DEFAULT NULL,
  `iv_load_policy` int(10) unsigned DEFAULT NULL,
  `loopEnd` tinyint(1) NOT NULL DEFAULT '0',
  `modestbranding` tinyint(1) NOT NULL DEFAULT '0',
  `lazyLoad` tinyint(1) NOT NULL DEFAULT '0',
  `rel` tinyint(1) NOT NULL DEFAULT '0',
  `showCaptions` tinyint(1) NOT NULL DEFAULT '0',
  PRIMARY KEY (`bID`)
) ENGINE=InnoDB DEFAULT CHARSET=utf8mb4 COLLATE=utf8mb4_unicode_ci;

-- --------------------------------------------------------

--
-- Table structure for table `CalendarEventAttributeKeys`
--

CREATE TABLE `CalendarEventAttributeKeys` (
  `akID` int(10) unsigned NOT NULL,
  PRIMARY KEY (`akID`)
) ENGINE=InnoDB DEFAULT CHARSET=utf8mb4 COLLATE=utf8mb4_unicode_ci;

-- --------------------------------------------------------

--
-- Table structure for table `CalendarEventCustomSummaryTemplates`
--

CREATE TABLE `CalendarEventCustomSummaryTemplates` (
  `template_id` int(11) NOT NULL,
  `eventID` int(10) unsigned NOT NULL,
  PRIMARY KEY (`eventID`,`template_id`),
  KEY `IDX_7059BBEF10409BA4` (`eventID`),
  KEY `IDX_7059BBEF5DA0FB8` (`template_id`)
) ENGINE=InnoDB DEFAULT CHARSET=utf8mb4 COLLATE=utf8mb4_unicode_ci;

-- --------------------------------------------------------

--
-- Table structure for table `CalendarEventOccurrences`
--

CREATE TABLE `CalendarEventOccurrences` (
  `occurrenceID` int(10) unsigned NOT NULL AUTO_INCREMENT,
  `startTime` int(11) NOT NULL,
  `endTime` int(11) NOT NULL,
  `cancelled` tinyint(1) NOT NULL,
  `repetitionID` int(10) unsigned DEFAULT NULL,
  PRIMARY KEY (`occurrenceID`),
  KEY `IDX_7DD686EC31391E00` (`repetitionID`),
  KEY `eventdates` (`occurrenceID`,`startTime`,`endTime`)
) ENGINE=InnoDB DEFAULT CHARSET=utf8mb4 COLLATE=utf8mb4_unicode_ci AUTO_INCREMENT=1 ;

-- --------------------------------------------------------

--
-- Table structure for table `CalendarEventRepetitions`
--

CREATE TABLE `CalendarEventRepetitions` (
  `repetitionID` int(10) unsigned NOT NULL AUTO_INCREMENT,
  `repetitionObject` longtext COLLATE utf8mb4_unicode_ci NOT NULL COMMENT '(DC2Type:object)',
  PRIMARY KEY (`repetitionID`)
) ENGINE=InnoDB DEFAULT CHARSET=utf8mb4 COLLATE=utf8mb4_unicode_ci AUTO_INCREMENT=1 ;

-- --------------------------------------------------------

--
-- Table structure for table `CalendarEvents`
--

CREATE TABLE `CalendarEvents` (
  `hasCustomSummaryTemplates` tinyint(1) NOT NULL,
  `eventID` int(10) unsigned NOT NULL AUTO_INCREMENT,
  `caID` int(10) unsigned DEFAULT NULL,
  PRIMARY KEY (`eventID`),
  KEY `IDX_7F23C55611C85723` (`caID`)
) ENGINE=InnoDB DEFAULT CHARSET=utf8mb4 COLLATE=utf8mb4_unicode_ci AUTO_INCREMENT=1 ;

-- --------------------------------------------------------

--
-- Table structure for table `CalendarEventSearchIndexAttributes`
--

CREATE TABLE `CalendarEventSearchIndexAttributes` (
  `eventID` int(10) unsigned NOT NULL DEFAULT '0',
  PRIMARY KEY (`eventID`)
) ENGINE=InnoDB DEFAULT CHARSET=utf8mb4 COLLATE=utf8mb4_unicode_ci;

-- --------------------------------------------------------

--
-- Table structure for table `CalendarEventSummaryTemplates`
--

CREATE TABLE `CalendarEventSummaryTemplates` (
  `id` int(11) NOT NULL AUTO_INCREMENT,
  `template_id` int(11) DEFAULT NULL,
  `data` json NOT NULL,
  `eventID` int(10) unsigned DEFAULT NULL,
  PRIMARY KEY (`id`),
  KEY `IDX_219AA86B10409BA4` (`eventID`),
  KEY `IDX_219AA86B5DA0FB8` (`template_id`)
) ENGINE=InnoDB DEFAULT CHARSET=utf8mb4 COLLATE=utf8mb4_unicode_ci AUTO_INCREMENT=1 ;

-- --------------------------------------------------------

--
-- Table structure for table `CalendarEventVersionAttributeValues`
--

CREATE TABLE `CalendarEventVersionAttributeValues` (
  `eventVersionID` int(10) unsigned NOT NULL,
  `akID` int(10) unsigned NOT NULL,
  `avID` int(10) unsigned DEFAULT NULL,
  PRIMARY KEY (`eventVersionID`,`akID`),
  KEY `IDX_8C835B05403F5D6` (`eventVersionID`),
  KEY `IDX_8C835B05B6561A7E` (`akID`),
  KEY `IDX_8C835B05A2A82A5D` (`avID`)
) ENGINE=InnoDB DEFAULT CHARSET=utf8mb4 COLLATE=utf8mb4_unicode_ci;

-- --------------------------------------------------------

--
-- Table structure for table `CalendarEventVersionOccurrences`
--

CREATE TABLE `CalendarEventVersionOccurrences` (
  `versionOccurrenceID` int(10) unsigned NOT NULL AUTO_INCREMENT,
  `eventVersionID` int(10) unsigned DEFAULT NULL,
  `occurrenceID` int(10) unsigned DEFAULT NULL,
  PRIMARY KEY (`versionOccurrenceID`),
  KEY `IDX_60310489403F5D6` (`eventVersionID`),
  KEY `IDX_60310489B4FDDC0F` (`occurrenceID`)
) ENGINE=InnoDB DEFAULT CHARSET=utf8mb4 COLLATE=utf8mb4_unicode_ci AUTO_INCREMENT=1 ;

-- --------------------------------------------------------

--
-- Table structure for table `CalendarEventVersionRepetitions`
--

CREATE TABLE `CalendarEventVersionRepetitions` (
  `versionRepetitionID` int(10) unsigned NOT NULL AUTO_INCREMENT,
  `eventVersionID` int(10) unsigned DEFAULT NULL,
  `repetitionID` int(10) unsigned DEFAULT NULL,
  PRIMARY KEY (`versionRepetitionID`),
  KEY `IDX_C1C3D3DB403F5D6` (`eventVersionID`),
  KEY `IDX_C1C3D3DB31391E00` (`repetitionID`)
) ENGINE=InnoDB DEFAULT CHARSET=utf8mb4 COLLATE=utf8mb4_unicode_ci AUTO_INCREMENT=1 ;

-- --------------------------------------------------------

--
-- Table structure for table `CalendarEventVersions`
--

CREATE TABLE `CalendarEventVersions` (
  `eventVersionID` int(10) unsigned NOT NULL AUTO_INCREMENT,
  `evDateAdded` datetime NOT NULL,
  `evActivateDateTime` datetime DEFAULT NULL,
  `evIsApproved` tinyint(1) NOT NULL,
  `evDescription` longtext COLLATE utf8mb4_unicode_ci,
  `evName` longtext COLLATE utf8mb4_unicode_ci,
  `evRelatedPageRelationType` varchar(1) COLLATE utf8mb4_unicode_ci DEFAULT NULL,
  `cID` int(10) unsigned NOT NULL DEFAULT '0',
  `eventID` int(10) unsigned DEFAULT NULL,
  `uID` int(10) unsigned DEFAULT NULL,
  PRIMARY KEY (`eventVersionID`),
  KEY `IDX_8E26027410409BA4` (`eventID`),
  KEY `IDX_8E260274FD71026C` (`uID`)
) ENGINE=InnoDB DEFAULT CHARSET=utf8mb4 COLLATE=utf8mb4_unicode_ci AUTO_INCREMENT=1 ;

-- --------------------------------------------------------

--
-- Table structure for table `CalendarEventWorkflowProgress`
--

CREATE TABLE `CalendarEventWorkflowProgress` (
  `wpID` int(10) unsigned NOT NULL DEFAULT '0',
  `eventID` int(10) unsigned NOT NULL,
  PRIMARY KEY (`eventID`,`wpID`),
  KEY `IDX_C5EAACF910409BA4` (`eventID`),
  KEY `wpID` (`wpID`)
) ENGINE=InnoDB DEFAULT CHARSET=utf8mb4 COLLATE=utf8mb4_unicode_ci;

-- --------------------------------------------------------

--
-- Table structure for table `CalendarPermissionAssignments`
--

CREATE TABLE `CalendarPermissionAssignments` (
  `pkID` int(10) unsigned NOT NULL,
  `paID` int(10) unsigned NOT NULL,
  `caID` int(10) unsigned NOT NULL,
  PRIMARY KEY (`caID`,`pkID`,`paID`),
  KEY `IDX_5AD546AA11C85723` (`caID`),
  KEY `paID` (`paID`),
  KEY `pkID` (`pkID`)
) ENGINE=InnoDB DEFAULT CHARSET=utf8mb4 COLLATE=utf8mb4_unicode_ci;

-- --------------------------------------------------------

--
-- Table structure for table `CalendarRelatedEvents`
--

CREATE TABLE `CalendarRelatedEvents` (
  `relatedEventID` int(10) unsigned NOT NULL AUTO_INCREMENT,
  `relationID` int(10) unsigned NOT NULL,
  `relationType` varchar(1) COLLATE utf8mb4_unicode_ci DEFAULT NULL,
  `eventID` int(10) unsigned DEFAULT NULL,
  PRIMARY KEY (`relatedEventID`),
  KEY `IDX_310130E910409BA4` (`eventID`)
) ENGINE=InnoDB DEFAULT CHARSET=utf8mb4 COLLATE=utf8mb4_unicode_ci AUTO_INCREMENT=1 ;

-- --------------------------------------------------------

--
-- Table structure for table `Calendars`
--

CREATE TABLE `Calendars` (
  `caID` int(10) unsigned NOT NULL AUTO_INCREMENT,
  `caName` varchar(255) COLLATE utf8mb4_unicode_ci DEFAULT NULL,
  `caOverridePermissions` tinyint(1) NOT NULL DEFAULT '0',
  `eventPageAttributeKeyHandle` varchar(255) COLLATE utf8mb4_unicode_ci DEFAULT NULL,
  `enableMoreDetails` varchar(1) COLLATE utf8mb4_unicode_ci DEFAULT NULL,
  `eventPageParentID` int(10) unsigned DEFAULT '0',
  `eventPageTypeID` int(10) unsigned DEFAULT '0',
  `eventPageAssociatedID` int(10) unsigned DEFAULT '0',
  `siteID` int(10) unsigned DEFAULT NULL,
  PRIMARY KEY (`caID`),
  KEY `IDX_62E00AC521D8435` (`siteID`)
) ENGINE=InnoDB DEFAULT CHARSET=utf8mb4 COLLATE=utf8mb4_unicode_ci AUTO_INCREMENT=1 ;

-- --------------------------------------------------------

--
-- Table structure for table `CollectionAttributeKeys`
--

CREATE TABLE `CollectionAttributeKeys` (
  `akID` int(10) unsigned NOT NULL,
  PRIMARY KEY (`akID`)
) ENGINE=InnoDB DEFAULT CHARSET=utf8mb4 COLLATE=utf8mb4_unicode_ci;

--
-- Dumping data for table `CollectionAttributeKeys`
--

INSERT INTO `CollectionAttributeKeys` VALUES
(1),
(2),
(3),
(4),
(5),
(6),
(7),
(8),
(9),
(10),
(11),
(12),
(13),
(14),
(21),
(28);

-- --------------------------------------------------------

--
-- Table structure for table `CollectionAttributeValues`
--

CREATE TABLE `CollectionAttributeValues` (
  `cID` int(10) unsigned NOT NULL,
  `cvID` int(10) unsigned NOT NULL,
  `akID` int(10) unsigned NOT NULL,
  `avID` int(10) unsigned DEFAULT NULL,
  PRIMARY KEY (`cID`,`cvID`,`akID`),
  KEY `IDX_BB9995FCB6561A7E` (`akID`),
  KEY `IDX_BB9995FCA2A82A5D` (`avID`)
) ENGINE=InnoDB DEFAULT CHARSET=utf8mb4 COLLATE=utf8mb4_unicode_ci;

--
-- Dumping data for table `CollectionAttributeValues`
--

INSERT INTO `CollectionAttributeValues` VALUES
(2, 1, 6, 1),
(3, 1, 3, 2),
(4, 1, 3, 3),
(5, 1, 3, 4),
(6, 1, 3, 5),
(8, 1, 3, 6),
(9, 1, 7, 7),
(10, 1, 3, 8),
(11, 1, 3, 9),
(12, 1, 7, 10),
(12, 1, 3, 11),
(13, 1, 3, 12),
(14, 1, 3, 13),
(15, 1, 3, 14),
(16, 1, 3, 15),
(17, 1, 3, 16),
(18, 1, 3, 17),
(19, 1, 3, 18),
(19, 1, 7, 19),
(20, 1, 3, 20),
(20, 1, 7, 21),
(23, 1, 3, 22),
(29, 1, 7, 23),
(29, 1, 12, 24),
(30, 1, 7, 25),
(30, 1, 12, 26),
(31, 1, 7, 27),
(31, 1, 12, 28),
(32, 1, 7, 29),
(32, 1, 12, 30),
(33, 1, 7, 31),
(33, 1, 12, 32),
(34, 1, 7, 33),
(34, 1, 12, 34),
(35, 1, 7, 35),
(35, 1, 12, 36),
(36, 1, 7, 37),
(36, 1, 12, 38),
(37, 1, 7, 39),
(37, 1, 12, 40),
(39, 1, 7, 41),
(39, 1, 12, 42),
(40, 1, 7, 43),
(40, 1, 12, 44),
(42, 1, 3, 45),
(43, 1, 3, 46),
(44, 1, 7, 47),
(44, 1, 12, 48),
(45, 1, 3, 49),
(46, 1, 3, 50),
(46, 1, 7, 51),
(47, 1, 3, 52),
(48, 1, 3, 53),
(49, 1, 3, 54),
(51, 1, 3, 55),
(52, 1, 3, 56),
(52, 1, 7, 57),
(54, 1, 7, 58),
(55, 1, 7, 59),
(56, 1, 7, 60),
(57, 1, 7, 61),
(58, 1, 7, 62),
(59, 1, 7, 63),
(61, 1, 7, 64),
(63, 1, 7, 65),
(64, 1, 3, 66),
(65, 1, 3, 67),
(66, 1, 3, 68),
(69, 1, 7, 69),
(69, 1, 12, 70),
(71, 1, 7, 71),
(71, 1, 12, 72),
(74, 1, 6, 73),
(76, 1, 3, 74),
(78, 1, 7, 75),
(78, 1, 12, 76),
(78, 1, 3, 77),
(79, 1, 3, 78),
(80, 1, 3, 79),
(81, 1, 3, 80),
(82, 1, 3, 81),
(83, 1, 3, 82),
(84, 1, 3, 83),
(85, 1, 3, 84),
(87, 1, 3, 85),
(88, 1, 3, 86),
(89, 1, 3, 87),
(90, 1, 3, 88),
(91, 1, 12, 89),
(92, 1, 3, 90),
(93, 1, 3, 91),
(94, 1, 3, 92),
(95, 1, 3, 93),
(95, 1, 7, 94),
(96, 1, 3, 95),
(97, 1, 3, 96),
(97, 1, 7, 97),
(97, 1, 12, 98),
(98, 1, 3, 99),
(100, 1, 3, 100),
(101, 1, 3, 101),
(104, 1, 7, 102),
(104, 1, 12, 103),
(105, 1, 7, 104),
(105, 1, 12, 105),
(106, 1, 7, 106),
(106, 1, 12, 107),
(107, 1, 7, 108),
(107, 1, 12, 109),
(108, 1, 7, 110),
(108, 1, 12, 111),
(114, 1, 3, 112),
(120, 1, 3, 113),
(121, 1, 3, 114),
(122, 1, 3, 115),
(123, 1, 3, 116),
(124, 1, 3, 117),
(125, 1, 3, 118),
(127, 1, 3, 119),
(128, 1, 3, 120),
(129, 1, 3, 121),
(130, 1, 3, 122),
(131, 1, 7, 123),
(131, 1, 3, 124),
(132, 1, 3, 125),
(133, 1, 3, 126),
(134, 1, 3, 127),
(135, 1, 3, 128),
(136, 1, 3, 129),
(137, 1, 3, 130),
(139, 1, 3, 131),
(140, 1, 3, 132),
(141, 1, 3, 133),
(142, 1, 3, 134),
(145, 1, 3, 135),
(146, 1, 3, 136),
(148, 1, 3, 137),
(149, 1, 3, 138),
(150, 1, 3, 139),
(152, 1, 3, 140),
(153, 1, 3, 141),
(157, 1, 3, 142),
(158, 1, 7, 143),
(159, 1, 7, 144),
(160, 1, 3, 145),
(161, 1, 3, 146),
(162, 1, 3, 147),
(163, 1, 3, 148),
(165, 1, 3, 149),
(166, 1, 3, 150),
(167, 1, 3, 151),
(168, 1, 3, 152),
(169, 1, 3, 153),
(171, 1, 3, 154),
(172, 1, 3, 155),
(173, 1, 3, 156),
(174, 1, 3, 157),
(175, 1, 3, 158),
(176, 1, 3, 159),
(177, 1, 3, 160),
(178, 1, 3, 161),
(179, 1, 3, 162),
(189, 1, 3, 163),
(190, 1, 3, 164),
(191, 1, 3, 165),
(192, 1, 3, 166),
(194, 1, 3, 167),
(195, 1, 3, 168),
(196, 1, 3, 169),
(197, 1, 3, 170),
(199, 1, 12, 171),
(200, 1, 3, 172),
(201, 1, 3, 173),
(202, 1, 3, 174),
(203, 1, 3, 175),
(204, 1, 3, 176),
(205, 1, 3, 177),
(206, 1, 3, 178),
(207, 1, 3, 179),
(209, 1, 3, 180),
(213, 1, 3, 181),
(214, 1, 4, 182),
(214, 1, 5, 183),
(214, 1, 7, 184),
(217, 1, 6, 185),
(218, 1, 6, 186),
(220, 1, 6, 187),
(221, 1, 12, 188),
(223, 1, 6, 189),
(229, 1, 6, 190),
(230, 1, 4, 191),
(230, 1, 5, 192),
(230, 1, 7, 193),
(249, 1, 14, 264),
(240, 1, 14, 265),
(260, 1, 21, 266),
(260, 1, 28, 267),
(261, 1, 21, 268),
(261, 1, 28, 269),
(262, 1, 21, 270),
(262, 1, 28, 271),
(263, 1, 21, 272),
(263, 1, 28, 273),
(264, 1, 21, 274),
(264, 1, 28, 275),
(265, 1, 21, 276),
(265, 1, 28, 277),
(242, 1, 7, 278),
(242, 1, 8, 279),
(242, 1, 12, 280),
(243, 1, 7, 281),
(243, 1, 8, 282),
(243, 1, 12, 283),
(244, 1, 7, 284),
(244, 1, 8, 285),
(244, 1, 12, 286),
(253, 1, 10, 287),
(253, 1, 21, 288),
(254, 1, 10, 289),
(254, 1, 21, 290),
(255, 1, 10, 291),
(255, 1, 21, 292),
(256, 1, 10, 293),
(256, 1, 21, 294),
(257, 1, 10, 295),
(257, 1, 21, 296),
(258, 1, 10, 297),
(258, 1, 21, 298),
(246, 1, 7, 299);

-- --------------------------------------------------------

--
-- Table structure for table `Collections`
--

CREATE TABLE `Collections` (
  `cID` int(10) unsigned NOT NULL AUTO_INCREMENT,
  `cDateAdded` datetime NOT NULL DEFAULT '1000-01-01 00:00:00',
  `cDateModified` datetime NOT NULL DEFAULT '1000-01-01 00:00:00',
  `cHandle` varchar(255) COLLATE utf8mb4_unicode_ci DEFAULT NULL,
  PRIMARY KEY (`cID`),
  KEY `cIDDateModified` (`cID`,`cDateModified`),
  KEY `cDateModified` (`cDateModified`),
  KEY `cDateAdded` (`cDateAdded`)
) ENGINE=InnoDB  DEFAULT CHARSET=utf8mb4 COLLATE=utf8mb4_unicode_ci AUTO_INCREMENT=266 ;

--
-- Dumping data for table `Collections`
--

INSERT INTO `Collections` VALUES
(1, '[[date_gmt]]', '[[date_gmt]]', NULL),
(2, '[[date_gmt]]', '[[date_gmt]]', 'dashboard'),
(3, '[[date_gmt]]', '[[date_gmt]]', 'sitemap'),
(4, '[[date_gmt]]', '[[date_gmt]]', 'full'),
(5, '[[date_gmt]]', '[[date_gmt]]', 'explore'),
(6, '[[date_gmt]]', '[[date_gmt]]', 'search'),
(7, '[[date_gmt]]', '[[date_gmt]]', 'files'),
(8, '[[date_gmt]]', '[[date_gmt]]', 'search'),
(9, '[[date_gmt]]', '[[date_gmt]]', 'details'),
(10, '[[date_gmt]]', '[[date_gmt]]', 'attributes'),
(11, '[[date_gmt]]', '[[date_gmt]]', 'sets'),
(12, '[[date_gmt]]', '[[date_gmt]]', 'add_set'),
(13, '[[date_gmt]]', '[[date_gmt]]', 'users'),
(14, '[[date_gmt]]', '[[date_gmt]]', 'search'),
(15, '[[date_gmt]]', '[[date_gmt]]', 'groups'),
(16, '[[date_gmt]]', '[[date_gmt]]', 'group_types'),
(17, '[[date_gmt]]', '[[date_gmt]]', 'message'),
(18, '[[date_gmt]]', '[[date_gmt]]', 'attributes'),
(19, '[[date_gmt]]', '[[date_gmt]]', 'add'),
(20, '[[date_gmt]]', '[[date_gmt]]', 'add_group'),
(21, '[[date_gmt]]', '[[date_gmt]]', 'bulkupdate'),
(22, '[[date_gmt]]', '[[date_gmt]]', 'bulk_user_assignment'),
(23, '[[date_gmt]]', '[[date_gmt]]', 'group_sets'),
(24, '[[date_gmt]]', '[[date_gmt]]', 'express'),
(25, '[[date_gmt]]', '[[date_gmt]]', 'entries'),
(26, '[[date_gmt]]', '[[date_gmt]]', 'boards'),
(27, '[[date_gmt]]', '[[date_gmt]]', 'boards'),
(28, '[[date_gmt]]', '[[date_gmt]]', 'add'),
(29, '[[date_gmt]]', '[[date_gmt]]', 'details'),
(30, '[[date_gmt]]', '[[date_gmt]]', 'edit'),
(31, '[[date_gmt]]', '[[date_gmt]]', 'data_sources'),
(32, '[[date_gmt]]', '[[date_gmt]]', 'appearance'),
(33, '[[date_gmt]]', '[[date_gmt]]', 'weighting'),
(34, '[[date_gmt]]', '[[date_gmt]]', 'permissions'),
(35, '[[date_gmt]]', '[[date_gmt]]', 'instances'),
(36, '[[date_gmt]]', '[[date_gmt]]', 'details'),
(37, '[[date_gmt]]', '[[date_gmt]]', 'rules'),
(38, '[[date_gmt]]', '[[date_gmt]]', 'designer'),
(39, '[[date_gmt]]', '[[date_gmt]]', 'choose_items'),
(40, '[[date_gmt]]', '[[date_gmt]]', 'customize_slot'),
(41, '[[date_gmt]]', '[[date_gmt]]', 'scheduler'),
(42, '[[date_gmt]]', '[[date_gmt]]', 'reports'),
(43, '[[date_gmt]]', '[[date_gmt]]', 'forms'),
(44, '[[date_gmt]]', '[[date_gmt]]', 'legacy'),
(45, '[[date_gmt]]', '[[date_gmt]]', 'health'),
(46, '[[date_gmt]]', '[[date_gmt]]', 'details'),
(47, '[[date_gmt]]', '[[date_gmt]]', 'surveys'),
(48, '[[date_gmt]]', '[[date_gmt]]', 'logs'),
(49, '[[date_gmt]]', '[[date_gmt]]', 'page_changes'),
(50, '[[date_gmt]]', '[[date_gmt]]', 'pages'),
(51, '[[date_gmt]]', '[[date_gmt]]', 'themes'),
(52, '[[date_gmt]]', '[[date_gmt]]', 'inspect'),
(53, '[[date_gmt]]', '[[date_gmt]]', 'types'),
(54, '[[date_gmt]]', '[[date_gmt]]', 'organize'),
(55, '[[date_gmt]]', '[[date_gmt]]', 'add'),
(56, '[[date_gmt]]', '[[date_gmt]]', 'form'),
(57, '[[date_gmt]]', '[[date_gmt]]', 'output'),
(58, '[[date_gmt]]', '[[date_gmt]]', 'attributes'),
(59, '[[date_gmt]]', '[[date_gmt]]', 'permissions'),
(60, '[[date_gmt]]', '[[date_gmt]]', 'templates'),
(61, '[[date_gmt]]', '[[date_gmt]]', 'add'),
(62, '[[date_gmt]]', '[[date_gmt]]', 'containers'),
(63, '[[date_gmt]]', '[[date_gmt]]', 'add'),
(64, '[[date_gmt]]', '[[date_gmt]]', 'attributes'),
(65, '[[date_gmt]]', '[[date_gmt]]', 'single'),
(66, '[[date_gmt]]', '[[date_gmt]]', 'feeds'),
(67, '[[date_gmt]]', '[[date_gmt]]', 'calendar'),
(68, '[[date_gmt]]', '[[date_gmt]]', 'events'),
(69, '[[date_gmt]]', '[[date_gmt]]', 'event_list'),
(70, '[[date_gmt]]', '[[date_gmt]]', 'add'),
(71, '[[date_gmt]]', '[[date_gmt]]', 'permissions'),
(72, '[[date_gmt]]', '[[date_gmt]]', 'attributes'),
(73, '[[date_gmt]]', '[[date_gmt]]', 'conversations'),
(74, '[[date_gmt]]', '[[date_gmt]]', 'messages'),
(75, '[[date_gmt]]', '[[date_gmt]]', 'blocks'),
(76, '[[date_gmt]]', '[[date_gmt]]', 'stacks'),
(77, '[[date_gmt]]', '[[date_gmt]]', 'permissions'),
(78, '[[date_gmt]]', '[[date_gmt]]', 'list'),
(79, '[[date_gmt]]', '[[date_gmt]]', 'types'),
(80, '[[date_gmt]]', '[[date_gmt]]', 'extend'),
(81, '[[date_gmt]]', '[[date_gmt]]', 'install'),
(82, '[[date_gmt]]', '[[date_gmt]]', 'update'),
(83, '[[date_gmt]]', '[[date_gmt]]', 'themes'),
(84, '[[date_gmt]]', '[[date_gmt]]', 'addons'),
(85, '[[date_gmt]]', '[[date_gmt]]', 'system'),
(86, '[[date_gmt]]', '[[date_gmt]]', 'basics'),
(87, '[[date_gmt]]', '[[date_gmt]]', 'name'),
(88, '[[date_gmt]]', '[[date_gmt]]', 'marketplace'),
(89, '[[date_gmt]]', '[[date_gmt]]', 'production_mode'),
(90, '[[date_gmt]]', '[[date_gmt]]', 'appearance'),
(91, '[[date_gmt]]', '[[date_gmt]]', 'site_information'),
(92, '[[date_gmt]]', '[[date_gmt]]', 'icons'),
(93, '[[date_gmt]]', '[[date_gmt]]', 'editor'),
(94, '[[date_gmt]]', '[[date_gmt]]', 'multilingual'),
(95, '[[date_gmt]]', '[[date_gmt]]', 'update'),
(96, '[[date_gmt]]', '[[date_gmt]]', 'timezone'),
(97, '[[date_gmt]]', '[[date_gmt]]', 'attributes'),
(98, '[[date_gmt]]', '[[date_gmt]]', 'reset_edit_mode'),
(99, '[[date_gmt]]', '[[date_gmt]]', 'social'),
(100, '[[date_gmt]]', '[[date_gmt]]', 'social_links'),
(101, '[[date_gmt]]', '[[date_gmt]]', 'opengraph'),
(102, '[[date_gmt]]', '[[date_gmt]]', 'express'),
(103, '[[date_gmt]]', '[[date_gmt]]', 'entities'),
(104, '[[date_gmt]]', '[[date_gmt]]', 'attributes'),
(105, '[[date_gmt]]', '[[date_gmt]]', 'associations'),
(106, '[[date_gmt]]', '[[date_gmt]]', 'forms'),
(107, '[[date_gmt]]', '[[date_gmt]]', 'customize_search'),
(108, '[[date_gmt]]', '[[date_gmt]]', 'order_entries'),
(109, '[[date_gmt]]', '[[date_gmt]]', 'entries'),
(110, '[[date_gmt]]', '[[date_gmt]]', 'multisite'),
(111, '[[date_gmt]]', '[[date_gmt]]', 'sites'),
(112, '[[date_gmt]]', '[[date_gmt]]', 'types'),
(113, '[[date_gmt]]', '[[date_gmt]]', 'settings'),
(114, '[[date_gmt]]', '[[date_gmt]]', 'multilingual'),
(115, '[[date_gmt]]', '[[date_gmt]]', 'setup'),
(116, '[[date_gmt]]', '[[date_gmt]]', 'copy'),
(117, '[[date_gmt]]', '[[date_gmt]]', 'page_report'),
(118, '[[date_gmt]]', '[[date_gmt]]', 'translate_interface'),
(119, '[[date_gmt]]', '[[date_gmt]]', 'seo'),
(120, '[[date_gmt]]', '[[date_gmt]]', 'urls'),
(121, '[[date_gmt]]', '[[date_gmt]]', 'bulk'),
(122, '[[date_gmt]]', '[[date_gmt]]', 'codes'),
(123, '[[date_gmt]]', '[[date_gmt]]', 'excluded'),
(124, '[[date_gmt]]', '[[date_gmt]]', 'searchindex'),
(125, '[[date_gmt]]', '[[date_gmt]]', 'url_slug'),
(126, '[[date_gmt]]', '[[date_gmt]]', 'files'),
(127, '[[date_gmt]]', '[[date_gmt]]', 'filetypes'),
(128, '[[date_gmt]]', '[[date_gmt]]', 'file_chooser'),
(129, '[[date_gmt]]', '[[date_gmt]]', 'permissions'),
(130, '[[date_gmt]]', '[[date_gmt]]', 'thumbnails'),
(131, '[[date_gmt]]', '[[date_gmt]]', 'options'),
(132, '[[date_gmt]]', '[[date_gmt]]', 'image_uploading'),
(133, '[[date_gmt]]', '[[date_gmt]]', 'image_editor'),
(134, '[[date_gmt]]', '[[date_gmt]]', 'storage'),
(135, '[[date_gmt]]', '[[date_gmt]]', 'external_file_provider'),
(136, '[[date_gmt]]', '[[date_gmt]]', 'export_options'),
(137, '[[date_gmt]]', '[[date_gmt]]', 'uploads'),
(138, '[[date_gmt]]', '[[date_gmt]]', 'automation'),
(139, '[[date_gmt]]', '[[date_gmt]]', 'tasks'),
(140, '[[date_gmt]]', '[[date_gmt]]', 'activity'),
(141, '[[date_gmt]]', '[[date_gmt]]', 'failed'),
(142, '[[date_gmt]]', '[[date_gmt]]', 'schedule'),
(143, '[[date_gmt]]', '[[date_gmt]]', 'settings'),
(144, '[[date_gmt]]', '[[date_gmt]]', 'notification'),
(145, '[[date_gmt]]', '[[date_gmt]]', 'events'),
(146, '[[date_gmt]]', '[[date_gmt]]', 'alerts'),
(147, '[[date_gmt]]', '[[date_gmt]]', 'optimization'),
(148, '[[date_gmt]]', '[[date_gmt]]', 'cache'),
(149, '[[date_gmt]]', '[[date_gmt]]', 'clearcache'),
(150, '[[date_gmt]]', '[[date_gmt]]', 'jobs'),
(151, '[[date_gmt]]', '[[date_gmt]]', 'permissions'),
(152, '[[date_gmt]]', '[[date_gmt]]', 'site'),
(153, '[[date_gmt]]', '[[date_gmt]]', 'tasks'),
(154, '[[date_gmt]]', '[[date_gmt]]', 'users'),
(155, '[[date_gmt]]', '[[date_gmt]]', 'advanced'),
(156, '[[date_gmt]]', '[[date_gmt]]', 'workflows'),
(157, '[[date_gmt]]', '[[date_gmt]]', 'denylist'),
(158, '[[date_gmt]]', '[[date_gmt]]', 'configure'),
(159, '[[date_gmt]]', '[[date_gmt]]', 'range'),
(160, '[[date_gmt]]', '[[date_gmt]]', 'captcha'),
(161, '[[date_gmt]]', '[[date_gmt]]', 'antispam'),
(162, '[[date_gmt]]', '[[date_gmt]]', 'maintenance'),
(163, '[[date_gmt]]', '[[date_gmt]]', 'trusted_proxies'),
(164, '[[date_gmt]]', '[[date_gmt]]', 'registration'),
(165, '[[date_gmt]]', '[[date_gmt]]', 'open'),
(166, '[[date_gmt]]', '[[date_gmt]]', 'postlogin'),
(167, '[[date_gmt]]', '[[date_gmt]]', 'profiles'),
(168, '[[date_gmt]]', '[[date_gmt]]', 'authentication'),
(169, '[[date_gmt]]', '[[date_gmt]]', 'global_password_reset'),
(170, '[[date_gmt]]', '[[date_gmt]]', 'deactivation'),
(171, '[[date_gmt]]', '[[date_gmt]]', 'automated_logout'),
(172, '[[date_gmt]]', '[[date_gmt]]', 'password_requirements'),
(173, '[[date_gmt]]', '[[date_gmt]]', 'session_options'),
(174, '[[date_gmt]]', '[[date_gmt]]', 'mail'),
(175, '[[date_gmt]]', '[[date_gmt]]', 'method'),
(176, '[[date_gmt]]', '[[date_gmt]]', 'test'),
(177, '[[date_gmt]]', '[[date_gmt]]', 'importers'),
(178, '[[date_gmt]]', '[[date_gmt]]', 'addresses'),
(179, '[[date_gmt]]', '[[date_gmt]]', 'logging'),
(180, '[[date_gmt]]', '[[date_gmt]]', 'calendar'),
(181, '[[date_gmt]]', '[[date_gmt]]', 'settings'),
(182, '[[date_gmt]]', '[[date_gmt]]', 'colors'),
(183, '[[date_gmt]]', '[[date_gmt]]', 'permissions'),
(184, '[[date_gmt]]', '[[date_gmt]]', 'import'),
(185, '[[date_gmt]]', '[[date_gmt]]', 'boards'),
(186, '[[date_gmt]]', '[[date_gmt]]', 'settings'),
(187, '[[date_gmt]]', '[[date_gmt]]', 'permissions'),
(188, '[[date_gmt]]', '[[date_gmt]]', 'summary_templates'),
(189, '[[date_gmt]]', '[[date_gmt]]', 'conversations'),
(190, '[[date_gmt]]', '[[date_gmt]]', 'settings'),
(191, '[[date_gmt]]', '[[date_gmt]]', 'points'),
(192, '[[date_gmt]]', '[[date_gmt]]', 'bannedwords'),
(193, '[[date_gmt]]', '[[date_gmt]]', 'permissions'),
(194, '[[date_gmt]]', '[[date_gmt]]', 'attributes'),
(195, '[[date_gmt]]', '[[date_gmt]]', 'types'),
(196, '[[date_gmt]]', '[[date_gmt]]', 'sets'),
(197, '[[date_gmt]]', '[[date_gmt]]', 'topics'),
(198, '[[date_gmt]]', '[[date_gmt]]', 'add'),
(199, '[[date_gmt]]', '[[date_gmt]]', 'environment'),
(200, '[[date_gmt]]', '[[date_gmt]]', 'info'),
(201, '[[date_gmt]]', '[[date_gmt]]', 'errors'),
(202, '[[date_gmt]]', '[[date_gmt]]', 'logging'),
(203, '[[date_gmt]]', '[[date_gmt]]', 'proxy'),
(204, '[[date_gmt]]', '[[date_gmt]]', 'entities'),
(205, '[[date_gmt]]', '[[date_gmt]]', 'database_charset'),
(206, '[[date_gmt]]', '[[date_gmt]]', 'geolocation'),
(207, '[[date_gmt]]', '[[date_gmt]]', 'security'),
(208, '[[date_gmt]]', '[[date_gmt]]', 'update'),
(209, '[[date_gmt]]', '[[date_gmt]]', 'update'),
(210, '[[date_gmt]]', '[[date_gmt]]', 'api'),
(211, '[[date_gmt]]', '[[date_gmt]]', 'integrations'),
(212, '[[date_gmt]]', '[[date_gmt]]', 'scopes'),
(213, '[[date_gmt]]', '[[date_gmt]]', 'settings'),
(214, '[[date_gmt]]', '[[date_gmt]]', 'welcome'),
(215, '[[date_gmt]]', '[[date_gmt]]', 'health'),
(216, '[[date_gmt]]', '[[date_gmt]]', 'me'),
(217, '[[date_gmt]]', '[[date_gmt]]', '!themes'),
(218, '[[date_gmt]]', '[[date_gmt]]', '!stacks'),
(219, '[[date_gmt]]', '[[date_gmt]]', 'page_not_found'),
(220, '[[date_gmt]]', '[[date_gmt]]', '!trash'),
(221, '[[date_gmt]]', '[[date_gmt]]', 'login'),
(222, '[[date_gmt]]', '[[date_gmt]]', 'register'),
(223, '[[date_gmt]]', '[[date_gmt]]', 'account'),
(224, '[[date_gmt]]', '[[date_gmt]]', 'edit_profile'),
(225, '[[date_gmt]]', '[[date_gmt]]', 'avatar'),
(226, '[[date_gmt]]', '[[date_gmt]]', 'messages'),
(227, '[[date_gmt]]', '[[date_gmt]]', 'page_forbidden'),
(228, '[[date_gmt]]', '[[date_gmt]]', 'download_file'),
(229, '[[date_gmt]]', '[[date_gmt]]', '!drafts'),
(230, '[[date_gmt]]', '[[date_gmt]]', 'desktop'),
(231, '[[date_gmt]]', '[[date_gmt]]', 'navigation'),
(232, '[[date_gmt]]', '[[date_gmt]]', 'footer-column-1'),
(233, '[[date_gmt]]', '[[date_gmt]]', 'footer-column-2'),
(234, '[[date_gmt]]', '[[date_gmt]]', 'footer-column-3'),
(235, '[[date_gmt]]', '[[date_gmt]]', 'footer-column-4'),
(236, '[[date_gmt]]', '[[date_gmt]]', 'blog-sidebar'),
(237, '[[date_gmt]]', '[[date_gmt]]', 'blog-sidebar'),
(238, '[[date_gmt]]', '[[date_gmt]]', NULL),
(239, '[[date_gmt]]', '[[date_gmt]]', 'about'),
(240, '[[date_gmt]]', '[[date_gmt]]', 'resources'),
(241, '[[date_gmt]]', '[[date_gmt]]', 'documents'),
(242, '[[date_gmt]]', '[[date_gmt]]', 'subscribe-thanks'),
(243, '[[date_gmt]]', '[[date_gmt]]', 'search'),
(244, '[[date_gmt]]', '[[date_gmt]]', 'blog-search'),
(245, '[[date_gmt]]', '[[date_gmt]]', NULL),
(246, '[[date_gmt]]', '[[date_gmt]]', 'privacy-policy'),
(247, '[[date_gmt]]', '[[date_gmt]]', 'services'),
(248, '[[date_gmt]]', '[[date_gmt]]', NULL),
(249, '[[date_gmt]]', '[[date_gmt]]', 'blog'),
(250, '[[date_gmt]]', '[[date_gmt]]', 'faq'),
(251, '[[date_gmt]]', '[[date_gmt]]', 'contact'),
(252, '[[date_gmt]]', '[[date_gmt]]', NULL),
(253, '[[date_gmt]]', '[[date_gmt]]', 'resource-one'),
(254, '[[date_gmt]]', '[[date_gmt]]', 'resource-two'),
(255, '[[date_gmt]]', '[[date_gmt]]', 'resource-three'),
(256, '[[date_gmt]]', '[[date_gmt]]', 'resource-four'),
(257, '[[date_gmt]]', '[[date_gmt]]', 'resource-five'),
(258, '[[date_gmt]]', '[[date_gmt]]', 'resource-six'),
(259, '[[date_gmt]]', '[[date_gmt]]', NULL),
(260, '[[date_gmt]]', '[[date_gmt]]', 'tips-build-beautiful-blog'),
(261, '[[date_gmt]]', '[[date_gmt]]', 'new-product-launch'),
(262, '[[date_gmt]]', '[[date_gmt]]', 'more-fine-posts-here'),
(263, '[[date_gmt]]', '[[date_gmt]]', 'heres-tip-you-might-not-know'),
(264, '[[date_gmt]]', '[[date_gmt]]', 'freshen-up-your-website'),
(265, '[[date_gmt]]', '[[date_gmt]]', 'meet-our-new-hires');

-- --------------------------------------------------------

--
-- Table structure for table `CollectionSearchIndexAttributes`
--

CREATE TABLE `CollectionSearchIndexAttributes` (
  `cID` int(10) unsigned NOT NULL,
  `ak_meta_title` longtext COLLATE utf8mb4_unicode_ci,
  `ak_meta_description` longtext COLLATE utf8mb4_unicode_ci,
  `ak_meta_keywords` longtext COLLATE utf8mb4_unicode_ci,
  `ak_desktop_priority` decimal(14,4) DEFAULT '0.0000',
  `ak_is_desktop` tinyint(1) DEFAULT '0',
  `ak_icon_dashboard` longtext COLLATE utf8mb4_unicode_ci,
  `ak_exclude_nav` tinyint(1) DEFAULT '0',
  `ak_exclude_page_list` tinyint(1) DEFAULT '0',
  `ak_header_extra_content` longtext COLLATE utf8mb4_unicode_ci,
  `ak_tags` longtext COLLATE utf8mb4_unicode_ci,
  `ak_is_featured` tinyint(1) DEFAULT '0',
  `ak_exclude_search_index` tinyint(1) DEFAULT '0',
  `ak_exclude_sitemapxml` tinyint(1) DEFAULT '0',
  `ak_exclude_subpages_from_nav` tinyint(1) DEFAULT '0',
  `ak_thumbnail` int(11) DEFAULT '0',
  `ak_blog_entry_topics` longtext COLLATE utf8mb4_unicode_ci,
  PRIMARY KEY (`cID`),
  KEY `ak_exclude_page_list` (`ak_exclude_page_list`,`cID`),
  KEY `ak_is_featured` (`ak_is_featured`,`cID`)
) ENGINE=InnoDB DEFAULT CHARSET=utf8mb4 COLLATE=utf8mb4_unicode_ci;

--
-- Dumping data for table `CollectionSearchIndexAttributes`
--

INSERT INTO `CollectionSearchIndexAttributes` VALUES
(2, NULL, NULL, NULL, '0.0000', 0, 'fas fa-th-large', 0, 0, NULL, NULL, 0, 0, 0, 0, 0, NULL),
(3, NULL, NULL, 'pages, add page, delete page, copy, move, alias', '0.0000', 0, NULL, 0, 0, NULL, NULL, 0, 0, 0, 0, 0, NULL),
(4, NULL, NULL, 'pages, add page, delete page, copy, move, alias', '0.0000', 0, NULL, 0, 0, NULL, NULL, 0, 0, 0, 0, 0, NULL),
(5, NULL, NULL, 'pages, add page, delete page, copy, move, alias, bulk', '0.0000', 0, NULL, 0, 0, NULL, NULL, 0, 0, 0, 0, 0, NULL),
(6, NULL, NULL, 'find page, search page, search, find, pages, sitemap', '0.0000', 0, NULL, 0, 0, NULL, NULL, 0, 0, 0, 0, 0, NULL),
(8, NULL, NULL, 'add file, delete file, copy, move, alias, resize, crop, rename, images, title, attribute', '0.0000', 0, NULL, 0, 0, NULL, NULL, 0, 0, 0, 0, 0, NULL),
(9, NULL, NULL, NULL, '0.0000', 0, NULL, 1, 0, NULL, NULL, 0, 0, 0, 0, 0, NULL),
(10, NULL, NULL, 'file, file attributes, title, attribute, description, rename', '0.0000', 0, NULL, 0, 0, NULL, NULL, 0, 0, 0, 0, 0, NULL),
(11, NULL, NULL, 'files, category, categories', '0.0000', 0, NULL, 0, 0, NULL, NULL, 0, 0, 0, 0, 0, NULL),
(12, NULL, NULL, 'new file set', '0.0000', 0, NULL, 1, 0, NULL, NULL, 0, 0, 0, 0, 0, NULL),
(13, NULL, NULL, 'users, groups, people, find, delete user, remove user, change password, password', '0.0000', 0, NULL, 0, 0, NULL, NULL, 0, 0, 0, 0, 0, NULL),
(14, NULL, NULL, 'find, search, people, delete user, remove user, change password, password', '0.0000', 0, NULL, 0, 0, NULL, NULL, 0, 0, 0, 0, 0, NULL),
(15, NULL, NULL, 'user, group, people, permissions, expire', '0.0000', 0, NULL, 0, 0, NULL, NULL, 0, 0, 0, 0, 0, NULL),
(16, NULL, NULL, 'group types, group type', '0.0000', 0, NULL, 0, 0, NULL, NULL, 0, 0, 0, 0, 0, NULL),
(17, NULL, NULL, 'user, group, people, messages', '0.0000', 0, NULL, 0, 0, NULL, NULL, 0, 0, 0, 0, 0, NULL),
(18, NULL, NULL, 'user attributes, user data, gather data, registration data', '0.0000', 0, NULL, 0, 0, NULL, NULL, 0, 0, 0, 0, 0, NULL),
(19, NULL, NULL, 'new user, create', '0.0000', 0, NULL, 1, 0, NULL, NULL, 0, 0, 0, 0, 0, NULL),
(20, NULL, NULL, 'new user group, new group, group, create', '0.0000', 0, NULL, 1, 0, NULL, NULL, 0, 0, 0, 0, 0, NULL),
(23, NULL, NULL, 'group set', '0.0000', 0, NULL, 0, 0, NULL, NULL, 0, 0, 0, 0, 0, NULL),
(29, NULL, NULL, NULL, '0.0000', 0, NULL, 1, 0, NULL, NULL, 0, 1, 0, 0, 0, NULL),
(30, NULL, NULL, NULL, '0.0000', 0, NULL, 1, 0, NULL, NULL, 0, 1, 0, 0, 0, NULL),
(31, NULL, NULL, NULL, '0.0000', 0, NULL, 1, 0, NULL, NULL, 0, 1, 0, 0, 0, NULL),
(32, NULL, NULL, NULL, '0.0000', 0, NULL, 1, 0, NULL, NULL, 0, 1, 0, 0, 0, NULL),
(33, NULL, NULL, NULL, '0.0000', 0, NULL, 1, 0, NULL, NULL, 0, 1, 0, 0, 0, NULL),
(34, NULL, NULL, NULL, '0.0000', 0, NULL, 1, 0, NULL, NULL, 0, 1, 0, 0, 0, NULL),
(35, NULL, NULL, NULL, '0.0000', 0, NULL, 1, 0, NULL, NULL, 0, 1, 0, 0, 0, NULL),
(36, NULL, NULL, NULL, '0.0000', 0, NULL, 1, 0, NULL, NULL, 0, 1, 0, 0, 0, NULL),
(37, NULL, NULL, NULL, '0.0000', 0, NULL, 1, 0, NULL, NULL, 0, 1, 0, 0, 0, NULL),
(39, NULL, NULL, NULL, '0.0000', 0, NULL, 1, 0, NULL, NULL, 0, 1, 0, 0, 0, NULL),
(40, NULL, NULL, NULL, '0.0000', 0, NULL, 1, 0, NULL, NULL, 0, 1, 0, 0, 0, NULL),
(42, NULL, NULL, 'forms, log, error, email, mysql, exception, survey', '0.0000', 0, NULL, 0, 0, NULL, NULL, 0, 0, 0, 0, 0, NULL),
(43, NULL, NULL, 'forms, questions, response, data', '0.0000', 0, NULL, 0, 0, NULL, NULL, 0, 0, 0, 0, 0, NULL),
(44, NULL, NULL, NULL, '0.0000', 0, NULL, 1, 0, NULL, NULL, 0, 1, 0, 0, 0, NULL),
(45, NULL, NULL, 'health, check, site check, optimization', '0.0000', 0, NULL, 0, 0, NULL, NULL, 0, 0, 0, 0, 0, NULL),
(46, NULL, NULL, 'page types', '0.0000', 0, NULL, 1, 0, NULL, NULL, 0, 0, 0, 0, 0, NULL),
(47, NULL, NULL, 'questions, quiz, response', '0.0000', 0, NULL, 0, 0, NULL, NULL, 0, 0, 0, 0, 0, NULL),
(48, NULL, NULL, 'forms, log, error, email, mysql, exception, survey, history', '0.0000', 0, NULL, 0, 0, NULL, NULL, 0, 0, 0, 0, 0, NULL),
(49, NULL, NULL, 'changes, csv, report', '0.0000', 0, NULL, 0, 0, NULL, NULL, 0, 0, 0, 0, 0, NULL),
(51, NULL, NULL, 'new theme, theme, active theme, change theme, template, css', '0.0000', 0, NULL, 0, 0, NULL, NULL, 0, 0, 0, 0, 0, NULL),
(52, NULL, NULL, 'page types', '0.0000', 0, NULL, 1, 0, NULL, NULL, 0, 0, 0, 0, 0, NULL),
(54, NULL, NULL, NULL, '0.0000', 0, NULL, 1, 0, NULL, NULL, 0, 0, 0, 0, 0, NULL),
(55, NULL, NULL, NULL, '0.0000', 0, NULL, 1, 0, NULL, NULL, 0, 0, 0, 0, 0, NULL),
(56, NULL, NULL, NULL, '0.0000', 0, NULL, 1, 0, NULL, NULL, 0, 0, 0, 0, 0, NULL),
(57, NULL, NULL, NULL, '0.0000', 0, NULL, 1, 0, NULL, NULL, 0, 0, 0, 0, 0, NULL),
(58, NULL, NULL, NULL, '0.0000', 0, NULL, 1, 0, NULL, NULL, 0, 0, 0, 0, 0, NULL),
(59, NULL, NULL, NULL, '0.0000', 0, NULL, 1, 0, NULL, NULL, 0, 0, 0, 0, 0, NULL),
(61, NULL, NULL, NULL, '0.0000', 0, NULL, 1, 0, NULL, NULL, 0, 0, 0, 0, 0, NULL),
(63, NULL, NULL, NULL, '0.0000', 0, NULL, 1, 0, NULL, NULL, 0, 0, 0, 0, 0, NULL),
(64, NULL, NULL, 'page attributes, custom', '0.0000', 0, NULL, 0, 0, NULL, NULL, 0, 0, 0, 0, 0, NULL),
(65, NULL, NULL, 'single, page, custom, application', '0.0000', 0, NULL, 0, 0, NULL, NULL, 0, 0, 0, 0, 0, NULL),
(66, NULL, NULL, 'atom, rss, feed, syndication', '0.0000', 0, NULL, 0, 0, NULL, NULL, 0, 0, 0, 0, 0, NULL),
(69, NULL, NULL, NULL, '0.0000', 0, NULL, 1, 0, NULL, NULL, 0, 1, 0, 0, 0, NULL),
(71, NULL, NULL, NULL, '0.0000', 0, NULL, 1, 0, NULL, NULL, 0, 1, 0, 0, 0, NULL),
(74, NULL, NULL, NULL, '0.0000', 0, 'icon-bullhorn', 0, 0, NULL, NULL, 0, 0, 0, 0, 0, NULL),
(76, NULL, NULL, 'stacks, global areas, reusable content, scrapbook, copy, paste, paste block, copy block, site name, logo', '0.0000', 0, NULL, 0, 0, NULL, NULL, 0, 0, 0, 0, 0, NULL),
(78, NULL, NULL, 'edit stacks, view stacks, all stacks', '0.0000', 0, NULL, 1, 0, NULL, NULL, 0, 1, 0, 0, 0, NULL),
(79, NULL, NULL, 'block, refresh, custom', '0.0000', 0, NULL, 0, 0, NULL, NULL, 0, 0, 0, 0, 0, NULL),
(80, NULL, NULL, 'add-on, addon, add on, package, app, ecommerce, discussions, forums, themes, templates, blocks', '0.0000', 0, NULL, 0, 0, NULL, NULL, 0, 0, 0, 0, 0, NULL),
(81, NULL, NULL, 'add-on, addon, ecommerce, install, discussions, forums, themes, templates, blocks', '0.0000', 0, NULL, 0, 0, NULL, NULL, 0, 0, 0, 0, 0, NULL),
(82, NULL, NULL, 'update, upgrade', '0.0000', 0, NULL, 0, 0, NULL, NULL, 0, 0, 0, 0, 0, NULL),
(83, NULL, NULL, 'buy theme, new theme, marketplace, template', '0.0000', 0, NULL, 0, 0, NULL, NULL, 0, 0, 0, 0, 0, NULL),
(84, NULL, NULL, 'buy addon, buy add on, buy add-on, purchase addon, purchase add on, purchase add-on, find addon, new addon, marketplace', '0.0000', 0, NULL, 0, 0, NULL, NULL, 0, 0, 0, 0, 0, NULL),
(85, NULL, NULL, 'dashboard, configuration', '0.0000', 0, NULL, 0, 0, NULL, NULL, 0, 0, 0, 0, 0, NULL),
(87, NULL, NULL, 'website name, title', '0.0000', 0, NULL, 0, 0, NULL, NULL, 0, 0, 0, 0, 0, NULL),
(88, NULL, NULL, 'concretecms.com, my account, purchase, extensions, marketplace', '0.0000', 0, NULL, 0, 0, NULL, NULL, 0, 0, 0, 0, 0, NULL),
(89, NULL, NULL, 'production, staging, site copy, development copy, local', '0.0000', 0, NULL, 0, 0, NULL, NULL, 0, 0, 0, 0, 0, NULL),
(90, NULL, NULL, 'accessibility, appearance, dark mode, tooltips', '0.0000', 0, NULL, 0, 0, NULL, NULL, 0, 0, 0, 0, 0, NULL),
(91, NULL, NULL, NULL, '0.0000', 0, NULL, 0, 0, NULL, NULL, 0, 1, 0, 0, 0, NULL),
(92, NULL, NULL, 'logo, favicon, iphone, icon, bookmark', '0.0000', 0, NULL, 0, 0, NULL, NULL, 0, 0, 0, 0, 0, NULL),
(93, NULL, NULL, 'tinymce, content block, fonts, editor, content, overlay', '0.0000', 0, NULL, 0, 0, NULL, NULL, 0, 0, 0, 0, 0, NULL),
(94, NULL, NULL, 'translate, translation, internationalization, multilingual', '0.0000', 0, NULL, 0, 0, NULL, NULL, 0, 0, 0, 0, 0, NULL),
(95, NULL, NULL, 'languages, update, gettext, translation, translate', '0.0000', 0, NULL, 1, 0, NULL, NULL, 0, 0, 0, 0, 0, NULL),
(96, NULL, NULL, 'timezone, profile, locale', '0.0000', 0, NULL, 0, 0, NULL, NULL, 0, 0, 0, 0, 0, NULL),
(97, NULL, NULL, 'site attributes', '0.0000', 0, NULL, 1, 0, NULL, NULL, 0, 1, 0, 0, 0, NULL),
(98, NULL, NULL, 'checkin, check-in, check, force', '0.0000', 0, NULL, 0, 0, NULL, NULL, 0, 0, 0, 0, 0, NULL),
(100, NULL, NULL, 'sharing, facebook, twitter', '0.0000', 0, NULL, 0, 0, NULL, NULL, 0, 0, 0, 0, 0, NULL),
(101, NULL, NULL, 'sharing, opengraph, schema', '0.0000', 0, NULL, 0, 0, NULL, NULL, 0, 0, 0, 0, 0, NULL),
(104, NULL, NULL, NULL, '0.0000', 0, NULL, 1, 0, NULL, NULL, 0, 1, 0, 0, 0, NULL),
(105, NULL, NULL, NULL, '0.0000', 0, NULL, 1, 0, NULL, NULL, 0, 1, 0, 0, 0, NULL),
(106, NULL, NULL, NULL, '0.0000', 0, NULL, 1, 0, NULL, NULL, 0, 1, 0, 0, 0, NULL),
(107, NULL, NULL, NULL, '0.0000', 0, NULL, 1, 0, NULL, NULL, 0, 1, 0, 0, 0, NULL),
(108, NULL, NULL, NULL, '0.0000', 0, NULL, 1, 0, NULL, NULL, 0, 1, 0, 0, 0, NULL),
(114, NULL, NULL, 'multilingual, localization, internationalization, i18n', '0.0000', 0, NULL, 0, 0, NULL, NULL, 0, 0, 0, 0, 0, NULL),
(120, NULL, NULL, 'vanity, pretty url, redirection, hostname, canonical, seo, pageview, view', '0.0000', 0, NULL, 0, 0, NULL, NULL, 0, 0, 0, 0, 0, NULL),
(121, NULL, NULL, 'bulk, seo, change keywords, engine, optimization, search', '0.0000', 0, NULL, 0, 0, NULL, NULL, 0, 0, 0, 0, 0, NULL),
(122, NULL, NULL, 'traffic, statistics, google analytics, quant, pageviews, hits', '0.0000', 0, NULL, 0, 0, NULL, NULL, 0, 0, 0, 0, 0, NULL),
(123, NULL, NULL, 'pretty, slug', '0.0000', 0, NULL, 0, 0, NULL, NULL, 0, 0, 0, 0, 0, NULL),
(124, NULL, NULL, 'configure search, site search, search option', '0.0000', 0, NULL, 0, 0, NULL, NULL, 0, 0, 0, 0, 0, NULL),
(125, NULL, NULL, 'url, slug', '0.0000', 0, NULL, 0, 0, NULL, NULL, 0, 0, 0, 0, 0, NULL),
(127, NULL, NULL, 'security, files, media, extension, manager, upload', '0.0000', 0, NULL, 0, 0, NULL, NULL, 0, 0, 0, 0, 0, NULL),
(128, NULL, NULL, 'file, chooser', '0.0000', 0, NULL, 0, 0, NULL, NULL, 0, 0, 0, 0, 0, NULL),
(129, NULL, NULL, 'file options, file manager, upload, modify', '0.0000', 0, NULL, 0, 0, NULL, NULL, 0, 0, 0, 0, 0, NULL),
(130, NULL, NULL, 'images, picture, responsive, retina', '0.0000', 0, NULL, 0, 0, NULL, NULL, 0, 0, 0, 0, 0, NULL),
(131, NULL, NULL, 'thumbnail, format, png, jpg, jpeg, quality, compression, gd, imagick, imagemagick, transparency', '0.0000', 0, NULL, 1, 0, NULL, NULL, 0, 0, 0, 0, 0, NULL),
(132, NULL, NULL, 'uploading, upload, images, image, resizing, manager, exif, rotation, rotate, quality, compression, png, jpg, jpeg', '0.0000', 0, NULL, 0, 0, NULL, NULL, 0, 0, 0, 0, 0, NULL),
(133, NULL, NULL, 'image, editor, active, default, edit, png, jpg, jpeg', '0.0000', 0, NULL, 0, 0, NULL, NULL, 0, 0, 0, 0, 0, NULL),
(134, NULL, NULL, 'security, alternate storage, hide files', '0.0000', 0, NULL, 0, 0, NULL, NULL, 0, 0, 0, 0, 0, NULL),
(135, NULL, NULL, 'external, file, providers', '0.0000', 0, NULL, 0, 0, NULL, NULL, 0, 0, 0, 0, 0, NULL),
(136, NULL, NULL, 'files, export, csv, bom, encoding', '0.0000', 0, NULL, 0, 0, NULL, NULL, 0, 0, 0, 0, 0, NULL),
(137, NULL, NULL, 'files, upload, parallel, upload_max_filesize, post_max_size, limit, resize, chunk', '0.0000', 0, NULL, 0, 0, NULL, NULL, 0, 0, 0, 0, 0, NULL),
(139, NULL, NULL, 'automated jobs, commands, tasks, console, cli', '0.0000', 0, NULL, 0, 0, NULL, NULL, 0, 0, 0, 0, 0, NULL),
(140, NULL, NULL, 'processes, queues, jobs, running', '0.0000', 0, NULL, 0, 0, NULL, NULL, 0, 0, 0, 0, 0, NULL),
(141, NULL, NULL, 'failed messages, retry', '0.0000', 0, NULL, 0, 0, NULL, NULL, 0, 0, 0, 0, 0, NULL),
(142, NULL, NULL, 'cron, scheduling, jobs', '0.0000', 0, NULL, 0, 0, NULL, NULL, 0, 0, 0, 0, 0, NULL),
(145, NULL, NULL, 'websocket, socket, socket.io, push, push notifications, mercure', '0.0000', 0, NULL, 0, 0, NULL, NULL, 0, 0, 0, 0, 0, NULL),
(146, NULL, NULL, 'waiting for me, inbox, notifications', '0.0000', 0, NULL, 0, 0, NULL, NULL, 0, 0, 0, 0, 0, NULL),
(148, NULL, NULL, 'cache option, change cache, override, turn on cache, turn off cache, no cache, page cache, caching', '0.0000', 0, NULL, 0, 0, NULL, NULL, 0, 0, 0, 0, 0, NULL),
(149, NULL, NULL, 'cache option, turn off cache, no cache, page cache, caching', '0.0000', 0, NULL, 0, 0, NULL, NULL, 0, 0, 0, 0, 0, NULL),
(150, NULL, NULL, 'index search, reindex search, build sitemap, sitemap.xml, clear old versions, page versions, remove old', '0.0000', 0, NULL, 0, 0, NULL, NULL, 0, 0, 0, 0, 0, NULL),
(152, NULL, NULL, 'editors, hide site, offline, private, public, access', '0.0000', 0, NULL, 0, 0, NULL, NULL, 0, 0, 0, 0, 0, NULL),
(153, NULL, NULL, 'security, actions, administrator, admin, package, marketplace, search', '0.0000', 0, NULL, 0, 0, NULL, NULL, 0, 0, 0, 0, 0, NULL),
(157, NULL, NULL, 'security, lock ip, lock out, block ip, address, restrict, access', '0.0000', 0, NULL, 0, 0, NULL, NULL, 0, 0, 0, 0, 0, NULL),
(158, NULL, NULL, NULL, '0.0000', 0, NULL, 1, 0, NULL, NULL, 0, 0, 0, 0, 0, NULL),
(159, NULL, NULL, NULL, '0.0000', 0, NULL, 1, 0, NULL, NULL, 0, 0, 0, 0, 0, NULL),
(160, NULL, NULL, 'security, registration', '0.0000', 0, NULL, 0, 0, NULL, NULL, 0, 0, 0, 0, 0, NULL),
(161, NULL, NULL, 'antispam, block spam, security', '0.0000', 0, NULL, 0, 0, NULL, NULL, 0, 0, 0, 0, 0, NULL),
(162, NULL, NULL, 'lock site, under construction, hide, hidden', '0.0000', 0, NULL, 0, 0, NULL, NULL, 0, 0, 0, 0, 0, NULL),
(163, NULL, NULL, 'trusted, proxy, proxies, ip, header, cloudflare', '0.0000', 0, NULL, 0, 0, NULL, NULL, 0, 0, 0, 0, 0, NULL),
(165, NULL, NULL, 'signup, new user, community, public registration, public, registration', '0.0000', 0, NULL, 0, 0, NULL, NULL, 0, 0, 0, 0, 0, NULL),
(166, NULL, NULL, 'profile, login, redirect, specific, dashboard, administrators', '0.0000', 0, NULL, 0, 0, NULL, NULL, 0, 0, 0, 0, 0, NULL),
(167, NULL, NULL, 'member profile, member page, community, forums, social, avatar', '0.0000', 0, NULL, 0, 0, NULL, NULL, 0, 0, 0, 0, 0, NULL),
(168, NULL, NULL, 'auth, authentication, types, oauth, facebook, login, registration', '0.0000', 0, NULL, 0, 0, NULL, NULL, 0, 0, 0, 0, 0, NULL),
(169, NULL, NULL, 'global, password, reset, change password, force, sign out', '0.0000', 0, NULL, 0, 0, NULL, NULL, 0, 0, 0, 0, 0, NULL),
(171, NULL, NULL, 'login, logout, user, agent, ip, change, security, session, invalidation, invalid', '0.0000', 0, NULL, 0, 0, NULL, NULL, 0, 0, 0, 0, 0, NULL),
(172, NULL, NULL, 'password, requirements, code, key, login, registration, security, nist', '0.0000', 0, NULL, 0, 0, NULL, NULL, 0, 0, 0, 0, 0, NULL),
(173, NULL, NULL, 'session, options', '0.0000', 0, NULL, 0, 0, NULL, NULL, 0, 0, 0, 0, 0, NULL),
(174, NULL, NULL, 'smtp, mail settings', '0.0000', 0, NULL, 0, 0, NULL, NULL, 0, 0, 0, 0, 0, NULL),
(175, NULL, NULL, 'email server, mail settings, mail configuration, external, internal', '0.0000', 0, NULL, 0, 0, NULL, NULL, 0, 0, 0, 0, 0, NULL),
(176, NULL, NULL, 'test smtp, test mail', '0.0000', 0, NULL, 0, 0, NULL, NULL, 0, 0, 0, 0, 0, NULL),
(177, NULL, NULL, 'email server, mail settings, mail configuration, private message, message system, import, email, message', '0.0000', 0, NULL, 0, 0, NULL, NULL, 0, 0, 0, 0, 0, NULL),
(178, NULL, NULL, 'mail settings, mail configuration, email, sender', '0.0000', 0, NULL, 0, 0, NULL, NULL, 0, 0, 0, 0, 0, NULL),
(179, NULL, NULL, 'email logging, mail logging, log mails, log emails', '0.0000', 0, NULL, 0, 0, NULL, NULL, 0, 0, 0, 0, 0, NULL),
(189, NULL, NULL, 'conversations', '0.0000', 0, NULL, 0, 0, NULL, NULL, 0, 0, 0, 0, 0, NULL),
(190, NULL, NULL, 'conversations', '0.0000', 0, NULL, 0, 0, NULL, NULL, 0, 0, 0, 0, 0, NULL),
(191, NULL, NULL, 'conversations ratings, ratings, community, community points', '0.0000', 0, NULL, 0, 0, NULL, NULL, 0, 0, 0, 0, 0, NULL),
(192, NULL, NULL, 'conversations bad words, banned words, banned, bad words, bad, words, list', '0.0000', 0, NULL, 0, 0, NULL, NULL, 0, 0, 0, 0, 0, NULL),
(194, NULL, NULL, 'attribute configuration', '0.0000', 0, NULL, 0, 0, NULL, NULL, 0, 0, 0, 0, 0, NULL),
(195, NULL, NULL, 'attributes, types', '0.0000', 0, NULL, 0, 0, NULL, NULL, 0, 0, 0, 0, 0, NULL),
(196, NULL, NULL, 'attributes, sets', '0.0000', 0, NULL, 0, 0, NULL, NULL, 0, 0, 0, 0, 0, NULL),
(197, NULL, NULL, 'topics, tags, taxonomy', '0.0000', 0, NULL, 0, 0, NULL, NULL, 0, 0, 0, 0, 0, NULL),
(199, NULL, NULL, NULL, '0.0000', 0, NULL, 0, 0, NULL, NULL, 0, 1, 0, 0, 0, NULL),
(200, NULL, NULL, 'overrides, system info, debug, support, help', '0.0000', 0, NULL, 0, 0, NULL, NULL, 0, 0, 0, 0, 0, NULL),
(201, NULL, NULL, 'error, exception, debug', '0.0000', 0, NULL, 0, 0, NULL, NULL, 0, 0, 0, 0, 0, NULL),
(202, NULL, NULL, 'email, logging, logs, smtp, pop, errors, mysql, log', '0.0000', 0, NULL, 0, 0, NULL, NULL, 0, 0, 0, 0, 0, NULL),
(203, NULL, NULL, 'network, proxy server', '0.0000', 0, NULL, 0, 0, NULL, NULL, 0, 0, 0, 0, 0, NULL),
(204, NULL, NULL, 'database, entities, doctrine, orm', '0.0000', 0, NULL, 0, 0, NULL, NULL, 0, 0, 0, 0, 0, NULL),
(205, NULL, NULL, 'database, character set, charset, collation, utf8', '0.0000', 0, NULL, 0, 0, NULL, NULL, 0, 0, 0, 0, 0, NULL),
(206, NULL, NULL, 'geolocation, ip, address, country, nation, place, locate', '0.0000', 0, NULL, 0, 0, NULL, NULL, 0, 0, 0, 0, 0, NULL),
(207, NULL, NULL, 'security, content security policy, csp, strict transport security, hsts, x-frame-options', '0.0000', 0, NULL, 0, 0, NULL, NULL, 0, 0, 0, 0, 0, NULL),
(209, NULL, NULL, 'upgrade, new version, update', '0.0000', 0, NULL, 0, 0, NULL, NULL, 0, 0, 0, 0, 0, NULL),
(213, NULL, NULL, 'API, programming, public, app', '0.0000', 0, NULL, 0, 0, NULL, NULL, 0, 0, 0, 0, 0, NULL),
(214, NULL, NULL, NULL, '2.0000', 1, NULL, 0, 0, NULL, NULL, 0, 0, 0, 0, 0, NULL),
(217, NULL, NULL, NULL, '0.0000', 0, 'fas fa-palette', 0, 0, NULL, NULL, 0, 0, 0, 0, 0, NULL),
(218, NULL, NULL, NULL, '0.0000', 0, 'fas fa-th', 0, 0, NULL, NULL, 0, 0, 0, 0, 0, NULL),
(220, NULL, NULL, NULL, '0.0000', 0, 'fas fa-trash', 0, 0, NULL, NULL, 0, 0, 0, 0, 0, NULL),
(221, NULL, NULL, NULL, '0.0000', 0, NULL, 0, 0, NULL, NULL, 0, 1, 0, 0, 0, NULL),
(223, NULL, NULL, NULL, '0.0000', 0, 'fas fa-briefcase', 0, 0, NULL, NULL, 0, 0, 0, 0, 0, NULL),
(229, NULL, NULL, NULL, '0.0000', 0, 'fas fa-edit', 0, 0, NULL, NULL, 0, 0, 0, 0, 0, NULL),
(230, NULL, NULL, NULL, '1.0000', 1, NULL, 1, 0, NULL, NULL, 0, 0, 0, 0, 0, NULL),
(240, NULL, NULL, NULL, '0.0000', 0, NULL, 0, 0, NULL, NULL, 0, 0, 0, 1, 0, NULL),
(242, NULL, NULL, NULL, '0.0000', 0, NULL, 1, 1, NULL, NULL, 0, 1, 0, 0, 0, NULL),
(243, NULL, NULL, NULL, '0.0000', 0, NULL, 1, 1, NULL, NULL, 0, 1, 0, 0, 0, NULL),
(244, NULL, NULL, NULL, '0.0000', 0, NULL, 1, 1, NULL, NULL, 0, 1, 0, 0, 0, NULL),
(246, NULL, NULL, NULL, '0.0000', 0, NULL, 1, 0, NULL, NULL, 0, 0, 0, 0, 0, NULL),
(249, NULL, NULL, NULL, '0.0000', 0, NULL, 0, 0, NULL, NULL, 0, 0, 0, 1, 0, NULL),
(253, NULL, NULL, NULL, '0.0000', 0, NULL, 0, 0, NULL, '\nresource\n', 0, 0, 0, 0, 7, NULL),
(254, NULL, NULL, NULL, '0.0000', 0, NULL, 0, 0, NULL, '\nresource\n', 0, 0, 0, 0, 12, NULL),
(255, NULL, NULL, NULL, '0.0000', 0, NULL, 0, 0, NULL, '\nresource\n', 0, 0, 0, 0, 32, NULL),
(256, NULL, NULL, NULL, '0.0000', 0, NULL, 0, 0, NULL, '\nresource\n', 0, 0, 0, 0, 31, NULL),
(257, NULL, NULL, NULL, '0.0000', 0, NULL, 0, 0, NULL, '\nresource\n', 0, 0, 0, 0, 9, NULL),
(258, NULL, NULL, NULL, '0.0000', 0, NULL, 0, 0, NULL, '\nresource\n', 0, 0, 0, 0, 1, NULL),
(260, NULL, NULL, NULL, '0.0000', 0, NULL, 0, 0, NULL, NULL, 0, 0, 0, 0, 23, '||/Marketing||'),
(261, NULL, NULL, NULL, '0.0000', 0, NULL, 0, 0, NULL, NULL, 0, 0, 0, 0, 30, '||/Products||'),
(262, NULL, NULL, NULL, '0.0000', 0, NULL, 0, 0, NULL, NULL, 0, 0, 0, 0, 16, '||/Sales||'),
(263, NULL, NULL, NULL, '0.0000', 0, NULL, 0, 0, NULL, NULL, 0, 0, 0, 0, 20, '||/Security||'),
(264, NULL, NULL, NULL, '0.0000', 0, NULL, 0, 0, NULL, NULL, 0, 0, 0, 0, 9, '||/Marketing||'),
(265, NULL, NULL, NULL, '0.0000', 0, NULL, 0, 0, NULL, NULL, 0, 0, 0, 0, 1, '||/Company News||');

-- --------------------------------------------------------

--
-- Table structure for table `CollectionVersionAreaStyles`
--

CREATE TABLE `CollectionVersionAreaStyles` (
  `cID` int(10) unsigned NOT NULL DEFAULT '0',
  `cvID` int(10) unsigned NOT NULL DEFAULT '0',
  `arHandle` varchar(255) COLLATE utf8mb4_unicode_ci NOT NULL,
  `issID` int(10) unsigned NOT NULL DEFAULT '0',
  PRIMARY KEY (`cID`,`cvID`,`arHandle`),
  KEY `issID` (`issID`)
) ENGINE=InnoDB DEFAULT CHARSET=utf8mb4 COLLATE=utf8mb4_unicode_ci;

-- --------------------------------------------------------

--
-- Table structure for table `CollectionVersionBlocks`
--

CREATE TABLE `CollectionVersionBlocks` (
  `cID` int(10) unsigned NOT NULL DEFAULT '0',
  `cvID` int(10) unsigned NOT NULL DEFAULT '1',
  `bID` int(10) unsigned NOT NULL DEFAULT '0',
  `arHandle` varchar(255) COLLATE utf8mb4_unicode_ci NOT NULL,
  `cbRelationID` int(10) unsigned DEFAULT '0',
  `cbDisplayOrder` int(10) unsigned NOT NULL DEFAULT '0',
  `isOriginal` tinyint(1) NOT NULL DEFAULT '0',
  `cbOverrideAreaPermissions` tinyint(1) NOT NULL DEFAULT '0',
  `cbIncludeAll` tinyint(1) NOT NULL DEFAULT '0',
  `cbOverrideBlockTypeCacheSettings` tinyint(1) NOT NULL DEFAULT '0',
  `cbOverrideBlockTypeContainerSettings` tinyint(1) NOT NULL DEFAULT '0',
  `cbEnableBlockContainer` tinyint(1) NOT NULL DEFAULT '0',
  PRIMARY KEY (`cID`,`cvID`,`bID`,`arHandle`),
  KEY `bID` (`bID`,`cID`),
  KEY `cbRelationID` (`cbRelationID`)
) ENGINE=InnoDB DEFAULT CHARSET=utf8mb4 COLLATE=utf8mb4_unicode_ci;

--
-- Dumping data for table `CollectionVersionBlocks`
--

INSERT INTO `CollectionVersionBlocks` VALUES
(1, 1, 44, 'Page Header', 44, 0, 1, 0, 0, 0, 0, 0),
(1, 1, 45, 'Main', 45, 0, 1, 0, 0, 0, 0, 0),
(1, 1, 46, 'Main : 2 : Column 1', 46, 0, 1, 0, 0, 0, 0, 0),
(1, 1, 47, 'Main : 2 : Column 2', 47, 0, 1, 0, 0, 0, 0, 0),
(1, 1, 48, 'Main', 48, 1, 1, 0, 0, 0, 0, 0),
(1, 1, 49, 'Main', 49, 2, 1, 0, 0, 0, 0, 0),
(1, 1, 50, 'Main : 13', 50, 0, 1, 0, 0, 0, 0, 0),
(1, 1, 51, 'Main : 14', 51, 0, 1, 0, 0, 0, 0, 0),
(1, 1, 52, 'Main : 15', 52, 0, 1, 0, 0, 0, 0, 0),
(1, 1, 53, 'Main', 53, 3, 1, 0, 0, 0, 1, 0),
(1, 1, 54, 'Main', 54, 4, 1, 0, 0, 0, 1, 1),
(1, 1, 55, 'Main', 55, 5, 1, 0, 0, 0, 0, 0),
(1, 1, 56, 'Main : 3 : Column 1', 56, 0, 1, 0, 0, 0, 0, 0),
(1, 1, 57, 'Main : 3 : Column 2', 57, 0, 1, 0, 0, 0, 0, 0),
(1, 1, 58, 'Main', 58, 6, 1, 0, 0, 0, 0, 0),
(1, 1, 59, 'Main', 59, 7, 1, 0, 0, 0, 0, 0),
(1, 1, 60, 'Main : 4 : Title', 60, 0, 1, 0, 0, 0, 0, 0),
(1, 1, 61, 'Main : 4 : Body', 61, 0, 1, 0, 0, 0, 1, 0),
(1, 1, 62, 'Main', 62, 8, 1, 0, 0, 0, 0, 0),
(1, 1, 63, 'Main', 63, 9, 1, 0, 0, 0, 1, 0),
(214, 1, 1, 'Main', 1, 0, 1, 0, 0, 0, 0, 0),
(214, 1, 2, 'Main', 2, 1, 1, 0, 0, 0, 0, 0),
(214, 1, 3, 'Main : 1', 3, 0, 1, 0, 0, 0, 0, 0),
(214, 1, 4, 'Main : 2', 4, 0, 1, 0, 0, 0, 0, 0),
(214, 1, 5, 'Main : 3', 5, 0, 1, 0, 0, 0, 0, 0),
(214, 1, 6, 'Main', 6, 2, 1, 0, 0, 0, 0, 0),
(214, 1, 7, 'Main : 4', 7, 0, 1, 0, 0, 1, 0, 0),
(214, 1, 8, 'Main : 5', 8, 0, 1, 0, 0, 1, 0, 0),
(214, 1, 9, 'Main', 9, 3, 1, 0, 0, 0, 0, 0),
(214, 1, 10, 'Main : 6', 10, 0, 1, 0, 0, 1, 0, 0),
(214, 1, 11, 'Main : 7', 11, 0, 1, 0, 0, 1, 0, 0),
(214, 1, 12, 'Main : 8', 12, 0, 1, 0, 0, 1, 0, 0),
(216, 1, 13, 'Main', 13, 0, 1, 0, 0, 0, 0, 0),
(216, 1, 14, 'Main : 9', 14, 0, 1, 0, 0, 0, 0, 0),
(216, 1, 15, 'Main', 15, 1, 1, 0, 0, 0, 0, 0),
(216, 1, 16, 'Main : 10', 16, 0, 1, 0, 0, 0, 0, 0),
(230, 1, 17, 'Main', 17, 0, 1, 0, 0, 0, 0, 0),
(230, 1, 18, 'Main : 11', 18, 0, 1, 0, 0, 0, 0, 0),
(230, 1, 19, 'Main', 19, 1, 1, 0, 0, 0, 0, 0),
(230, 1, 20, 'Main : 12', 20, 0, 1, 0, 0, 0, 0, 0),
(231, 1, 35, 'Main', 35, 0, 1, 0, 0, 0, 0, 0),
(232, 1, 36, 'Main', 36, 0, 1, 0, 0, 0, 0, 0),
(232, 1, 37, 'Main', 37, 1, 1, 0, 0, 0, 0, 0),
(233, 1, 38, 'Main', 38, 0, 1, 0, 0, 0, 0, 0),
(234, 1, 39, 'Main', 39, 0, 1, 0, 0, 0, 0, 0),
(235, 1, 40, 'Main', 40, 0, 1, 0, 0, 0, 0, 0),
(235, 1, 41, 'Main', 41, 1, 1, 0, 0, 0, 0, 0),
(237, 1, 42, 'Main', 42, 0, 1, 0, 0, 0, 0, 0),
(237, 1, 43, 'Main', 43, 1, 1, 0, 0, 0, 0, 0),
(238, 1, 21, 'Main', 21, 0, 1, 0, 0, 0, 0, 0),
(239, 1, 64, 'Main', 64, 0, 1, 0, 0, 0, 0, 0),
(239, 1, 65, 'Main', 65, 1, 1, 0, 0, 0, 0, 0),
(239, 1, 66, 'Main : 5 : Column 1', 66, 0, 1, 0, 0, 0, 0, 0),
(239, 1, 67, 'Main : 5 : Column 2', 67, 0, 1, 0, 0, 0, 0, 0),
(239, 1, 68, 'Main', 68, 2, 1, 0, 0, 0, 0, 0),
(239, 1, 69, 'Main', 69, 3, 1, 0, 0, 0, 0, 0),
(239, 1, 70, 'Main : 6 : Item 1', 70, 0, 1, 0, 0, 0, 0, 0),
(239, 1, 71, 'Main : 6 : Item 2', 71, 0, 1, 0, 0, 0, 0, 0),
(239, 1, 72, 'Main : 6 : Item 3', 72, 0, 1, 0, 0, 0, 0, 0),
(239, 1, 73, 'Main : 6 : Item 4', 73, 0, 1, 0, 0, 0, 0, 0),
(239, 1, 74, 'Main : 6 : Item 5', 74, 0, 1, 0, 0, 0, 0, 0),
(239, 1, 75, 'Main : 6 : Item 6', 75, 0, 1, 0, 0, 0, 0, 0),
(239, 1, 76, 'Main', 76, 4, 1, 0, 0, 0, 0, 0),
(239, 1, 77, 'Main : 7 : Column 1', 77, 0, 1, 0, 0, 0, 0, 0),
(239, 1, 78, 'Main : 7 : Column 2', 78, 0, 1, 0, 0, 0, 0, 0),
(239, 1, 79, 'Main', 79, 5, 1, 0, 0, 0, 0, 0),
(239, 1, 80, 'Main : 8 : Column 1', 80, 0, 1, 0, 0, 0, 0, 0),
(239, 1, 81, 'Main : 8 : Column 1', 81, 1, 1, 0, 0, 0, 0, 0),
(239, 1, 82, 'Main : 8 : Column 2', 82, 0, 1, 0, 0, 0, 0, 0),
(239, 1, 83, 'Main : 8 : Column 2', 83, 1, 1, 0, 0, 0, 0, 0),
(239, 1, 84, 'Main', 84, 6, 1, 0, 0, 0, 0, 0),
(239, 1, 85, 'Main', 85, 7, 1, 0, 0, 0, 0, 0),
(239, 1, 86, 'Main : 9 : Item 1', 86, 0, 1, 0, 0, 0, 0, 0),
(239, 1, 87, 'Main : 9 : Item 2', 87, 0, 1, 0, 0, 0, 0, 0),
(239, 1, 88, 'Main : 9 : Item 3', 88, 0, 1, 0, 0, 0, 0, 0),
(239, 1, 89, 'Main : 9 : Item 4', 89, 0, 1, 0, 0, 0, 0, 0),
(239, 1, 90, 'Main : 9 : Item 5', 90, 0, 1, 0, 0, 0, 0, 0),
(239, 1, 91, 'Main : 9 : Item 6', 91, 0, 1, 0, 0, 0, 0, 0),
(240, 1, 124, 'Main', 124, 0, 1, 0, 0, 0, 1, 0),
(240, 1, 125, 'Page Header', 125, 0, 1, 0, 0, 0, 0, 0),
(241, 1, 132, 'Page Header', 132, 0, 1, 0, 0, 0, 0, 0),
(241, 1, 133, 'Main', 133, 0, 1, 0, 0, 0, 0, 0),
(242, 1, 134, 'Main', 134, 0, 1, 0, 0, 0, 0, 0),
(243, 1, 135, 'Page Header', 135, 0, 1, 0, 0, 0, 0, 0),
(243, 1, 136, 'Main', 136, 0, 1, 0, 0, 0, 0, 0),
(244, 1, 137, 'Main', 137, 0, 1, 0, 0, 0, 1, 0),
(244, 1, 138, 'Page Header', 138, 0, 1, 0, 0, 0, 0, 0),
(246, 1, 146, 'Page Header', 146, 0, 1, 0, 0, 0, 0, 0),
(246, 1, 147, 'Main', 147, 0, 1, 0, 0, 0, 0, 0),
(246, 1, 148, 'Sidebar', 148, 0, 1, 0, 0, 0, 0, 0),
(247, 1, 92, 'Page Header', 92, 0, 1, 0, 0, 0, 0, 0),
(247, 1, 93, 'Main', 93, 0, 1, 0, 0, 0, 0, 0),
(247, 1, 94, 'Main : 10 : Title', 94, 0, 1, 0, 0, 0, 0, 0),
(247, 1, 95, 'Main : 10 : Body', 95, 0, 1, 0, 0, 0, 0, 0),
(247, 1, 96, 'Main : 10 : Body : 11 : Item 1', 96, 0, 1, 0, 0, 0, 0, 0),
(247, 1, 97, 'Main : 10 : Body : 11 : Item 2', 97, 0, 1, 0, 0, 0, 0, 0),
(247, 1, 98, 'Main : 10 : Body : 11 : Item 3', 98, 0, 1, 0, 0, 0, 0, 0),
(247, 1, 99, 'Main : 10 : Body : 11 : Item 4', 99, 0, 1, 0, 0, 0, 0, 0),
(247, 1, 100, 'Main', 100, 1, 1, 0, 0, 0, 0, 0),
(247, 1, 101, 'Main : 16', 101, 0, 1, 0, 0, 0, 0, 0),
(247, 1, 102, 'Main : 17', 102, 0, 1, 0, 0, 0, 0, 0),
(247, 1, 103, 'Main', 103, 2, 1, 0, 0, 0, 0, 0),
(247, 1, 104, 'Main', 104, 3, 1, 0, 0, 0, 0, 0),
(247, 1, 105, 'Main : 12 : Item 1', 105, 0, 1, 0, 0, 0, 0, 0),
(247, 1, 106, 'Main : 12 : Item 2', 106, 0, 1, 0, 0, 0, 0, 0),
(247, 1, 107, 'Main : 12 : Item 3', 107, 0, 1, 0, 0, 0, 0, 0),
(247, 1, 108, 'Main : 12 : Item 4', 108, 0, 1, 0, 0, 0, 0, 0),
(247, 1, 109, 'Main : 12 : Item 5', 109, 0, 1, 0, 0, 0, 0, 0),
(247, 1, 110, 'Main : 12 : Item 6', 110, 0, 1, 0, 0, 0, 0, 0),
(249, 1, 111, 'Main', 111, 0, 1, 0, 0, 0, 0, 0),
(249, 1, 112, 'Page Header', 112, 0, 1, 0, 0, 0, 0, 0),
(249, 1, 113, 'Page Footer', 113, 0, 1, 0, 0, 0, 0, 0),
(249, 1, 114, 'Page Footer : 13 : Title', 114, 0, 1, 0, 0, 0, 0, 0),
(249, 1, 115, 'Page Footer : 13 : Body', 115, 0, 1, 0, 0, 0, 1, 0),
(250, 1, 116, 'Main', 116, 0, 1, 0, 0, 0, 0, 0),
(250, 1, 117, 'Main', 117, 1, 1, 0, 0, 0, 0, 0),
(251, 1, 118, 'Page Header', 118, 0, 1, 0, 0, 0, 0, 0),
(251, 1, 119, 'Main', 119, 0, 1, 0, 0, 0, 0, 0),
(251, 1, 120, 'Main : 18', 120, 0, 1, 0, 0, 0, 0, 0),
(251, 1, 121, 'Main : 19', 121, 0, 1, 0, 0, 0, 0, 0),
(251, 1, 122, 'Main', 122, 1, 1, 0, 0, 0, 0, 0),
(251, 1, 123, 'Main', 123, 2, 1, 0, 0, 0, 0, 0),
(252, 1, 31, 'Page Header', 31, 0, 1, 0, 0, 0, 0, 0),
(252, 1, 32, 'Resource Thumbnail', 32, 0, 1, 0, 0, 0, 0, 0),
(252, 1, 33, 'Resource Title', 33, 0, 1, 0, 0, 0, 0, 0),
(252, 1, 34, 'Resource Content', 34, 0, 1, 0, 0, 0, 0, 0),
(253, 1, 31, 'Page Header', 31, 0, 0, 0, 0, 0, 0, 0),
(253, 1, 32, 'Resource Thumbnail', 32, 0, 0, 0, 0, 0, 0, 0),
(253, 1, 33, 'Resource Title', 33, 0, 0, 0, 0, 0, 0, 0),
(253, 1, 139, 'Resource Content', 139, 0, 1, 0, 0, 0, 0, 0),
(253, 1, 140, 'Resource Data', 140, 0, 1, 0, 0, 0, 0, 0),
(254, 1, 31, 'Page Header', 31, 0, 0, 0, 0, 0, 0, 0),
(254, 1, 32, 'Resource Thumbnail', 32, 0, 0, 0, 0, 0, 0, 0),
(254, 1, 33, 'Resource Title', 33, 0, 0, 0, 0, 0, 0, 0),
(254, 1, 141, 'Resource Content', 141, 0, 1, 0, 0, 0, 0, 0),
(255, 1, 31, 'Page Header', 31, 0, 0, 0, 0, 0, 0, 0),
(255, 1, 32, 'Resource Thumbnail', 32, 0, 0, 0, 0, 0, 0, 0),
(255, 1, 33, 'Resource Title', 33, 0, 0, 0, 0, 0, 0, 0),
(255, 1, 142, 'Resource Content', 142, 0, 1, 0, 0, 0, 0, 0),
(256, 1, 31, 'Page Header', 31, 0, 0, 0, 0, 0, 0, 0),
(256, 1, 32, 'Resource Thumbnail', 32, 0, 0, 0, 0, 0, 0, 0),
(256, 1, 33, 'Resource Title', 33, 0, 0, 0, 0, 0, 0, 0),
(256, 1, 143, 'Resource Content', 143, 0, 1, 0, 0, 0, 0, 0),
(257, 1, 31, 'Page Header', 31, 0, 0, 0, 0, 0, 0, 0),
(257, 1, 32, 'Resource Thumbnail', 32, 0, 0, 0, 0, 0, 0, 0),
(257, 1, 33, 'Resource Title', 33, 0, 0, 0, 0, 0, 0, 0),
(257, 1, 144, 'Resource Content', 144, 0, 1, 0, 0, 0, 0, 0),
(258, 1, 31, 'Page Header', 31, 0, 0, 0, 0, 0, 0, 0),
(258, 1, 32, 'Resource Thumbnail', 32, 0, 0, 0, 0, 0, 0, 0),
(258, 1, 33, 'Resource Title', 33, 0, 0, 0, 0, 0, 0, 0),
(258, 1, 145, 'Resource Content', 145, 0, 1, 0, 0, 0, 0, 0),
(259, 1, 22, 'Page Header', 22, 0, 1, 0, 0, 0, 0, 0),
(259, 1, 23, 'Page Header', 23, 1, 1, 0, 0, 0, 0, 0),
(259, 1, 24, 'Main', 24, 0, 1, 0, 0, 0, 0, 0),
(259, 1, 25, 'Sidebar', 25, 0, 1, 0, 0, 0, 0, 0),
(259, 1, 26, 'Sidebar', 26, 1, 1, 0, 0, 0, 0, 0),
(259, 1, 27, 'Sidebar', 27, 2, 1, 0, 0, 0, 0, 0),
(259, 1, 28, 'Page Footer', 28, 0, 1, 0, 0, 0, 0, 0),
(259, 1, 29, 'Page Footer : 1 : Title', 29, 0, 1, 0, 0, 0, 0, 0),
(259, 1, 30, 'Page Footer : 1 : Body', 30, 0, 1, 0, 0, 0, 1, 0),
(260, 1, 22, 'Page Header', 22, 0, 0, 0, 0, 0, 0, 0),
(260, 1, 23, 'Page Header', 23, 1, 0, 0, 0, 0, 0, 0),
(260, 1, 25, 'Sidebar', 25, 0, 0, 0, 0, 0, 0, 0),
(260, 1, 26, 'Sidebar', 26, 1, 0, 0, 0, 0, 0, 0),
(260, 1, 27, 'Sidebar', 27, 2, 0, 0, 0, 0, 0, 0),
(260, 1, 28, 'Page Footer', 28, 0, 0, 0, 0, 0, 0, 0),
(260, 1, 29, 'Page Footer : 1 : Title', 29, 0, 0, 0, 0, 0, 0, 0),
(260, 1, 30, 'Page Footer : 1 : Body', 30, 0, 0, 0, 0, 0, 1, 0),
(260, 1, 126, 'Main', 126, 0, 1, 0, 0, 0, 0, 0),
(261, 1, 22, 'Page Header', 22, 0, 0, 0, 0, 0, 0, 0),
(261, 1, 23, 'Page Header', 23, 1, 0, 0, 0, 0, 0, 0),
(261, 1, 25, 'Sidebar', 25, 0, 0, 0, 0, 0, 0, 0),
(261, 1, 26, 'Sidebar', 26, 1, 0, 0, 0, 0, 0, 0),
(261, 1, 27, 'Sidebar', 27, 2, 0, 0, 0, 0, 0, 0),
(261, 1, 28, 'Page Footer', 28, 0, 0, 0, 0, 0, 0, 0),
(261, 1, 29, 'Page Footer : 1 : Title', 29, 0, 0, 0, 0, 0, 0, 0),
(261, 1, 30, 'Page Footer : 1 : Body', 30, 0, 0, 0, 0, 0, 1, 0),
(261, 1, 127, 'Main', 127, 0, 1, 0, 0, 0, 0, 0),
(262, 1, 22, 'Page Header', 22, 0, 0, 0, 0, 0, 0, 0),
(262, 1, 23, 'Page Header', 23, 1, 0, 0, 0, 0, 0, 0),
(262, 1, 25, 'Sidebar', 25, 0, 0, 0, 0, 0, 0, 0),
(262, 1, 26, 'Sidebar', 26, 1, 0, 0, 0, 0, 0, 0),
(262, 1, 27, 'Sidebar', 27, 2, 0, 0, 0, 0, 0, 0),
(262, 1, 28, 'Page Footer', 28, 0, 0, 0, 0, 0, 0, 0),
(262, 1, 29, 'Page Footer : 1 : Title', 29, 0, 0, 0, 0, 0, 0, 0),
(262, 1, 30, 'Page Footer : 1 : Body', 30, 0, 0, 0, 0, 0, 1, 0),
(262, 1, 128, 'Main', 128, 0, 1, 0, 0, 0, 0, 0),
(263, 1, 22, 'Page Header', 22, 0, 0, 0, 0, 0, 0, 0),
(263, 1, 23, 'Page Header', 23, 1, 0, 0, 0, 0, 0, 0),
(263, 1, 25, 'Sidebar', 25, 0, 0, 0, 0, 0, 0, 0),
(263, 1, 26, 'Sidebar', 26, 1, 0, 0, 0, 0, 0, 0),
(263, 1, 27, 'Sidebar', 27, 2, 0, 0, 0, 0, 0, 0),
(263, 1, 28, 'Page Footer', 28, 0, 0, 0, 0, 0, 0, 0),
(263, 1, 29, 'Page Footer : 1 : Title', 29, 0, 0, 0, 0, 0, 0, 0),
(263, 1, 30, 'Page Footer : 1 : Body', 30, 0, 0, 0, 0, 0, 1, 0),
(263, 1, 129, 'Main', 129, 0, 1, 0, 0, 0, 0, 0),
(264, 1, 22, 'Page Header', 22, 0, 0, 0, 0, 0, 0, 0),
(264, 1, 23, 'Page Header', 23, 1, 0, 0, 0, 0, 0, 0),
(264, 1, 25, 'Sidebar', 25, 0, 0, 0, 0, 0, 0, 0),
(264, 1, 26, 'Sidebar', 26, 1, 0, 0, 0, 0, 0, 0),
(264, 1, 27, 'Sidebar', 27, 2, 0, 0, 0, 0, 0, 0),
(264, 1, 28, 'Page Footer', 28, 0, 0, 0, 0, 0, 0, 0),
(264, 1, 29, 'Page Footer : 1 : Title', 29, 0, 0, 0, 0, 0, 0, 0),
(264, 1, 30, 'Page Footer : 1 : Body', 30, 0, 0, 0, 0, 0, 1, 0),
(264, 1, 130, 'Main', 130, 0, 1, 0, 0, 0, 0, 0),
(265, 1, 22, 'Page Header', 22, 0, 0, 0, 0, 0, 0, 0),
(265, 1, 23, 'Page Header', 23, 1, 0, 0, 0, 0, 0, 0),
(265, 1, 25, 'Sidebar', 25, 0, 0, 0, 0, 0, 0, 0),
(265, 1, 26, 'Sidebar', 26, 1, 0, 0, 0, 0, 0, 0),
(265, 1, 27, 'Sidebar', 27, 2, 0, 0, 0, 0, 0, 0),
(265, 1, 28, 'Page Footer', 28, 0, 0, 0, 0, 0, 0, 0),
(265, 1, 29, 'Page Footer : 1 : Title', 29, 0, 0, 0, 0, 0, 0, 0),
(265, 1, 30, 'Page Footer : 1 : Body', 30, 0, 0, 0, 0, 0, 1, 0),
(265, 1, 131, 'Main', 131, 0, 1, 0, 0, 0, 0, 0);

-- --------------------------------------------------------

--
-- Table structure for table `CollectionVersionBlocksCacheSettings`
--

CREATE TABLE `CollectionVersionBlocksCacheSettings` (
  `cID` int(10) unsigned NOT NULL DEFAULT '0',
  `cvID` int(10) unsigned NOT NULL DEFAULT '1',
  `bID` int(10) unsigned NOT NULL DEFAULT '0',
  `arHandle` varchar(255) COLLATE utf8mb4_unicode_ci NOT NULL,
  `btCacheBlockOutput` tinyint(1) NOT NULL DEFAULT '0',
  `btCacheBlockOutputOnPost` tinyint(1) NOT NULL DEFAULT '0',
  `btCacheBlockOutputForRegisteredUsers` tinyint(1) NOT NULL DEFAULT '0',
  `btCacheBlockOutputLifetime` int(10) unsigned NOT NULL DEFAULT '0',
  PRIMARY KEY (`cID`,`cvID`,`bID`,`arHandle`),
  KEY `bID` (`bID`,`cID`,`cvID`,`arHandle`)
) ENGINE=InnoDB DEFAULT CHARSET=utf8mb4 COLLATE=utf8mb4_unicode_ci;

--
-- Dumping data for table `CollectionVersionBlocksCacheSettings`
--

INSERT INTO `CollectionVersionBlocksCacheSettings` VALUES
(214, 1, 7, 'Main : 4', 1, 1, 1, 0),
(214, 1, 8, 'Main : 5', 1, 1, 1, 0),
(214, 1, 10, 'Main : 6', 1, 1, 1, 0),
(214, 1, 11, 'Main : 7', 1, 1, 1, 0),
(214, 1, 12, 'Main : 8', 1, 1, 1, 0);

-- --------------------------------------------------------

--
-- Table structure for table `CollectionVersionBlocksOutputCache`
--

CREATE TABLE `CollectionVersionBlocksOutputCache` (
  `cID` int(10) unsigned NOT NULL DEFAULT '0',
  `cvID` int(10) unsigned NOT NULL DEFAULT '1',
  `bID` int(10) unsigned NOT NULL DEFAULT '0',
  `arHandle` varchar(255) COLLATE utf8mb4_unicode_ci NOT NULL,
  `btCachedBlockOutput` longtext COLLATE utf8mb4_unicode_ci,
  `btCachedBlockOutputExpires` int(10) unsigned NOT NULL DEFAULT '0',
  PRIMARY KEY (`cID`,`cvID`,`bID`,`arHandle`),
  KEY `bID` (`bID`,`cID`,`cvID`,`arHandle`)
) ENGINE=InnoDB DEFAULT CHARSET=utf8mb4 COLLATE=utf8mb4_unicode_ci;

-- --------------------------------------------------------

--
-- Table structure for table `CollectionVersionBlockStyles`
--

CREATE TABLE `CollectionVersionBlockStyles` (
  `cID` int(10) unsigned NOT NULL DEFAULT '0',
  `cvID` int(10) unsigned NOT NULL DEFAULT '0',
  `bID` int(10) unsigned NOT NULL DEFAULT '0',
  `arHandle` varchar(255) COLLATE utf8mb4_unicode_ci NOT NULL,
  `issID` int(10) unsigned NOT NULL DEFAULT '0',
  PRIMARY KEY (`cID`,`cvID`,`bID`,`arHandle`),
  KEY `bID` (`bID`,`issID`),
  KEY `issID` (`issID`)
) ENGINE=InnoDB DEFAULT CHARSET=utf8mb4 COLLATE=utf8mb4_unicode_ci;

--
-- Dumping data for table `CollectionVersionBlockStyles`
--

INSERT INTO `CollectionVersionBlockStyles` VALUES
(214, 1, 8, 'Main : 5', 1);

-- --------------------------------------------------------

--
-- Table structure for table `CollectionVersionRelatedEdits`
--

CREATE TABLE `CollectionVersionRelatedEdits` (
  `cID` int(10) unsigned NOT NULL DEFAULT '0',
  `cvID` int(10) unsigned NOT NULL DEFAULT '0',
  `cRelationID` int(10) unsigned NOT NULL DEFAULT '0',
  `cvRelationID` int(10) unsigned NOT NULL DEFAULT '0',
  PRIMARY KEY (`cID`,`cvID`,`cRelationID`,`cvRelationID`)
) ENGINE=InnoDB DEFAULT CHARSET=utf8mb4 COLLATE=utf8mb4_unicode_ci;

-- --------------------------------------------------------

--
-- Table structure for table `CollectionVersions`
--

CREATE TABLE `CollectionVersions` (
  `cID` int(10) unsigned NOT NULL DEFAULT '0',
  `cvID` int(10) unsigned NOT NULL DEFAULT '1',
  `cvName` text COLLATE utf8mb4_unicode_ci,
  `cvHandle` varchar(255) COLLATE utf8mb4_unicode_ci DEFAULT NULL,
  `cvDescription` text COLLATE utf8mb4_unicode_ci,
  `cvDatePublic` datetime DEFAULT NULL,
  `cvDateCreated` datetime NOT NULL DEFAULT '1000-01-01 00:00:00',
  `cvComments` varchar(255) COLLATE utf8mb4_unicode_ci DEFAULT NULL,
  `cvIsApproved` tinyint(1) NOT NULL DEFAULT '0',
  `cvIsNew` tinyint(1) NOT NULL DEFAULT '0',
  `cvAuthorUID` int(10) unsigned DEFAULT NULL,
  `cvApproverUID` int(10) unsigned DEFAULT NULL,
  `pThemeID` int(10) unsigned NOT NULL DEFAULT '0',
  `pTemplateID` int(10) unsigned NOT NULL DEFAULT '0',
  `pThemeSkinIdentifier` varchar(255) COLLATE utf8mb4_unicode_ci DEFAULT NULL,
  `cvActivateDatetime` datetime DEFAULT NULL,
  `cvPublishDate` datetime DEFAULT NULL,
  `cvPublishEndDate` datetime DEFAULT NULL,
  `cvDateApproved` datetime DEFAULT NULL,
  PRIMARY KEY (`cID`,`cvID`),
  KEY `cvIsApproved` (`cvIsApproved`),
  KEY `cvAuthorUID` (`cvAuthorUID`),
  KEY `cvApproverUID` (`cvApproverUID`),
  KEY `pThemeID` (`pThemeID`),
  KEY `pTemplateID` (`pTemplateID`),
  KEY `cvDatePublic` (`cvDatePublic`),
  KEY `idxPublishDate` (`cID`,`cvID`,`cvIsApproved`,`cvPublishDate`,`cvPublishEndDate`)
) ENGINE=InnoDB DEFAULT CHARSET=utf8mb4 COLLATE=utf8mb4_unicode_ci;

--
